--
--





--
-- Name: authority; Type: TABLE; Schema: public; Owner: postgres
--

CREATE TABLE public.authority (
    id integer NOT NULL,
    authority_name character varying(255),
    status character varying(1),
    alias_name character varying(50),
    is_delete character varying(10),
    created_date date
);


ALTER TABLE public.authority OWNER TO postgres;

--
-- Name: authority_id_seq; Type: SEQUENCE; Schema: public; Owner: postgres
--

CREATE SEQUENCE public.authority_id_seq
    AS integer
    START WITH 1
    INCREMENT BY 1
    NO MINVALUE
    NO MAXVALUE
    CACHE 1;


ALTER SEQUENCE public.authority_id_seq OWNER TO postgres;

--
-- Name: authority_id_seq; Type: SEQUENCE OWNED BY; Schema: public; Owner: postgres
--

ALTER SEQUENCE public.authority_id_seq OWNED BY public.authority.id;


--
-- Name: company; Type: TABLE; Schema: public; Owner: postgres
--

CREATE TABLE public.company (
    id integer NOT NULL,
    company_name character varying(100),
    contact_person character varying(100),
    contact_email character varying(60),
    status character varying(1),
    created_at character varying(25),
    fiscal_year character varying(15),
    short_name character varying(50),
    country_code character varying(15),
    phone character varying(15),
    co_start_date date
);


ALTER TABLE public.company OWNER TO postgres;

--
-- Name: company_files; Type: TABLE; Schema: public; Owner: postgres
--

CREATE TABLE public.company_files (
    id integer NOT NULL,
    company_id character varying(10),
    authority_id character varying(10),
    type_id character varying(10),
    date character varying(20),
    file_name character varying(100),
    created_at character varying(20)
);


ALTER TABLE public.company_files OWNER TO postgres;

--
-- Name: company_files_id_seq; Type: SEQUENCE; Schema: public; Owner: postgres
--

CREATE SEQUENCE public.company_files_id_seq
    AS integer
    START WITH 1
    INCREMENT BY 1
    NO MINVALUE
    NO MAXVALUE
    CACHE 1;


ALTER SEQUENCE public.company_files_id_seq OWNER TO postgres;

--
-- Name: company_files_id_seq; Type: SEQUENCE OWNED BY; Schema: public; Owner: postgres
--

ALTER SEQUENCE public.company_files_id_seq OWNED BY public.company_files.id;


--
-- Name: company_id_seq; Type: SEQUENCE; Schema: public; Owner: postgres
--

CREATE SEQUENCE public.company_id_seq
    AS integer
    START WITH 1
    INCREMENT BY 1
    NO MINVALUE
    NO MAXVALUE
    CACHE 1;


ALTER SEQUENCE public.company_id_seq OWNER TO postgres;

--
-- Name: company_id_seq; Type: SEQUENCE OWNED BY; Schema: public; Owner: postgres
--

ALTER SEQUENCE public.company_id_seq OWNED BY public.company.id;


--
-- Name: document_groups; Type: TABLE; Schema: public; Owner: postgres
--

CREATE TABLE public.document_groups (
    id integer NOT NULL,
    document_id character varying(11),
    grouped_doc_id character varying(100) DEFAULT NULL::character varying
);


ALTER TABLE public.document_groups OWNER TO postgres;

--
-- Name: document_groups_id_seq; Type: SEQUENCE; Schema: public; Owner: postgres
--

CREATE SEQUENCE public.document_groups_id_seq
    AS integer
    START WITH 1
    INCREMENT BY 1
    NO MINVALUE
    NO MAXVALUE
    CACHE 1;


ALTER SEQUENCE public.document_groups_id_seq OWNER TO postgres;

--
-- Name: document_groups_id_seq; Type: SEQUENCE OWNED BY; Schema: public; Owner: postgres
--

ALTER SEQUENCE public.document_groups_id_seq OWNED BY public.document_groups.id;


--
-- Name: documents; Type: TABLE; Schema: public; Owner: postgres
--

CREATE TABLE public.documents (
    id integer NOT NULL,
    document_name character varying(255),
    status character varying(1)
);


ALTER TABLE public.documents OWNER TO postgres;

--
-- Name: documents_id_seq; Type: SEQUENCE; Schema: public; Owner: postgres
--

CREATE SEQUENCE public.documents_id_seq
    AS integer
    START WITH 1
    INCREMENT BY 1
    NO MINVALUE
    NO MAXVALUE
    CACHE 1;


ALTER SEQUENCE public.documents_id_seq OWNER TO postgres;

--
-- Name: documents_id_seq; Type: SEQUENCE OWNED BY; Schema: public; Owner: postgres
--

ALTER SEQUENCE public.documents_id_seq OWNED BY public.documents.id;


--
-- Name: email_templates; Type: TABLE; Schema: public; Owner: postgres
--

CREATE TABLE public.email_templates (
    id integer NOT NULL,
    template_name character varying(255),
    template_description text,
    status character varying(10)
);


ALTER TABLE public.email_templates OWNER TO postgres;

--
-- Name: email_templates_id_seq; Type: SEQUENCE; Schema: public; Owner: postgres
--

CREATE SEQUENCE public.email_templates_id_seq
    AS integer
    START WITH 1
    INCREMENT BY 1
    NO MINVALUE
    NO MAXVALUE
    CACHE 1;


ALTER SEQUENCE public.email_templates_id_seq OWNER TO postgres;

--
-- Name: email_templates_id_seq; Type: SEQUENCE OWNED BY; Schema: public; Owner: postgres
--

ALTER SEQUENCE public.email_templates_id_seq OWNED BY public.email_templates.id;


--
-- Name: holidays; Type: TABLE; Schema: public; Owner: postgres
--

CREATE TABLE public.holidays (
    id integer NOT NULL,
    holiday_date date NOT NULL,
    holiday_name character varying(255) NOT NULL
);


ALTER TABLE public.holidays OWNER TO postgres;

--
-- Name: holidays_id_seq; Type: SEQUENCE; Schema: public; Owner: postgres
--

CREATE SEQUENCE public.holidays_id_seq
    AS integer
    START WITH 1
    INCREMENT BY 1
    NO MINVALUE
    NO MAXVALUE
    CACHE 1;


ALTER SEQUENCE public.holidays_id_seq OWNER TO postgres;

--
-- Name: holidays_id_seq; Type: SEQUENCE OWNED BY; Schema: public; Owner: postgres
--

ALTER SEQUENCE public.holidays_id_seq OWNED BY public.holidays.id;


--
-- Name: log_table; Type: TABLE; Schema: public; Owner: postgres
--

CREATE TABLE public.log_table (
    id integer NOT NULL,
    description text,
    action character varying(255),
    created_time character varying(20),
    user_id character varying(10)
);


ALTER TABLE public.log_table OWNER TO postgres;

--
-- Name: log_table_id_seq; Type: SEQUENCE; Schema: public; Owner: postgres
--

CREATE SEQUENCE public.log_table_id_seq
    AS integer
    START WITH 1
    INCREMENT BY 1
    NO MINVALUE
    NO MAXVALUE
    CACHE 1;


ALTER SEQUENCE public.log_table_id_seq OWNER TO postgres;

--
-- Name: log_table_id_seq; Type: SEQUENCE OWNED BY; Schema: public; Owner: postgres
--

ALTER SEQUENCE public.log_table_id_seq OWNED BY public.log_table.id;


--
-- Name: mandatory_documents; Type: TABLE; Schema: public; Owner: postgres
--

CREATE TABLE public.mandatory_documents (
    id integer NOT NULL,
    type_id integer NOT NULL,
    document_id integer NOT NULL,
    mandatory character varying(5) DEFAULT false
);


ALTER TABLE public.mandatory_documents OWNER TO postgres;

--
-- Name: mandatory_documentsa; Type: TABLE; Schema: public; Owner: postgres
--

CREATE TABLE public.mandatory_documentsa (
    id integer NOT NULL,
    type_id character varying(255),
    document_id character varying(255),
    mandatory character varying(255)
);


ALTER TABLE public.mandatory_documentsa OWNER TO postgres;

--
-- Name: mandatory_documents_id_seq; Type: SEQUENCE; Schema: public; Owner: postgres
--

CREATE SEQUENCE public.mandatory_documents_id_seq
    AS integer
    START WITH 1
    INCREMENT BY 1
    NO MINVALUE
    NO MAXVALUE
    CACHE 1;


ALTER SEQUENCE public.mandatory_documents_id_seq OWNER TO postgres;

--
-- Name: mandatory_documents_id_seq; Type: SEQUENCE OWNED BY; Schema: public; Owner: postgres
--

ALTER SEQUENCE public.mandatory_documents_id_seq OWNED BY public.mandatory_documentsa.id;


--
-- Name: mandatory_documents_id_seq1; Type: SEQUENCE; Schema: public; Owner: postgres
--

CREATE SEQUENCE public.mandatory_documents_id_seq1
    AS integer
    START WITH 1
    INCREMENT BY 1
    NO MINVALUE
    NO MAXVALUE
    CACHE 1;


ALTER SEQUENCE public.mandatory_documents_id_seq1 OWNER TO postgres;

--
-- Name: mandatory_documents_id_seq1; Type: SEQUENCE OWNED BY; Schema: public; Owner: postgres
--

ALTER SEQUENCE public.mandatory_documents_id_seq1 OWNED BY public.mandatory_documents.id;


--
-- Name: role; Type: TABLE; Schema: public; Owner: postgres
--

CREATE TABLE public.role (
    id integer NOT NULL,
    role_name character varying(50),
    status character(1)
);


ALTER TABLE public.role OWNER TO postgres;

--
-- Name: role_id_seq; Type: SEQUENCE; Schema: public; Owner: postgres
--

CREATE SEQUENCE public.role_id_seq
    AS integer
    START WITH 1
    INCREMENT BY 1
    NO MINVALUE
    NO MAXVALUE
    CACHE 1;


ALTER SEQUENCE public.role_id_seq OWNER TO postgres;

--
-- Name: role_id_seq; Type: SEQUENCE OWNED BY; Schema: public; Owner: postgres
--

ALTER SEQUENCE public.role_id_seq OWNED BY public.role.id;

--
-- Name: smtp_details_id_seq; Type: SEQUENCE; Schema: public; Owner: postgres
--

CREATE SEQUENCE public.smtp_details_id_seq
    AS integer
    START WITH 1
    INCREMENT BY 1
    NO MINVALUE
    NO MAXVALUE
    CACHE 1;


ALTER SEQUENCE public.smtp_details_id_seq OWNER TO postgres;

--
-- Name: smtp_details_id_seq; Type: SEQUENCE OWNED BY; Schema: public; Owner: postgres
--

ALTER SEQUENCE public.smtp_details_id_seq OWNED BY public.smtp_details.id;


--
-- Name: sub_type; Type: TABLE; Schema: public; Owner: postgres
--

CREATE TABLE public.sub_type (
    id integer NOT NULL,
    type_name text,
    authority_id character varying(10) NOT NULL,
    status character(1),
    frequency character varying(15),
    doc_type character varying(50),
    frequency_start_date character varying(50),
    document_expiry_date character varying(50),
    document_name text,
    alias_name text,
    document_month character varying(10),
    document_year character varying(10),
    created_by character varying(25),
    due_in_same_next_month integer DEFAULT 0 NOT NULL
);


ALTER TABLE public.sub_type OWNER TO postgres;

--
-- Name: sub_type_id_seq; Type: SEQUENCE; Schema: public; Owner: postgres
--

CREATE SEQUENCE public.sub_type_id_seq
    AS integer
    START WITH 1
    INCREMENT BY 1
    NO MINVALUE
    NO MAXVALUE
    CACHE 1;


ALTER SEQUENCE public.sub_type_id_seq OWNER TO postgres;

--
-- Name: sub_type_id_seq; Type: SEQUENCE OWNED BY; Schema: public; Owner: postgres
--

ALTER SEQUENCE public.sub_type_id_seq OWNED BY public.sub_type.id;


--
-- Name: uploaded_documents; Type: TABLE; Schema: public; Owner: postgres
--

CREATE TABLE public.uploaded_documents (
    id integer NOT NULL,
    company_id integer NOT NULL,
    type_id integer NOT NULL,
    document_id integer NOT NULL,
    document_name character varying(255),
    file_name character varying(255),
    file_path character varying(500),
    uploaded_at timestamp without time zone DEFAULT CURRENT_TIMESTAMP,
    document_month character varying(10),
    document_year character varying(4),
    user_id character varying(5),
    is_deleted integer DEFAULT 0 NOT NULL,
    created_at timestamp without time zone DEFAULT CURRENT_TIMESTAMP NOT NULL,
    deleted_at timestamp without time zone
);


ALTER TABLE public.uploaded_documents OWNER TO postgres;

--
-- Name: uploaded_documentsa; Type: TABLE; Schema: public; Owner: postgres
--

CREATE TABLE public.uploaded_documentsa (
    id integer NOT NULL,
    company_id integer,
    type_id integer,
    document_id integer,
    document_name character varying(255),
    file_path character varying(255),
    uploaded_at timestamp without time zone DEFAULT CURRENT_TIMESTAMP,
    document_month character varying(10),
    document_year character varying(4),
    file_name character varying(255)
);


ALTER TABLE public.uploaded_documentsa OWNER TO postgres;

--
-- Name: uploaded_documents_id_seq; Type: SEQUENCE; Schema: public; Owner: postgres
--

CREATE SEQUENCE public.uploaded_documents_id_seq
    AS integer
    START WITH 1
    INCREMENT BY 1
    NO MINVALUE
    NO MAXVALUE
    CACHE 1;


ALTER SEQUENCE public.uploaded_documents_id_seq OWNER TO postgres;

--
-- Name: uploaded_documents_id_seq; Type: SEQUENCE OWNED BY; Schema: public; Owner: postgres
--

ALTER SEQUENCE public.uploaded_documents_id_seq OWNED BY public.uploaded_documentsa.id;


--
-- Name: uploaded_documents_id_seq1; Type: SEQUENCE; Schema: public; Owner: postgres
--

CREATE SEQUENCE public.uploaded_documents_id_seq1
    AS integer
    START WITH 1
    INCREMENT BY 1
    NO MINVALUE
    NO MAXVALUE
    CACHE 1;


ALTER SEQUENCE public.uploaded_documents_id_seq1 OWNER TO postgres;

--
-- Name: uploaded_documents_id_seq1; Type: SEQUENCE OWNED BY; Schema: public; Owner: postgres
--

ALTER SEQUENCE public.uploaded_documents_id_seq1 OWNED BY public.uploaded_documents.id;


--
-- Name: user_priviledges; Type: TABLE; Schema: public; Owner: postgres
--

CREATE TABLE public.user_priviledges (
    p_id integer NOT NULL,
    role_id character varying(255),
    view character varying(255),
    edit character varying(255)
);


ALTER TABLE public.user_priviledges OWNER TO postgres;

--
-- Name: user_priviledges_p_id_seq; Type: SEQUENCE; Schema: public; Owner: postgres
--

CREATE SEQUENCE public.user_priviledges_p_id_seq
    AS integer
    START WITH 1
    INCREMENT BY 1
    NO MINVALUE
    NO MAXVALUE
    CACHE 1;


ALTER SEQUENCE public.user_priviledges_p_id_seq OWNER TO postgres;

--
-- Name: user_priviledges_p_id_seq; Type: SEQUENCE OWNED BY; Schema: public; Owner: postgres
--

ALTER SEQUENCE public.user_priviledges_p_id_seq OWNED BY public.user_priviledges.p_id;

--
-- Name: users_id_seq; Type: SEQUENCE; Schema: public; Owner: postgres
--

CREATE SEQUENCE public.users_id_seq
    AS integer
    START WITH 1
    INCREMENT BY 1
    NO MINVALUE
    NO MAXVALUE
    CACHE 1;


ALTER SEQUENCE public.users_id_seq OWNER TO postgres;

--
-- Name: users_id_seq; Type: SEQUENCE OWNED BY; Schema: public; Owner: postgres
--

ALTER SEQUENCE public.users_id_seq OWNED BY public.users.id;


--
-- Name: authority id; Type: DEFAULT; Schema: public; Owner: postgres
--

ALTER TABLE ONLY public.authority ALTER COLUMN id SET DEFAULT nextval('public.authority_id_seq'::regclass);


--
-- Name: company id; Type: DEFAULT; Schema: public; Owner: postgres
--

ALTER TABLE ONLY public.company ALTER COLUMN id SET DEFAULT nextval('public.company_id_seq'::regclass);


--
-- Name: company_files id; Type: DEFAULT; Schema: public; Owner: postgres
--

ALTER TABLE ONLY public.company_files ALTER COLUMN id SET DEFAULT nextval('public.company_files_id_seq'::regclass);


--
-- Name: document_groups id; Type: DEFAULT; Schema: public; Owner: postgres
--

ALTER TABLE ONLY public.document_groups ALTER COLUMN id SET DEFAULT nextval('public.document_groups_id_seq'::regclass);


--
-- Name: documents id; Type: DEFAULT; Schema: public; Owner: postgres
--

ALTER TABLE ONLY public.documents ALTER COLUMN id SET DEFAULT nextval('public.documents_id_seq'::regclass);


--
-- Name: email_templates id; Type: DEFAULT; Schema: public; Owner: postgres
--

ALTER TABLE ONLY public.email_templates ALTER COLUMN id SET DEFAULT nextval('public.email_templates_id_seq'::regclass);


--
-- Name: holidays id; Type: DEFAULT; Schema: public; Owner: postgres
--

ALTER TABLE ONLY public.holidays ALTER COLUMN id SET DEFAULT nextval('public.holidays_id_seq'::regclass);


--
-- Name: log_table id; Type: DEFAULT; Schema: public; Owner: postgres
--

ALTER TABLE ONLY public.log_table ALTER COLUMN id SET DEFAULT nextval('public.log_table_id_seq'::regclass);


--
-- Name: mandatory_documents id; Type: DEFAULT; Schema: public; Owner: postgres
--

ALTER TABLE ONLY public.mandatory_documents ALTER COLUMN id SET DEFAULT nextval('public.mandatory_documents_id_seq1'::regclass);


--
-- Name: mandatory_documentsa id; Type: DEFAULT; Schema: public; Owner: postgres
--

ALTER TABLE ONLY public.mandatory_documentsa ALTER COLUMN id SET DEFAULT nextval('public.mandatory_documents_id_seq'::regclass);


--
-- Name: role id; Type: DEFAULT; Schema: public; Owner: postgres
--

ALTER TABLE ONLY public.role ALTER COLUMN id SET DEFAULT nextval('public.role_id_seq'::regclass);


--
-- Name: sub_type id; Type: DEFAULT; Schema: public; Owner: postgres
--

ALTER TABLE ONLY public.sub_type ALTER COLUMN id SET DEFAULT nextval('public.sub_type_id_seq'::regclass);


--
-- Name: uploaded_documents id; Type: DEFAULT; Schema: public; Owner: postgres
--

ALTER TABLE ONLY public.uploaded_documents ALTER COLUMN id SET DEFAULT nextval('public.uploaded_documents_id_seq1'::regclass);


--
-- Name: uploaded_documentsa id; Type: DEFAULT; Schema: public; Owner: postgres
--

ALTER TABLE ONLY public.uploaded_documentsa ALTER COLUMN id SET DEFAULT nextval('public.uploaded_documents_id_seq'::regclass);


--
-- Name: user_priviledges p_id; Type: DEFAULT; Schema: public; Owner: postgres
--

ALTER TABLE ONLY public.user_priviledges ALTER COLUMN p_id SET DEFAULT nextval('public.user_priviledges_p_id_seq'::regclass);


--
-- Data for Name: authority; Type: TABLE DATA; Schema: public; Owner: postgres
--

COPY public.authority (id, authority_name, status, alias_name, is_delete, created_date) FROM stdin;
5	Tanzania Revenue Authority	1	TRA	0	2025-11-01
8	Tanzania National Business Portal	1	TNBP	0	2025-11-01
2	Workers Compensation Fund	1	WCF	0	2025-11-01
1	National Social Security Fund	1	NSSF	0	2025-11-01
6	Business Registrations and Licensing Agency	1	BRELA	0	2025-11-01
9	The Higher Education Students Loans Board	1	HESLB	0	2025-11-01
10	enviornment a	1	ema	1	2025-11-01
7	Board of Director's	1	BOD	0	2025-11-01
11	Board Of Directors	1	BOD's	1	\N
4	Municipal Council	1	Council	0	2025-11-01
\.


--
-- Data for Name: company; Type: TABLE DATA; Schema: public; Owner: postgres
--

COPY public.company (id, company_name, contact_person, contact_email, status, created_at, fiscal_year, short_name, country_code, phone, co_start_date) FROM stdin;
2	Vin Mart Ltd	Rajesh Joshi	info@vinmart.com	1	27-07-25	Jan-Dec	VML	91	9228881730	2024-01-01
\.


--
-- Data for Name: company_files; Type: TABLE DATA; Schema: public; Owner: postgres
--

COPY public.company_files (id, company_id, authority_id, type_id, date, file_name, created_at) FROM stdin;
1	2	1	13	2025-07-07	vin_mart_ltd_nssf_satutory_compliance_system_1__2025.xlsx	2025-07-27 13:44:19
2	2	2	14		vin_mart_ltd_wcf_addfile_2025.jpg	2025-07-27 13:44:19
3	\N	\N	13	2025-08-02	vin_mart_ltd_nssf_satutory_compliance_system_1__2025.xlsx	2025-08-02 13:44:19
\.


--
-- Data for Name: document_groups; Type: TABLE DATA; Schema: public; Owner: postgres
--

COPY public.document_groups (id, document_id, grouped_doc_id) FROM stdin;
3	11	12,6,14
5	32	10,11,9,14,17,18,6,12
\.


--
-- Data for Name: documents; Type: TABLE DATA; Schema: public; Owner: postgres
--

COPY public.documents (id, document_name, status) FROM stdin;
2	Agreement	1
3	Latest Certificate	1
6	POP	1
7	Receipt	1
9	Return	1
10	Acknowledgement	1
11	Assessment	1
14	TRA Receipt	1
15	Co. Payroll	1
16	Withholdee SS	1
17	Tax Certificate	1
18	Tax Invoice	1
19	VAT Output working	1
21	NSSF Receipt	1
22	WCF Receipt	1
23	HESLB Receipt	1
24	Financial Statements	1
25	Tax Computation	1
1	Certificate	1
20	VAT Input working	1
26	NSSF Payroll	1
27	WCF Payroll	1
30	GePG Receipt	1
32	Withholder SS	1
34	Application	1
29	HESLB Portal SS	1
36	Declaration Form	1
5	Application Fees	1
37	Registration Fees	1
38	BRELA Consolidated Form	1
39	BRELA Company Profile Letter	1
12	Control Form / Govt. Bill	1
28	HESLB List (VML)	1
40	Additional Return	1
41	Additional Control Form / Govt. Bill	1
\.


--
-- Data for Name: email_templates; Type: TABLE DATA; Schema: public; Owner: postgres
--

COPY public.email_templates (id, template_name, template_description, status) FROM stdin;
2	FIRST_PENDING_NOTIFICATION	<p>Dear %COMPANY_NAME%</p><p><br></p><p>%NOTIFICATION_TEXT%</p><p><br></p><p>Below documents are pending</p><p><br></p><p>%DOCUMENTS_NAME%</p><p><br></p><p><br></p><p><br></p><p>Thanks</p><p>Team Admin</p>	1
8	FORGOT_PASSWORD	<p>Dear %NAME%</p><p><br></p><p>Your new password is %NEW_PASSWORD%</p><p><br></p><p>Thanks</p><p>Canarin Team</p>	1
3	SECOND_PENDING_NOTIFICATION	<p>Dear %COMPANY_NAME%</p><p><br></p><p>%NOTIFICATION_TEXT%</p><p><br></p><p>Below documents are pending</p><p><br></p><p>%DOCUMENTS_NAME%</p><p><br></p><p><br></p><p><br></p><p>Thanks</p><p>Team Admin</p>	1
4	THIRD_PENDING_NOTIFICATION	<p>Dear %COMPANY_NAME%</p><p><br></p><p>%NOTIFICATION_TEXT%</p><p><br></p><p>Below documents are pending</p><p><br></p><p>%DOCUMENTS_NAME%</p><p><br></p><p><br></p><p><br></p><p>Thanks</p><p>Team Admin</p>	1
6	CHANGED_PASSWORD	<p>Dear %NAME%</p><p><br></p><p>Your password is successfully changed.</p><p><br></p><p>Thanks</p><p>Canarin Team</p>	1
5	FINAL_PENDING_NOTIFICATION	<p>Dear %COMPANY_NAME%</p><p><br></p><p>%NOTIFICATION_TEXT%</p><p><br></p><p>Below documents are pending</p><p><br></p><p>%DOCUMENTS_NAME%</p><p><br></p><p><br></p><p><br></p><p>Thanks</p><p>Team Admin</p>	1
\.


--
-- Data for Name: holidays; Type: TABLE DATA; Schema: public; Owner: postgres
--

COPY public.holidays (id, holiday_date, holiday_name) FROM stdin;
\.


--
-- Data for Name: log_table; Type: TABLE DATA; Schema: public; Owner: postgres
--

COPY public.log_table (id, description, action, created_time, user_id) FROM stdin;
1	SMTP Details Modified	SMTP Details	2025-07-27 03:25:58	1
2	SMTP Details Modified	SMTP Details	2025-07-27 03:34:44	1
3	New User Added Successfully	New User Added		1
4	User Status Changed	Status Changed	2025-07-27 06:34:13	1
5	User Status Changed	Status Changed	2025-07-27 06:34:14	1
6	New User Added Successfully	New User Added	2025-08-02 06:43:14	1
7	New User Added Successfully	New User Added	2025-08-02 06:50:45	1
8	New User Added Successfully	New User Added	2025-08-02 06:52:01	1
9	User updated	Modify User		1
10	User updated	Modify User		1
11	User updated	Modify User		1
12	User updated	Modify User		1
13	New User Added Successfully	New User Added	2025-08-10 04:26:09	1
14	Delete (InActive) user Successfully	Delete User	2025-08-10 04:34:16	1
15	User Status Changed	Status Changed	2025-08-10 04:34:23	1
16	Delete (InActive) user Successfully	Delete User	2025-09-06 06:46:17	1
17	New User Added Successfully	New User Added	2025-09-06 06:47:33	1
18	New User Added Successfully	New User Added	2025-09-06 09:11:47	1
19	User updated	Modify User		9
20	New User Added Successfully	New User Added	2025-09-13 06:25:04	1
21	New User Added Successfully	New User Added	2025-10-07 09:36:02	10
22	New User Added Successfully	New User Added	2025-10-07 09:39:47	11
23	New User Added Successfully	New User Added	2025-11-14 04:02:39	1
24	User updated	Modify User		1
25	New User Added Successfully	New User Added	2025-11-14 07:54:54	13
26	New User Added Successfully	New User Added	2025-11-14 07:59:38	13
27	User updated	Modify User		15
\.


--
-- Data for Name: mandatory_documents; Type: TABLE DATA; Schema: public; Owner: postgres
--

COPY public.mandatory_documents (id, type_id, document_id, mandatory) FROM stdin;
462	63	12	1
463	63	6	1
464	63	27	1
465	63	22	1
476	59	10	1
477	59	11	1
478	59	12	1
479	59	6	1
480	59	9	1
235	51	2	1
236	54	3	1
237	54	34	1
238	54	5	1
239	54	6	1
240	54	7	1
481	59	14	1
482	59	20	1
483	59	19	1
484	53	10	1
485	53	11	1
409	52	3	1
410	60	15	1
411	60	12	1
412	60	26	1
486	53	15	1
487	53	12	1
488	53	6	1
489	53	9	1
490	53	14	1
493	71	24	1
494	71	25	1
495	62	39	1
496	62	12	1
497	62	6	1
498	62	7	1
499	70	10	1
500	70	11	1
501	70	12	1
502	70	6	1
503	70	9	1
504	70	14	1
269	61	34	1
270	61	38	1
271	61	12	1
272	61	6	1
273	61	7	1
413	60	21	1
414	60	6	1
505	58	16	1
506	58	32	1
422	57	10	1
423	57	11	1
424	57	12	1
425	57	6	1
426	57	9	1
427	57	14	1
428	65	11	1
429	65	12	1
430	65	36	1
431	65	30	1
432	65	6	1
433	64	12	1
434	64	28	1
435	64	29	1
436	64	23	1
437	64	6	1
438	66	10	1
439	66	11	1
440	66	12	1
441	66	6	1
442	66	9	1
443	66	14	1
330	67	10	1
331	67	11	1
332	67	12	1
333	67	6	1
334	67	9	1
335	67	14	1
342	68	9	1
343	68	10	1
344	68	11	1
345	68	12	1
346	68	6	1
347	68	14	1
348	69	9	1
349	69	10	1
350	69	11	1
351	69	12	1
352	69	6	1
353	69	14	1
370	50	1	1
373	72	1	1
374	73	1	1
375	55	1	1
376	74	1	1
377	56	1	1
\.


--
-- Data for Name: mandatory_documentsa; Type: TABLE DATA; Schema: public; Owner: postgres
--

COPY public.mandatory_documentsa (id, type_id, document_id, mandatory) FROM stdin;
48	43	10	1
49	43	2	1
50	43	4	1
51	43	11	0
52	43	13	0
53	43	1	0
54	43	15	0
55	43	12	0
56	\N	12,5,15	1,1
57	44	2	1
58	44	11	0
59	44	4	1
60	44	1	0
61	45	10	1
62	45	4	1
63	45	13	1
64	45	5	0
65	45	24	0
66	46	10	1
67	46	13	1
68	46	12	1
69	46	9	1
70	46	20	0
71	46	19	0
72	46	14	1
73	\N	12,5,24,23	1,1,1,1
74	\N	12,5,24,23	1,1,1,1
75	\N	12,24,23	1,1
76	\N	12,24,23	1,1
\.


--
-- Data for Name: role; Type: TABLE DATA; Schema: public; Owner: postgres
--

COPY public.role (id, role_name, status) FROM stdin;
1	SuperAdmin	1
2	Admin	1
3	User	1
\.


--
-- Data for Name: sub_type; Type: TABLE DATA; Schema: public; Owner: postgres
--

COPY public.sub_type (id, type_name, authority_id, status, frequency, doc_type, frequency_start_date, document_expiry_date, document_name, alias_name, document_month, document_year, created_by, due_in_same_next_month) FROM stdin;
51	Memorandum of Association & Articles of Association	7	1	One Time	Primary		1997-04-04	2	MOA&A	\N	\N	15	0
54	Business License Renewal	6	1	Yearly	Primary	2025-06-30	\N	3,34,5,6,7	BL - Renewal	\N	\N	15	0
52	Business License	8	1	Yearly	Primary	2024-06-30	2025-10-10	3	BL	\N	\N	15	0
65	City Service Levy - Return	4	1	Quarterly	Primary	2024-03-31	2024-03-31	30,11,12,6,36	CSL	\N	\N	15	0
50	Certificate of Incorporation - Certificate	6	1	One Time	Primary		1997-04-04	1	COI	\N	\N	15	0
72	National Social Security Fund - Certificate	1	1	One Time	Primary		1997-04-04	1	NSSF	\N	\N	15	0
73	Workers Compensation Fund - Certificate	2	1	One Time	Primary		2017-09-02	1	WCF	\N	\N	15	0
61	BRELA  Annual Return	6	1	Yearly	Primary	2024-04-04	\N	38,34,12,6,7	BRELA  Annual Return	\N	\N	15	0
55	Tax Identification No. - Certificate New	5	1	One Time	Primary		2016-08-23	1	TIN - New	\N	\N	15	0
74	Tax Identification No. - Certificate Old	5	1	One Time	Primary		1999-07-01	1	TIN - Old	\N	\N	15	0
56	Value Added Tax Registration - Certificate	5	1	One Time	Primary		1998-08-01	1	VAT	\N	\N	15	0
67	Provisional (Estimated/Advance) Tax - Q2	5	0	Yearly	Primary	2024-06-30	2024-06-30	10,11,12,6,9,14	Provisional Tax - Q2	\N	\N	15	0
70	Corporate Tax (Final Tax)	5	1	Yearly	Primary	2024-06-30	2024-06-30	9,10,11,12,6,14	Corporate Tax	\N	\N	15	0
64	Higher Education Students Loan Board - Return	9	1	Monthly	Primary	31	\N	23,12,6,29,28	HESLB	\N	\N	15	0
62	BRELA Company Profile Letter	6	1	Half Yearly	Primary	2024-01-31	2024-01-31	39,12,6,7	BRELA Co. Profile	\N	\N	15	0
60	National Social Security Fund - Return	1	1	Monthly	Primary	31	\N	21,12,6,26,15	NSSF	\N	\N	15	0
66	Provisional (Estimated/Advance) Tax - Return	5	1	Quarterly	Primary	2024-03-31	2024-03-31	9,10,11,12,6,14	Provisional Tax	\N	\N	15	0
57	Skiil Development Levy - Return	5	1	Monthly	Primary	07	\N	9,10,11,12,6,14	SDL	\N	\N	15	0
59	Value Added Tax - Return	5	1	Monthly	Primary	20	\N	9,10,11,12,6,14,20,19	VAT Return	\N	\N	15	0
63	Workers Compensation Fund - Return	2	1	Monthly	Primary	31	\N	22,12,6,27	WCF	\N	\N	15	0
58	With Holding Tax - Return	5	1	Monthly	Primary	07	\N	16,32	WHT	\N	\N	15	0
53	Pay As You Earn - Return	5	1	Monthly	Primary	07	\N	9,10,11,12,6,14,15	PAYE	\N	\N	15	0
71	Audited Financial Statements	7	1	Yearly	Primary	2024-06-30	2024-06-30	24,25	Financials	\N	\N	15	0
69	Provisional (Estimated/Advance) Tax - Q4	5	0	Yearly	Primary	2024-12-31	\N	9,10,11,12,6,14	Provisional Tax - Q4	\N	\N	15	0
68	Provisional (Estimated/Advance) Tax - Q3	5	0	Yearly	Primary	2024-09-30	\N	9,10,11,12,6,14	Provisional Tax - Q3	\N	\N	15	0
\.


--
-- Data for Name: uploaded_documents; Type: TABLE DATA; Schema: public; Owner: postgres
--

COPY public.uploaded_documents (id, company_id, type_id, document_id, document_name, file_name, file_path, uploaded_at, document_month, document_year, user_id, is_deleted, created_at, deleted_at) FROM stdin;
627	2	71	25	\N	sample-12.pdf	uploads/documents/sample-12.pdf	2025-11-16 19:38:05.189432	11	2025	15	0	2025-11-16 19:38:05.189432	\N
628	2	59	9	\N	VML_-_VAT_Return_01_2024_-_1_RETURN.pdf	uploads/documents/VML_-_VAT_Return_01_2024_-_1_RETURN.pdf	2025-11-17 12:18:30.133382	01	2024	13	0	2025-11-17 12:18:30.133382	\N
150	2	51	2	\N	sample-11.pdf	uploads/documents/sample-11.pdf	2025-11-02 20:03:04.218768	11	2025	11	1	2025-11-02 20:03:04.218768	2025-11-05 18:36:27
640	2	59	9	\N	VML_-_VAT_Return_04_2024_-_1_RETURN.pdf	uploads/documents/VML_-_VAT_Return_04_2024_-_1_RETURN.pdf	2025-11-17 12:27:25.929091	04	2024	13	0	2025-11-17 12:27:25.929091	\N
653	2	53	15	\N	PAYE_01-JAN-24_-_7_PAYROLL.pdf	uploads/documents/PAYE_01-JAN-24_-_7_PAYROLL.pdf	2025-11-17 12:41:07.230398	01	2024	13	0	2025-11-17 12:41:07.230398	\N
665	2	53	15	\N	PAYE_02-FEB-24_-_7_PAYROLL.pdf	uploads/documents/PAYE_02-FEB-24_-_7_PAYROLL.pdf	2025-11-17 12:44:47.060139	02	2024	13	0	2025-11-17 12:44:47.060139	\N
677	2	53	6	\N	PAYE_03-MAR-24_-_5_POP.pdf	uploads/documents/PAYE_03-MAR-24_-_5_POP.pdf	2025-11-17 12:49:55.892074	03	2024	13	0	2025-11-17 12:49:55.892074	\N
689	2	53	12	\N	PAYE_04-APR-24_-_4_CONTROL_FORM.pdf	uploads/documents/PAYE_04-APR-24_-_4_CONTROL_FORM.pdf	2025-11-17 13:07:42.990286	04	2024	13	0	2025-11-17 13:07:42.990286	\N
693	2	57	9	\N	SDL_04-APR-24_-_1_RETURN.pdf	uploads/documents/SDL_04-APR-24_-_1_RETURN.pdf	2025-11-17 13:13:39.030858	04	2024	13	0	2025-11-17 13:13:39.030858	\N
699	2	60	21	\N	VML_-_NSSF_(01)_Jan_2024_-_1_RECEIPT.pdf	uploads/documents/VML_-_NSSF_(01)_Jan_2024_-_1_RECEIPT.pdf	2025-11-17 13:56:39.595785	01	2024	13	0	2025-11-17 13:56:39.595785	\N
711	2	60	21	\N	VML_-_NSSF_(04)_Apr_2024_-1_RECEIPT.pdf	uploads/documents/VML_-_NSSF_(04)_Apr_2024_-1_RECEIPT.pdf	2025-11-17 13:59:08.748389	04	2024	13	0	2025-11-17 13:59:08.748389	\N
723	2	60	21	\N	VML_-_NSSF_(07)_July_2024_-1_RECEIPT.pdf	uploads/documents/VML_-_NSSF_(07)_July_2024_-1_RECEIPT.pdf	2025-11-17 14:01:31.688897	07	2024	13	0	2025-11-17 14:01:31.688897	\N
735	2	60	21	\N	VML_-_NSSF_(10)_Oct_2024_-1_RECEIPT.pdf	uploads/documents/VML_-_NSSF_(10)_Oct_2024_-1_RECEIPT.pdf	2025-11-17 14:05:23.747273	10	2024	13	0	2025-11-17 14:05:23.747273	\N
743	2	64	23	\N	HESLB_Payment_for_01-Jan-2024_-_1_RECEPT1.pdf	uploads/documents/HESLB_Payment_for_01-Jan-2024_-_1_RECEPT1.pdf	2025-11-17 16:00:20.196462	01	2024	13	0	2025-11-17 16:00:20.196462	\N
755	2	64	23	\N	HESLB_Payment_for_04-Apr-2024_-1_RECEIPT.pdf	uploads/documents/HESLB_Payment_for_04-Apr-2024_-1_RECEIPT.pdf	2025-11-17 16:03:34.013262	04	2024	13	0	2025-11-17 16:03:34.013262	\N
767	2	64	23	\N	HESLB_Payment_for_07-July-2024_-1_RECEIPT.pdf	uploads/documents/HESLB_Payment_for_07-July-2024_-1_RECEIPT.pdf	2025-11-17 16:07:22.189557	07	2024	13	0	2025-11-17 16:07:22.189557	\N
791	2	64	12	\N	HESLB_Payment_for_10-Oct-2024_-2_GOVERNMENT_BILL.pdf	uploads/documents/HESLB_Payment_for_10-Oct-2024_-2_GOVERNMENT_BILL.pdf	2025-11-18 09:33:03.446082	10	2024	13	0	2025-11-18 09:33:03.446082	\N
800	2	65	30	\N	VML_-_City_Service_Levy_(01-03)_Jan-Mar-24_-1_GEPG_RECEIPT.pdf	uploads/documents/VML_-_City_Service_Levy_(01-03)_Jan-Mar-24_-1_GEPG_RECEIPT.pdf	2025-11-18 10:12:18.530858	03	2024	13	0	2025-11-18 10:12:18.530858	\N
812	2	65	36	\N	VML_-_City_Service_Levy_(07-09)_Jul-Sep-24_-4_DECLARATION_FORM.pdf	uploads/documents/VML_-_City_Service_Levy_(07-09)_Jul-Sep-24_-4_DECLARATION_FORM.pdf	2025-11-18 10:17:47.775822	09	2024	13	0	2025-11-18 10:17:47.775822	\N
772	2	54	3	\N	Statement_17_11_2025_10_51_21_EAT_new_pdf.pdf	uploads/documents/Statement_17_11_2025_10_51_21_EAT_new_pdf.pdf	2025-11-17 18:47:56.938797	02	2025	15	1	2025-11-17 18:47:56.938797	2025-11-18 13:10:53
813	2	62	7	\N	11c990f0c44711f0a98485b245795d70.pdf	uploads/documents/11c990f0c44711f0a98485b245795d70.pdf	2025-11-18 13:14:01.447369	09	2025	15	1	2025-11-18 13:14:01.447369	2025-11-18 13:16:35
817	2	62	39	\N	VML_-_BRELA_2008_VML_Share_Holding_Confirmation_Letter,_17_12_2008.pdf	uploads/documents/VML_-_BRELA_2008_VML_Share_Holding_Confirmation_Letter,_17_12_2008.pdf	2025-11-18 16:35:19.479991	09	2025	15	1	2025-11-18 16:35:19.479991	2025-11-18 16:36:26
278	2	60	15	\N	sample-pdf-letter-size1.pdf	uploads/documents/sample-pdf-letter-size1.pdf	2025-11-13 12:38:42.547982	02	2025	15	0	2025-11-13 12:38:42.547982	\N
779	2	70	9	\N	moa_aoa_2025_11.pdf	uploads/documents/moa_aoa_2025_11.pdf	2025-11-18 09:18:10.705859	11	2025	15	1	2025-11-18 09:18:10.705859	2025-11-24 08:21:17
821	2	58	16	\N	sample-3.pdf	uploads/documents/sample-3.pdf	2025-11-23 15:48:42.040747	11	2025	15	1	2025-11-23 15:48:42.040747	2025-11-24 08:32:58
338	2	58	9	\N	01_2025_WITHHOLDING_TAX_-_1_RETURN.pdf	uploads/documents/01_2025_WITHHOLDING_TAX_-_1_RETURN.pdf	2025-11-14 07:02:54.775562	01	2025	15	1	2025-11-14 07:02:54.775562	2025-11-24 08:33:07
184	2	53	12	\N	PAYE_04-APR-25_-_4_CONTROL_FORM.pdf	uploads/documents/PAYE_04-APR-25_-_4_CONTROL_FORM.pdf	2025-11-12 20:45:18.636885	04	2025	15	0	2025-11-12 20:45:18.636885	\N
629	2	59	10	\N	VML_-_VAT_Return_01_2024_-_2_ACKNOWLEDGEMENT.pdf	uploads/documents/VML_-_VAT_Return_01_2024_-_2_ACKNOWLEDGEMENT.pdf	2025-11-17 12:18:34.25298	01	2024	13	0	2025-11-17 12:18:34.25298	\N
641	2	59	10	\N	VML_-_VAT_Return_04_2024_-_2_ACKNOWLEDGEMENT.pdf	uploads/documents/VML_-_VAT_Return_04_2024_-_2_ACKNOWLEDGEMENT.pdf	2025-11-17 12:27:34.063878	04	2024	13	0	2025-11-17 12:27:34.063878	\N
654	2	57	9	\N	SDL_01-JAN-24_-_1_RETURN.pdf	uploads/documents/SDL_01-JAN-24_-_1_RETURN.pdf	2025-11-17 12:41:33.168154	01	2024	13	0	2025-11-17 12:41:33.168154	\N
666	2	53	14	\N	PAYE_02-FEB-24_-_6_TRA_RECEIPT.pdf	uploads/documents/PAYE_02-FEB-24_-_6_TRA_RECEIPT.pdf	2025-11-17 12:44:56.914283	02	2024	13	0	2025-11-17 12:44:56.914283	\N
678	2	53	12	\N	PAYE_03-MAR-24_-_4_CONTROL_FORM1.pdf	uploads/documents/PAYE_03-MAR-24_-_4_CONTROL_FORM1.pdf	2025-11-17 12:50:12.103068	03	2024	13	0	2025-11-17 12:50:12.103068	\N
690	2	53	6	\N	PAYE_04-APR-24_-_5_POP.pdf	uploads/documents/PAYE_04-APR-24_-_5_POP.pdf	2025-11-17 13:07:49.934981	04	2024	13	0	2025-11-17 13:07:49.934981	\N
694	2	57	10	\N	SDL_04-APR-24_-_2_ACKNOWLEDGEMENT.pdf	uploads/documents/SDL_04-APR-24_-_2_ACKNOWLEDGEMENT.pdf	2025-11-17 13:13:42.963268	04	2024	13	0	2025-11-17 13:13:42.963268	\N
700	2	60	12	\N	VML_-_NSSF_(01)_Jan_2024_-_2_PAYMENT_ORDER.pdf	uploads/documents/VML_-_NSSF_(01)_Jan_2024_-_2_PAYMENT_ORDER.pdf	2025-11-17 13:56:51.961548	01	2024	13	0	2025-11-17 13:56:51.961548	\N
712	2	60	12	\N	VML_-_NSSF_(04)_Apr_2024_-2_PAYMENT_ORDER.pdf	uploads/documents/VML_-_NSSF_(04)_Apr_2024_-2_PAYMENT_ORDER.pdf	2025-11-17 13:59:18.466202	04	2024	13	0	2025-11-17 13:59:18.466202	\N
724	2	60	12	\N	VML_-_NSSF_(07)_July_2024_-2_PAYMENT_ORDER.pdf	uploads/documents/VML_-_NSSF_(07)_July_2024_-2_PAYMENT_ORDER.pdf	2025-11-17 14:02:12.77619	07	2024	13	0	2025-11-17 14:02:12.77619	\N
736	2	60	12	\N	VML_-_NSSF_(10)_Oct_2024_-2_PAYMENT_ORDER.pdf	uploads/documents/VML_-_NSSF_(10)_Oct_2024_-2_PAYMENT_ORDER.pdf	2025-11-17 14:05:31.255109	10	2024	13	0	2025-11-17 14:05:31.255109	\N
744	2	64	29	\N	HESLB_Payment_for_01-Jan-2024_-4_PAYROLL_AS_PER_HESLB1.pdf	uploads/documents/HESLB_Payment_for_01-Jan-2024_-4_PAYROLL_AS_PER_HESLB1.pdf	2025-11-17 16:00:25.249884	01	2024	13	0	2025-11-17 16:00:25.249884	\N
756	2	64	12	\N	HESLB_Payment_for_04-Apr-2024_-2_GOVERNMENT_BILL.pdf	uploads/documents/HESLB_Payment_for_04-Apr-2024_-2_GOVERNMENT_BILL.pdf	2025-11-17 16:03:39.861044	04	2024	13	0	2025-11-17 16:03:39.861044	\N
768	2	64	12	\N	HESLB_Payment_for_07-July-2024_-2_GOVERNMENT_BILL.pdf	uploads/documents/HESLB_Payment_for_07-July-2024_-2_GOVERNMENT_BILL.pdf	2025-11-17 16:07:26.230372	07	2024	13	0	2025-11-17 16:07:26.230372	\N
780	2	64	23	\N	HESLB_Payment_for_08-Aug-2024_-1_RECEIPT.pdf	uploads/documents/HESLB_Payment_for_08-Aug-2024_-1_RECEIPT.pdf	2025-11-18 09:31:02.278996	08	2024	13	0	2025-11-18 09:31:02.278996	\N
792	2	64	6	\N	HESLB_Payment_for_10-Oct-2024_-3_POP.pdf	uploads/documents/HESLB_Payment_for_10-Oct-2024_-3_POP.pdf	2025-11-18 09:33:11.193866	10	2024	13	0	2025-11-18 09:33:11.193866	\N
801	2	65	12	\N	VML_-_City_Service_Levy_(01-03)_Jan-Mar-24-_2_GOVERNMENT_BILL.pdf	uploads/documents/VML_-_City_Service_Levy_(01-03)_Jan-Mar-24-_2_GOVERNMENT_BILL.pdf	2025-11-18 10:12:26.737848	03	2024	13	0	2025-11-18 10:12:26.737848	\N
773	2	54	34	\N	Statement_17_11_2025_10_51_21_EAT_new_pdf1.pdf	uploads/documents/Statement_17_11_2025_10_51_21_EAT_new_pdf1.pdf	2025-11-17 18:48:49.600313	02	2025	15	1	2025-11-17 18:48:49.600313	2025-11-18 13:10:59
814	2	62	6	\N	f9d84360c44611f0a98485b245795d70.pdf	uploads/documents/f9d84360c44611f0a98485b245795d70.pdf	2025-11-18 13:15:01.226645	09	2025	15	1	2025-11-18 13:15:01.226645	2025-11-18 13:16:38
818	2	62	12	\N	VML_-_BRELA_2012_VML_Share_Holding_Confirmation_Letter,_24_06_2013.pdf	uploads/documents/VML_-_BRELA_2012_VML_Share_Holding_Confirmation_Letter,_24_06_2013.pdf	2025-11-18 16:35:26.727748	09	2025	15	1	2025-11-18 16:35:26.727748	2025-11-18 16:36:29
822	2	58	32	\N	sample-14.pdf	uploads/documents/sample-14.pdf	2025-11-23 15:48:59.537176	11	2025	15	1	2025-11-23 15:48:59.537176	2025-11-24 08:33:01
192	2	57	7	\N	SDL_04-APR-25_-_6_TRA_RECEIPT.pdf	uploads/documents/SDL_04-APR-25_-_6_TRA_RECEIPT.pdf	2025-11-12 20:46:59.182275	04	2025	15	1	2025-11-12 20:46:59.182275	2025-11-12 20:47:42
630	2	59	11	\N	VML_-_VAT_Return_01_2024_-_3_ASSESSMENT.pdf	uploads/documents/VML_-_VAT_Return_01_2024_-_3_ASSESSMENT.pdf	2025-11-17 12:18:41.279462	01	2024	13	0	2025-11-17 12:18:41.279462	\N
642	2	59	11	\N	VML_-_VAT_Return_04_2024_-_3_ASSESSMENT.pdf	uploads/documents/VML_-_VAT_Return_04_2024_-_3_ASSESSMENT.pdf	2025-11-17 12:27:39.529539	04	2024	13	0	2025-11-17 12:27:39.529539	\N
655	2	57	10	\N	SDL_01-JAN-24_-_2_ACKNOWLEDGEMENT.pdf	uploads/documents/SDL_01-JAN-24_-_2_ACKNOWLEDGEMENT.pdf	2025-11-17 12:41:41.589606	01	2024	13	0	2025-11-17 12:41:41.589606	\N
667	2	57	9	\N	SDL_02-FEB-24_-_1_RETURN.pdf	uploads/documents/SDL_02-FEB-24_-_1_RETURN.pdf	2025-11-17 12:45:44.843531	02	2024	13	0	2025-11-17 12:45:44.843531	\N
679	2	53	14	\N	PAYE_03-MAR-24_-_6_TRA_RECEIPT.pdf	uploads/documents/PAYE_03-MAR-24_-_6_TRA_RECEIPT.pdf	2025-11-17 12:50:59.848319	03	2024	13	0	2025-11-17 12:50:59.848319	\N
691	2	53	14	\N	PAYE_04-APR-24_-_6_TRA_RECEIPT.pdf	uploads/documents/PAYE_04-APR-24_-_6_TRA_RECEIPT.pdf	2025-11-17 13:08:03.215392	04	2024	13	0	2025-11-17 13:08:03.215392	\N
695	2	57	11	\N	SDL_04-APR-24_-_3_ASSESSMENT.pdf	uploads/documents/SDL_04-APR-24_-_3_ASSESSMENT.pdf	2025-11-17 13:13:49.986998	04	2024	13	0	2025-11-17 13:13:49.986998	\N
701	2	60	6	\N	VML_-_NSSF_(01)_Jan_2024_-_3_POP.pdf	uploads/documents/VML_-_NSSF_(01)_Jan_2024_-_3_POP.pdf	2025-11-17 13:57:03.297774	01	2024	13	0	2025-11-17 13:57:03.297774	\N
713	2	60	6	\N	VML_-_NSSF_(04)_Apr_2024_-3_POP.pdf	uploads/documents/VML_-_NSSF_(04)_Apr_2024_-3_POP.pdf	2025-11-17 13:59:23.230662	04	2024	13	0	2025-11-17 13:59:23.230662	\N
725	2	60	6	\N	VML_-_NSSF_(07)_July_2024_-3_POP.pdf	uploads/documents/VML_-_NSSF_(07)_July_2024_-3_POP.pdf	2025-11-17 14:02:18.262196	07	2024	13	0	2025-11-17 14:02:18.262196	\N
737	2	60	6	\N	VML_-_NSSF_(10)_Oct_2024_-3_POP.pdf	uploads/documents/VML_-_NSSF_(10)_Oct_2024_-3_POP.pdf	2025-11-17 14:05:38.42344	10	2024	13	0	2025-11-17 14:05:38.42344	\N
745	2	64	12	\N	HESLB_Payment_for_01-Jan-2024_-2_GOVERNMENT_BILL.pdf	uploads/documents/HESLB_Payment_for_01-Jan-2024_-2_GOVERNMENT_BILL.pdf	2025-11-17 16:00:36.430774	01	2024	13	0	2025-11-17 16:00:36.430774	\N
757	2	64	6	\N	HESLB_Payment_for_04-Apr-2024_-3_POP.pdf	uploads/documents/HESLB_Payment_for_04-Apr-2024_-3_POP.pdf	2025-11-17 16:03:43.004159	04	2024	13	0	2025-11-17 16:03:43.004159	\N
769	2	64	6	\N	HESLB_Payment_for_07-July-2024_-3_POP.pdf	uploads/documents/HESLB_Payment_for_07-July-2024_-3_POP.pdf	2025-11-17 16:07:29.660121	07	2024	13	0	2025-11-17 16:07:29.660121	\N
781	2	64	12	\N	HESLB_Payment_for_08-Aug-2024_-2_GOVERNMENT_BILL.pdf	uploads/documents/HESLB_Payment_for_08-Aug-2024_-2_GOVERNMENT_BILL.pdf	2025-11-18 09:31:06.980922	08	2024	13	0	2025-11-18 09:31:06.980922	\N
793	2	64	29	\N	HESLB_Payment_for_10-Oct-2024_-4_PAYROLL_AS_PER_HESLB.pdf	uploads/documents/HESLB_Payment_for_10-Oct-2024_-4_PAYROLL_AS_PER_HESLB.pdf	2025-11-18 09:33:23.8289	10	2024	13	0	2025-11-18 09:33:23.8289	\N
802	2	65	6	\N	VML_-_City_Service_Levy_(01-03)_Jan-Mar-24_-3_POP.pdf	uploads/documents/VML_-_City_Service_Levy_(01-03)_Jan-Mar-24_-3_POP.pdf	2025-11-18 10:12:32.430646	03	2024	13	0	2025-11-18 10:12:32.430646	\N
774	2	54	5	\N	Statement_17_11_2025_10_51_21_EAT_new_pdf2.pdf	uploads/documents/Statement_17_11_2025_10_51_21_EAT_new_pdf2.pdf	2025-11-17 18:49:00.342842	02	2025	15	1	2025-11-17 18:49:00.342842	2025-11-18 13:11:03
815	2	62	12	\N	f9d84360c44611f0a98485b245795d701.pdf	uploads/documents/f9d84360c44611f0a98485b245795d701.pdf	2025-11-18 13:15:07.131579	09	2025	15	1	2025-11-18 13:15:07.131579	2025-11-18 13:16:41
819	2	62	6	\N	VML_-_BRELA_2013_VML_Share_Holding_Confirmation_Letter,_04_10_2013.pdf	uploads/documents/VML_-_BRELA_2013_VML_Share_Holding_Confirmation_Letter,_04_10_2013.pdf	2025-11-18 16:35:32.029512	09	2025	15	1	2025-11-18 16:35:32.029512	2025-11-18 16:36:33
823	2	58	11	\N	sample-51.pdf	uploads/documents/sample-51.pdf	2025-11-23 16:00:10.422705	11	2025	15	1	2025-11-23 16:00:10.422705	2025-11-24 08:32:55
236	2	63	22	\N	WCF_(02)_Feb-2025_-_2-001_RECEIPT.pdf	uploads/documents/WCF_(02)_Feb-2025_-_2-001_RECEIPT.pdf	2025-11-13 11:10:10.144878	01	2025	15	1	2025-11-13 11:10:10.144878	2025-11-13 11:11:03
631	2	59	19	\N	VML_-_VAT_Return_01_2024_-_4_SALES_(OUTPUT)_SUMMARY.pdf	uploads/documents/VML_-_VAT_Return_01_2024_-_4_SALES_(OUTPUT)_SUMMARY.pdf	2025-11-17 12:18:49.084664	01	2024	13	0	2025-11-17 12:18:49.084664	\N
643	2	59	12	\N	VML_-_VAT_Return_04_2024_-_4_CONTROL_FORM.pdf	uploads/documents/VML_-_VAT_Return_04_2024_-_4_CONTROL_FORM.pdf	2025-11-17 12:27:54.379718	04	2024	13	0	2025-11-17 12:27:54.379718	\N
656	2	57	11	\N	SDL_01-JAN-24_-_3_ASSESSMENT.pdf	uploads/documents/SDL_01-JAN-24_-_3_ASSESSMENT.pdf	2025-11-17 12:42:04.039526	01	2024	13	0	2025-11-17 12:42:04.039526	\N
668	2	57	10	\N	SDL_02-FEB-24_-_2_ACKNOWLEDGEMENT.pdf	uploads/documents/SDL_02-FEB-24_-_2_ACKNOWLEDGEMENT.pdf	2025-11-17 12:45:49.292905	02	2024	13	0	2025-11-17 12:45:49.292905	\N
680	2	57	9	\N	SDL_03-MAR-24_-_1_RETURN.pdf	uploads/documents/SDL_03-MAR-24_-_1_RETURN.pdf	2025-11-17 12:52:30.555329	03	2024	13	0	2025-11-17 12:52:30.555329	\N
692	2	53	15	\N	PAYE_04-APR-24_-_7_PAYROLL.pdf	uploads/documents/PAYE_04-APR-24_-_7_PAYROLL.pdf	2025-11-17 13:08:08.070253	04	2024	13	0	2025-11-17 13:08:08.070253	\N
696	2	57	14	\N	SDL_04-APR-24_-_6_TRA_RECEIPT.pdf	uploads/documents/SDL_04-APR-24_-_6_TRA_RECEIPT.pdf	2025-11-17 13:13:55.097412	04	2024	13	0	2025-11-17 13:13:55.097412	\N
702	2	60	15	\N	VML_-_NSSF_(01)_Jan_2024_-_4_PAYROLL_AS_PER_VML.pdf	uploads/documents/VML_-_NSSF_(01)_Jan_2024_-_4_PAYROLL_AS_PER_VML.pdf	2025-11-17 13:57:07.760267	01	2024	13	0	2025-11-17 13:57:07.760267	\N
714	2	60	15	\N	VML_-_NSSF_(04)_Apr_2024_-4_PAYROLL_AS_PER_VML.pdf	uploads/documents/VML_-_NSSF_(04)_Apr_2024_-4_PAYROLL_AS_PER_VML.pdf	2025-11-17 13:59:27.738105	04	2024	13	0	2025-11-17 13:59:27.738105	\N
726	2	60	15	\N	VML_-_NSSF_(07)_July_2024_-4_PAYROLL_AS_PER_VML.pdf	uploads/documents/VML_-_NSSF_(07)_July_2024_-4_PAYROLL_AS_PER_VML.pdf	2025-11-17 14:02:23.070955	07	2024	13	0	2025-11-17 14:02:23.070955	\N
738	2	60	15	\N	VML_-_NSSF_(10)_Oct_2024_-4_PAYROLL_AS_PER_VML.pdf	uploads/documents/VML_-_NSSF_(10)_Oct_2024_-4_PAYROLL_AS_PER_VML.pdf	2025-11-17 14:05:45.31806	10	2024	13	0	2025-11-17 14:05:45.31806	\N
746	2	64	6	\N	HESLB_Payment_for_01-Jan-2024_-3_POP.pdf	uploads/documents/HESLB_Payment_for_01-Jan-2024_-3_POP.pdf	2025-11-17 16:00:40.609062	01	2024	13	0	2025-11-17 16:00:40.609062	\N
758	2	64	29	\N	HESLB_Payment_for_04-Apr-2024_-4_PAYROL_AS_PER_HESLB.pdf	uploads/documents/HESLB_Payment_for_04-Apr-2024_-4_PAYROL_AS_PER_HESLB.pdf	2025-11-17 16:03:51.167779	04	2024	13	0	2025-11-17 16:03:51.167779	\N
770	2	64	28	\N	HESLB_Payment_for_07-July-2024_-4_PAYROLL_AS_PER_VML1.pdf	uploads/documents/HESLB_Payment_for_07-July-2024_-4_PAYROLL_AS_PER_VML1.pdf	2025-11-17 16:07:49.191554	07	2024	13	0	2025-11-17 16:07:49.191554	\N
782	2	64	6	\N	HESLB_Payment_for_08-Aug-2024_-3_POP.pdf	uploads/documents/HESLB_Payment_for_08-Aug-2024_-3_POP.pdf	2025-11-18 09:31:11.619901	08	2024	13	0	2025-11-18 09:31:11.619901	\N
794	2	64	28	\N	HESLB_Payment_for_10-Oct-2024_-5_PAYROLL_AS_PER_VML.pdf	uploads/documents/HESLB_Payment_for_10-Oct-2024_-5_PAYROLL_AS_PER_VML.pdf	2025-11-18 09:33:31.134388	10	2024	13	0	2025-11-18 09:33:31.134388	\N
803	2	65	11	\N	VML_-_City_Service_Levy_(01-03)_Jan-Mar-24_-4_ASSESSMENT.pdf	uploads/documents/VML_-_City_Service_Levy_(01-03)_Jan-Mar-24_-4_ASSESSMENT.pdf	2025-11-18 10:12:37.79958	03	2024	13	0	2025-11-18 10:12:37.79958	\N
775	2	54	6	\N	Statement_17_11_2025_10_51_21_EAT_new_pdf3.pdf	uploads/documents/Statement_17_11_2025_10_51_21_EAT_new_pdf3.pdf	2025-11-17 18:49:08.955735	02	2025	15	1	2025-11-17 18:49:08.955735	2025-11-18 13:11:07
816	2	62	39	\N	11c990f0c44711f0a98485b245795d701.pdf	uploads/documents/11c990f0c44711f0a98485b245795d701.pdf	2025-11-18 13:15:13.9657	09	2025	15	1	2025-11-18 13:15:13.9657	2025-11-18 13:16:43
820	2	62	7	\N	VML_-_BRELA_2014_VML_Share_Holding_Confirmation_Letter,_17_02_2014.pdf	uploads/documents/VML_-_BRELA_2014_VML_Share_Holding_Confirmation_Letter,_17_02_2014.pdf	2025-11-18 16:35:38.128165	09	2025	15	1	2025-11-18 16:35:38.128165	2025-11-18 16:36:36
632	2	59	9	\N	VML_-_VAT_Return_02_2024_-_1_RETURN.pdf	uploads/documents/VML_-_VAT_Return_02_2024_-_1_RETURN.pdf	2025-11-17 12:19:34.641975	02	2024	13	0	2025-11-17 12:19:34.641975	\N
644	2	59	6	\N	VML_-_VAT_Return_04_2024_-_5_POP.pdf	uploads/documents/VML_-_VAT_Return_04_2024_-_5_POP.pdf	2025-11-17 12:28:06.868582	04	2024	13	0	2025-11-17 12:28:06.868582	\N
657	2	57	12	\N	SDL_01-JAN-24_-_4_CONROL_FORM.pdf	uploads/documents/SDL_01-JAN-24_-_4_CONROL_FORM.pdf	2025-11-17 12:42:09.013126	01	2024	13	0	2025-11-17 12:42:09.013126	\N
669	2	57	11	\N	SDL_02-FEB-24_-_3_ASSESSMENT.pdf	uploads/documents/SDL_02-FEB-24_-_3_ASSESSMENT.pdf	2025-11-17 12:46:00.320694	02	2024	13	0	2025-11-17 12:46:00.320694	\N
681	2	57	10	\N	SDL_03-MAR-24_-_2_ACKNOWLEDGEMENT.pdf	uploads/documents/SDL_03-MAR-24_-_2_ACKNOWLEDGEMENT.pdf	2025-11-17 12:52:34.63191	03	2024	13	0	2025-11-17 12:52:34.63191	\N
697	2	57	12	\N	SDL_04-APR-24_-_4_CONTROL_FORM.pdf	uploads/documents/SDL_04-APR-24_-_4_CONTROL_FORM.pdf	2025-11-17 13:14:00.666073	04	2024	13	0	2025-11-17 13:14:00.666073	\N
703	2	60	21	\N	VML_-_NSSF_(02)_Feb_2024_-_1_RECEIPT.pdf	uploads/documents/VML_-_NSSF_(02)_Feb_2024_-_1_RECEIPT.pdf	2025-11-17 13:57:35.125584	02	2024	13	0	2025-11-17 13:57:35.125584	\N
715	2	60	21	\N	VML_-_NSSF_(05)_May_2024_-1_RECEIPT.pdf	uploads/documents/VML_-_NSSF_(05)_May_2024_-1_RECEIPT.pdf	2025-11-17 13:59:51.74129	05	2024	13	0	2025-11-17 13:59:51.74129	\N
727	2	60	21	\N	VML_-_NSSF_(08)_Aug_2024_-1_RECEIPT.pdf	uploads/documents/VML_-_NSSF_(08)_Aug_2024_-1_RECEIPT.pdf	2025-11-17 14:02:54.353024	08	2024	13	0	2025-11-17 14:02:54.353024	\N
739	2	60	21	\N	VML_-_NSSF_(11)_Nov_2024_-1_RECEIPT.pdf	uploads/documents/VML_-_NSSF_(11)_Nov_2024_-1_RECEIPT.pdf	2025-11-17 14:06:24.123693	11	2024	13	0	2025-11-17 14:06:24.123693	\N
747	2	64	23	\N	HESLB_Payment_for_02-Feb-2024_-1_RECEIPT.pdf	uploads/documents/HESLB_Payment_for_02-Feb-2024_-1_RECEIPT.pdf	2025-11-17 16:01:10.201871	02	2024	13	0	2025-11-17 16:01:10.201871	\N
759	2	64	23	\N	HESLB_Payment_for_05-May-2024_-1_RECEIPT.pdf	uploads/documents/HESLB_Payment_for_05-May-2024_-1_RECEIPT.pdf	2025-11-17 16:04:19.909326	05	2024	13	0	2025-11-17 16:04:19.909326	\N
771	2	64	29	\N	HESLB_Payment_for_06-June-2024_-4_PAYROLL_AS_PER_HESLB.pdf	uploads/documents/HESLB_Payment_for_06-June-2024_-4_PAYROLL_AS_PER_HESLB.pdf	2025-11-17 16:08:06.943879	06	2024	13	0	2025-11-17 16:08:06.943879	\N
783	2	64	29	\N	HESLB_Payment_for_08-Aug-2024_-4_PAYROLL_AS_PER_HESLB.pdf	uploads/documents/HESLB_Payment_for_08-Aug-2024_-4_PAYROLL_AS_PER_HESLB.pdf	2025-11-18 09:31:19.384659	08	2024	13	0	2025-11-18 09:31:19.384659	\N
795	2	64	23	\N	HESLB_Payment_for_11-Nov-2024_-1_RECEIPT.pdf	uploads/documents/HESLB_Payment_for_11-Nov-2024_-1_RECEIPT.pdf	2025-11-18 09:35:52.205473	11	2024	13	0	2025-11-18 09:35:52.205473	\N
804	2	65	36	\N	VML_-_City_Service_Levy_(01-03)_Jan-Mar-24-5_DECLARATION_FORM.pdf	uploads/documents/VML_-_City_Service_Levy_(01-03)_Jan-Mar-24-5_DECLARATION_FORM.pdf	2025-11-18 10:13:21.257944	03	2024	13	0	2025-11-18 10:13:21.257944	\N
776	2	54	7	\N	Statement_17_11_2025_10_51_21_EAT_new_pdf4.pdf	uploads/documents/Statement_17_11_2025_10_51_21_EAT_new_pdf4.pdf	2025-11-17 18:49:16.940664	02	2025	15	1	2025-11-17 18:49:16.940664	2025-11-18 13:11:14
309	2	60	6	\N	VML_-_NSSF_(08)_Aug_2025_-_Online_-_3_PROOF_OF_PAYMENT.pdf	uploads/documents/VML_-_NSSF_(08)_Aug_2025_-_Online_-_3_PROOF_OF_PAYMENT.pdf	2025-11-13 13:01:59.602397	08	2025	15	0	2025-11-13 13:01:59.602397	\N
318	2	60	12	\N	VML_-_NSSF_(10)_Oct_2025_-_Online-_2_PAYMENT_ORDER.pdf	uploads/documents/VML_-_NSSF_(10)_Oct_2025_-_Online-_2_PAYMENT_ORDER.pdf	2025-11-13 13:10:05.426868	10	2025	15	0	2025-11-13 13:10:05.426868	\N
633	2	59	10	\N	VML_-_VAT_Return_02_2024_-_2_ACKNOWLEDGEMENT.pdf	uploads/documents/VML_-_VAT_Return_02_2024_-_2_ACKNOWLEDGEMENT.pdf	2025-11-17 12:19:38.23429	02	2024	13	0	2025-11-17 12:19:38.23429	\N
645	2	59	14	\N	VML_-_VAT_Return_04_2024_-_6_TRA_RECEIPT.pdf	uploads/documents/VML_-_VAT_Return_04_2024_-_6_TRA_RECEIPT.pdf	2025-11-17 12:29:07.974327	04	2024	13	0	2025-11-17 12:29:07.974327	\N
658	2	57	6	\N	SDL_01-JAN-24_-_5_POP.pdf	uploads/documents/SDL_01-JAN-24_-_5_POP.pdf	2025-11-17 12:42:13.754957	01	2024	13	0	2025-11-17 12:42:13.754957	\N
670	2	57	12	\N	SDL_02-FEB-24_-_4_CONTROL_FORM.pdf	uploads/documents/SDL_02-FEB-24_-_4_CONTROL_FORM.pdf	2025-11-17 12:46:07.724385	02	2024	13	0	2025-11-17 12:46:07.724385	\N
682	2	57	11	\N	SDL_03-MAR-24_-_3_ASSESSMENT.pdf	uploads/documents/SDL_03-MAR-24_-_3_ASSESSMENT.pdf	2025-11-17 12:52:41.684141	03	2024	13	0	2025-11-17 12:52:41.684141	\N
698	2	57	6	\N	SDL_04-APR-24_-_5_POP.pdf	uploads/documents/SDL_04-APR-24_-_5_POP.pdf	2025-11-17 13:14:07.420387	04	2024	13	0	2025-11-17 13:14:07.420387	\N
704	2	60	12	\N	VML_-_NSSF_(02)_Feb_2024_-_2_PAYMENT_ORDER.pdf	uploads/documents/VML_-_NSSF_(02)_Feb_2024_-_2_PAYMENT_ORDER.pdf	2025-11-17 13:57:48.038142	02	2024	13	0	2025-11-17 13:57:48.038142	\N
716	2	60	12	\N	VML_-_NSSF_(05)_May_2024_-2_PAYMENT_ORDER.pdf	uploads/documents/VML_-_NSSF_(05)_May_2024_-2_PAYMENT_ORDER.pdf	2025-11-17 14:00:00.886924	05	2024	13	0	2025-11-17 14:00:00.886924	\N
728	2	60	12	\N	VML_-_NSSF_(08)_Aug_2024_-2_PAYMENT_ORDER.pdf	uploads/documents/VML_-_NSSF_(08)_Aug_2024_-2_PAYMENT_ORDER.pdf	2025-11-17 14:03:16.203203	08	2024	13	0	2025-11-17 14:03:16.203203	\N
740	2	60	12	\N	VML_-_NSSF_(11)_Nov_2024_-4_PAYROLL_AS_PER_VML1.pdf	uploads/documents/VML_-_NSSF_(11)_Nov_2024_-4_PAYROLL_AS_PER_VML1.pdf	2025-11-17 14:06:33.905174	11	2024	13	0	2025-11-17 14:06:33.905174	\N
748	2	64	12	\N	HESLB_Payment_for_02-Feb-2024_-2_GOVERNMENT_BILL.pdf	uploads/documents/HESLB_Payment_for_02-Feb-2024_-2_GOVERNMENT_BILL.pdf	2025-11-17 16:01:18.114405	02	2024	13	0	2025-11-17 16:01:18.114405	\N
760	2	64	12	\N	HESLB_Payment_for_05-May-2024_-2_GOVERNMENT_BILL.pdf	uploads/documents/HESLB_Payment_for_05-May-2024_-2_GOVERNMENT_BILL.pdf	2025-11-17 16:04:25.42235	05	2024	13	0	2025-11-17 16:04:25.42235	\N
784	2	64	28	\N	HESLB_Payment_for_08-Aug-2024_-5_PAYROLL_AS_PER_VML.pdf	uploads/documents/HESLB_Payment_for_08-Aug-2024_-5_PAYROLL_AS_PER_VML.pdf	2025-11-18 09:31:23.386219	08	2024	13	0	2025-11-18 09:31:23.386219	\N
796	2	64	12	\N	HESLB_Payment_for_11-Nov-2024_-2_GOVERNMENT_BILL.pdf	uploads/documents/HESLB_Payment_for_11-Nov-2024_-2_GOVERNMENT_BILL.pdf	2025-11-18 09:35:58.908567	11	2024	13	0	2025-11-18 09:35:58.908567	\N
805	2	65	30	\N	VML_-_City_Service_Levy_(04-06)_Apr-Jun-24_-_1_GEPEG_RECEIPT.pdf	uploads/documents/VML_-_City_Service_Levy_(04-06)_Apr-Jun-24_-_1_GEPEG_RECEIPT.pdf	2025-11-18 10:15:26.005564	06	2024	13	0	2025-11-18 10:15:26.005564	\N
777	2	62	7	\N	Statement_17_11_2025_10_51_21_EAT_new_pdf5.pdf	uploads/documents/Statement_17_11_2025_10_51_21_EAT_new_pdf5.pdf	2025-11-17 18:49:57.841987	09	2025	15	1	2025-11-17 18:49:57.841987	2025-11-18 13:11:55
634	2	59	11	\N	VML_-_VAT_Return_02_2024_-_3_ASSESSMENT.pdf	uploads/documents/VML_-_VAT_Return_02_2024_-_3_ASSESSMENT.pdf	2025-11-17 12:19:44.07155	02	2024	13	0	2025-11-17 12:19:44.07155	\N
646	2	59	19	\N	VML_-_VAT_Return_04_2024_-_7_SALES_(OUTPUT)_SUMMARY.pdf	uploads/documents/VML_-_VAT_Return_04_2024_-_7_SALES_(OUTPUT)_SUMMARY.pdf	2025-11-17 12:29:14.146751	04	2024	13	0	2025-11-17 12:29:14.146751	\N
659	2	57	14	\N	SDL_01-JAN-24_-_6_TRA_RECEIPT.pdf	uploads/documents/SDL_01-JAN-24_-_6_TRA_RECEIPT.pdf	2025-11-17 12:42:20.327466	01	2024	13	0	2025-11-17 12:42:20.327466	\N
671	2	57	6	\N	SDL_02-FEB-24_-_5_POP.pdf	uploads/documents/SDL_02-FEB-24_-_5_POP.pdf	2025-11-17 12:46:18.312729	02	2024	13	0	2025-11-17 12:46:18.312729	\N
683	2	57	12	\N	SDL_03-MAR-24_-_4_CONTROL_FORM.pdf	uploads/documents/SDL_03-MAR-24_-_4_CONTROL_FORM.pdf	2025-11-17 12:52:50.588761	03	2024	13	0	2025-11-17 12:52:50.588761	\N
705	2	60	6	\N	VML_-_NSSF_(02)_Feb_2024_-_3_POP.pdf	uploads/documents/VML_-_NSSF_(02)_Feb_2024_-_3_POP.pdf	2025-11-17 13:57:53.476819	02	2024	13	0	2025-11-17 13:57:53.476819	\N
717	2	60	6	\N	VML_-_NSSF_(05)_May_2024_-3_POP.pdf	uploads/documents/VML_-_NSSF_(05)_May_2024_-3_POP.pdf	2025-11-17 14:00:04.532808	05	2024	13	0	2025-11-17 14:00:04.532808	\N
729	2	60	6	\N	VML_-_NSSF_(08)_Aug_2024_-3_POP.pdf	uploads/documents/VML_-_NSSF_(08)_Aug_2024_-3_POP.pdf	2025-11-17 14:03:23.569543	08	2024	13	0	2025-11-17 14:03:23.569543	\N
741	2	60	6	\N	VML_-_NSSF_(11)_Nov_2024_-3_POP.pdf	uploads/documents/VML_-_NSSF_(11)_Nov_2024_-3_POP.pdf	2025-11-17 14:06:45.728778	11	2024	13	0	2025-11-17 14:06:45.728778	\N
749	2	64	6	\N	HESLB_Payment_for_02-Feb-2024_-3_POP.pdf	uploads/documents/HESLB_Payment_for_02-Feb-2024_-3_POP.pdf	2025-11-17 16:02:19.195755	02	2024	13	0	2025-11-17 16:02:19.195755	\N
761	2	64	6	\N	HESLB_Payment_for_05-May-2024_-3_POP.pdf	uploads/documents/HESLB_Payment_for_05-May-2024_-3_POP.pdf	2025-11-17 16:04:32.479417	05	2024	13	0	2025-11-17 16:04:32.479417	\N
785	2	64	23	\N	HESLB_Payment_for_09-Sep-2024_-1_RECEIPT.pdf	uploads/documents/HESLB_Payment_for_09-Sep-2024_-1_RECEIPT.pdf	2025-11-18 09:31:40.056337	09	2024	13	0	2025-11-18 09:31:40.056337	\N
797	2	64	6	\N	HESLB_Payment_for_11-Nov-2024_-3_POP.pdf	uploads/documents/HESLB_Payment_for_11-Nov-2024_-3_POP.pdf	2025-11-18 09:36:04.370868	11	2024	13	0	2025-11-18 09:36:04.370868	\N
806	2	65	12	\N	VML_-_City_Service_Levy_(04-06)_Apr-Jun-24_-2_GOVERNMENT_BILL.pdf	uploads/documents/VML_-_City_Service_Levy_(04-06)_Apr-Jun-24_-2_GOVERNMENT_BILL.pdf	2025-11-18 10:15:53.586108	06	2024	13	0	2025-11-18 10:15:53.586108	\N
778	2	62	6	\N	Statement_17_11_2025_10_51_21_EAT_new_pdf7.pdf	uploads/documents/Statement_17_11_2025_10_51_21_EAT_new_pdf7.pdf	2025-11-17 19:00:35.172944	09	2025	15	1	2025-11-17 19:00:35.172944	2025-11-18 13:11:57
635	2	59	19	\N	VML_-_VAT_Return_02_2024_-_SALES_(OUTPUT)_SUMMARY.pdf	uploads/documents/VML_-_VAT_Return_02_2024_-_SALES_(OUTPUT)_SUMMARY.pdf	2025-11-17 12:19:52.274293	02	2024	13	0	2025-11-17 12:19:52.274293	\N
647	2	53	9	\N	PAYE_01-JAN-24_-_1_RETURN.pdf	uploads/documents/PAYE_01-JAN-24_-_1_RETURN.pdf	2025-11-17 12:40:03.537931	01	2024	13	0	2025-11-17 12:40:03.537931	\N
660	2	53	9	\N	PAYE_02-FEB-24_-_1_RETURN.pdf	uploads/documents/PAYE_02-FEB-24_-_1_RETURN.pdf	2025-11-17 12:43:27.198175	02	2024	13	0	2025-11-17 12:43:27.198175	\N
672	2	57	14	\N	SDL_02-FEB-24_-_6_TRA_RECEIPT.pdf	uploads/documents/SDL_02-FEB-24_-_6_TRA_RECEIPT.pdf	2025-11-17 12:46:23.289224	02	2024	13	0	2025-11-17 12:46:23.289224	\N
684	2	57	6	\N	SDL_03-MAR-24_-_5_POP.pdf	uploads/documents/SDL_03-MAR-24_-_5_POP.pdf	2025-11-17 12:52:55.953491	03	2024	13	0	2025-11-17 12:52:55.953491	\N
718	2	60	15	\N	VML_-_NSSF_(05)_May_2024_-4_PAYROLL_AS_PER_VML.pdf	uploads/documents/VML_-_NSSF_(05)_May_2024_-4_PAYROLL_AS_PER_VML.pdf	2025-11-17 14:00:07.847086	05	2024	13	0	2025-11-17 14:00:07.847086	\N
730	2	60	15	\N	VML_-_NSSF_(08)_Aug_2024_-4_PAYROLL_AS_PER_VML.pdf	uploads/documents/VML_-_NSSF_(08)_Aug_2024_-4_PAYROLL_AS_PER_VML.pdf	2025-11-17 14:03:32.519661	08	2024	13	0	2025-11-17 14:03:32.519661	\N
742	2	60	15	\N	VML_-_NSSF_(11)_Nov_2024_-4_PAYROLL_AS_PER_VML2.pdf	uploads/documents/VML_-_NSSF_(11)_Nov_2024_-4_PAYROLL_AS_PER_VML2.pdf	2025-11-17 14:07:48.288414	11	2024	13	0	2025-11-17 14:07:48.288414	\N
750	2	64	29	\N	HESLB_Payment_for_02-Feb-2024_-4_PAYROLL_AS_PER_HESLB.pdf	uploads/documents/HESLB_Payment_for_02-Feb-2024_-4_PAYROLL_AS_PER_HESLB.pdf	2025-11-17 16:02:27.530854	02	2024	13	0	2025-11-17 16:02:27.530854	\N
762	2	64	29	\N	HESLB_Payment_for_05-May-2024_-4_PAYROLL_AS_PER_HESLB.pdf	uploads/documents/HESLB_Payment_for_05-May-2024_-4_PAYROLL_AS_PER_HESLB.pdf	2025-11-17 16:04:38.15596	05	2024	13	0	2025-11-17 16:04:38.15596	\N
786	2	64	12	\N	HESLB_Payment_for_09-Sep-2024_-2_GOVERNMENT_BILL.pdf	uploads/documents/HESLB_Payment_for_09-Sep-2024_-2_GOVERNMENT_BILL.pdf	2025-11-18 09:31:48.798101	09	2024	13	0	2025-11-18 09:31:48.798101	\N
798	2	64	29	\N	HESLB_Payment_for_11-Nov-2024_-4_PAYROLL_AS_PER_HESLB.pdf	uploads/documents/HESLB_Payment_for_11-Nov-2024_-4_PAYROLL_AS_PER_HESLB.pdf	2025-11-18 09:36:18.249143	11	2024	13	0	2025-11-18 09:36:18.249143	\N
807	2	65	6	\N	VML_-_City_Service_Levy_(04-06)_Apr-Jun-24_-3_POP.pdf	uploads/documents/VML_-_City_Service_Levy_(04-06)_Apr-Jun-24_-3_POP.pdf	2025-11-18 10:15:57.173635	06	2024	13	0	2025-11-18 10:15:57.173635	\N
706	2	60	15	\N	sample-5.pdf	uploads/documents/sample-5.pdf	2025-11-17 13:57:58.159104	02	2024	15	0	2025-11-17 13:57:58.159104	\N
151	2	50	1	\N	Company_2_Type_1572.pdf	uploads/documents/Company_2_Type_1572.pdf	2025-11-08 18:06:55.987984	11	2025	15	1	2025-11-08 18:06:55.987984	2025-11-10 12:46:16
636	2	59	9	\N	VML_-_VAT_Return_03_2024_-_1_RETURN.pdf	uploads/documents/VML_-_VAT_Return_03_2024_-_1_RETURN.pdf	2025-11-17 12:22:52.490908	03	2024	13	0	2025-11-17 12:22:52.490908	\N
648	2	53	10	\N	PAYE_01-JAN-24_-_2_ACKNOWLEDGEMENT.pdf	uploads/documents/PAYE_01-JAN-24_-_2_ACKNOWLEDGEMENT.pdf	2025-11-17 12:40:11.569363	01	2024	13	0	2025-11-17 12:40:11.569363	\N
661	2	53	11	\N	PAYE_02-FEB-24_-_3_ASSESSMENT.pdf	uploads/documents/PAYE_02-FEB-24_-_3_ASSESSMENT.pdf	2025-11-17 12:43:31.481346	02	2024	13	0	2025-11-17 12:43:31.481346	\N
673	2	53	9	\N	PAYE_03-MAR-24_-_1_RETURN.pdf	uploads/documents/PAYE_03-MAR-24_-_1_RETURN.pdf	2025-11-17 12:48:18.790253	03	2024	13	0	2025-11-17 12:48:18.790253	\N
685	2	57	14	\N	SDL_03-MAR-24_-_6_TRA_RECEIPT.pdf	uploads/documents/SDL_03-MAR-24_-_6_TRA_RECEIPT.pdf	2025-11-17 12:53:00.530182	03	2024	13	0	2025-11-17 12:53:00.530182	\N
707	2	60	21	\N	VML_-_NSSF_(03)_Mar_2024_-_1_RECEIPT.pdf	uploads/documents/VML_-_NSSF_(03)_Mar_2024_-_1_RECEIPT.pdf	2025-11-17 13:58:24.801952	03	2024	13	0	2025-11-17 13:58:24.801952	\N
719	2	60	21	\N	VML_-_NSSF_(06)_June_2024_-1_RECEIPT.pdf	uploads/documents/VML_-_NSSF_(06)_June_2024_-1_RECEIPT.pdf	2025-11-17 14:00:33.529991	06	2024	13	0	2025-11-17 14:00:33.529991	\N
731	2	60	21	\N	VML_-_NSSF_(09)_Sep_2024_-1_RECEIPT.pdf	uploads/documents/VML_-_NSSF_(09)_Sep_2024_-1_RECEIPT.pdf	2025-11-17 14:04:03.030327	09	2024	13	0	2025-11-17 14:04:03.030327	\N
751	2	64	23	\N	HESLB_Payment_for_03-Mar-2024_-1_RECEIPT.pdf	uploads/documents/HESLB_Payment_for_03-Mar-2024_-1_RECEIPT.pdf	2025-11-17 16:02:45.668802	03	2024	13	0	2025-11-17 16:02:45.668802	\N
763	2	64	23	\N	HESLB_Payment_for_06-June-2024_-1_RECEIPT.pdf	uploads/documents/HESLB_Payment_for_06-June-2024_-1_RECEIPT.pdf	2025-11-17 16:04:55.62655	06	2024	13	0	2025-11-17 16:04:55.62655	\N
787	2	64	6	\N	HESLB_Payment_for_09-Sep-2024_-3_POP.pdf	uploads/documents/HESLB_Payment_for_09-Sep-2024_-3_POP.pdf	2025-11-18 09:31:56.915788	09	2024	13	0	2025-11-18 09:31:56.915788	\N
799	2	64	28	\N	HESLB_Payment_for_11-Nov-2024_-5_PAYROLL_AS_PER_VML.pdf	uploads/documents/HESLB_Payment_for_11-Nov-2024_-5_PAYROLL_AS_PER_VML.pdf	2025-11-18 09:36:31.347293	11	2024	13	0	2025-11-18 09:36:31.347293	\N
808	2	65	36	\N	VML_-_City_Service_Levy_(04-06)_Apr-Jun-24_-4_DECLARATION_FORM.pdf	uploads/documents/VML_-_City_Service_Levy_(04-06)_Apr-Jun-24_-4_DECLARATION_FORM.pdf	2025-11-18 10:16:05.86622	06	2024	13	0	2025-11-18 10:16:05.86622	\N
637	2	59	10	\N	VML_-_VAT_Return_03_2024_-_2_ACKNOWLEDGEMENT.pdf	uploads/documents/VML_-_VAT_Return_03_2024_-_2_ACKNOWLEDGEMENT.pdf	2025-11-17 12:23:43.643439	03	2024	13	0	2025-11-17 12:23:43.643439	\N
649	2	53	11	\N	PAYE_01-JAN-24_-_3_ASSESSMENT.pdf	uploads/documents/PAYE_01-JAN-24_-_3_ASSESSMENT.pdf	2025-11-17 12:40:31.296097	01	2024	13	0	2025-11-17 12:40:31.296097	\N
662	2	53	10	\N	PAYE_02-FEB-24_-_2_ACKNOWLEDGEMENT.pdf	uploads/documents/PAYE_02-FEB-24_-_2_ACKNOWLEDGEMENT.pdf	2025-11-17 12:44:03.085218	02	2024	13	0	2025-11-17 12:44:03.085218	\N
674	2	53	10	\N	PAYE_03-MAR-24_-_2_ACKNOWLEDGEMENT.pdf	uploads/documents/PAYE_03-MAR-24_-_2_ACKNOWLEDGEMENT.pdf	2025-11-17 12:48:52.018477	03	2024	13	0	2025-11-17 12:48:52.018477	\N
686	2	53	9	\N	PAYE_04-APR-24_-_1_RETURN.pdf	uploads/documents/PAYE_04-APR-24_-_1_RETURN.pdf	2025-11-17 13:07:21.310364	04	2024	13	0	2025-11-17 13:07:21.310364	\N
708	2	60	12	\N	VML_-_NSSF_(03)_Mar_2024_-_2_PAYMENT_ORDER.pdf	uploads/documents/VML_-_NSSF_(03)_Mar_2024_-_2_PAYMENT_ORDER.pdf	2025-11-17 13:58:34.816666	03	2024	13	0	2025-11-17 13:58:34.816666	\N
720	2	60	12	\N	VML_-_NSSF_(06)_June_2024_-2_PAYMENT_ORDER.pdf	uploads/documents/VML_-_NSSF_(06)_June_2024_-2_PAYMENT_ORDER.pdf	2025-11-17 14:00:44.294687	06	2024	13	0	2025-11-17 14:00:44.294687	\N
732	2	60	12	\N	VML_-_NSSF_(09)_Sep_2024_-2_PAYMENT_ORDER.pdf	uploads/documents/VML_-_NSSF_(09)_Sep_2024_-2_PAYMENT_ORDER.pdf	2025-11-17 14:04:09.067868	09	2024	13	0	2025-11-17 14:04:09.067868	\N
752	2	64	12	\N	HESLB_Payment_for_03-Mar-2024_-2_GOVERNMENT_BILL.pdf	uploads/documents/HESLB_Payment_for_03-Mar-2024_-2_GOVERNMENT_BILL.pdf	2025-11-17 16:03:07.537396	03	2024	13	0	2025-11-17 16:03:07.537396	\N
764	2	64	12	\N	HESLB_Payment_for_06-June-2024_-2_GOVERNMENT_BILL.pdf	uploads/documents/HESLB_Payment_for_06-June-2024_-2_GOVERNMENT_BILL.pdf	2025-11-17 16:05:00.752212	06	2024	13	0	2025-11-17 16:05:00.752212	\N
788	2	64	29	\N	HESLB_Payment_for_09-Sep-2024_-4_PAYROLL_AS_PER_HESLB.pdf	uploads/documents/HESLB_Payment_for_09-Sep-2024_-4_PAYROLL_AS_PER_HESLB.pdf	2025-11-18 09:32:04.787613	09	2024	13	0	2025-11-18 09:32:04.787613	\N
809	2	65	30	\N	VML_-_City_Service_Levy_(07-09)_Jul-Sep-24-1_GEPG_RECEIPT.pdf	uploads/documents/VML_-_City_Service_Levy_(07-09)_Jul-Sep-24-1_GEPG_RECEIPT.pdf	2025-11-18 10:16:58.479177	09	2024	13	0	2025-11-18 10:16:58.479177	\N
638	2	59	11	\N	VML_-_VAT_Return_03_2024_-_3_ASSESSMENT.pdf	uploads/documents/VML_-_VAT_Return_03_2024_-_3_ASSESSMENT.pdf	2025-11-17 12:23:59.803004	03	2024	13	0	2025-11-17 12:23:59.803004	\N
650	2	53	12	\N	PAYE_01-JAN-24_-_4_CONTROL_FORM.pdf	uploads/documents/PAYE_01-JAN-24_-_4_CONTROL_FORM.pdf	2025-11-17 12:40:41.340364	01	2024	13	0	2025-11-17 12:40:41.340364	\N
663	2	53	6	\N	PAYE_02-FEB-24_-_5_POP.pdf	uploads/documents/PAYE_02-FEB-24_-_5_POP.pdf	2025-11-17 12:44:11.773846	02	2024	13	0	2025-11-17 12:44:11.773846	\N
675	2	53	11	\N	PAYE_03-MAR-24_-_3_ASSESSMENT.pdf	uploads/documents/PAYE_03-MAR-24_-_3_ASSESSMENT.pdf	2025-11-17 12:49:02.083219	03	2024	13	0	2025-11-17 12:49:02.083219	\N
687	2	53	10	\N	PAYE_04-APR-24_-_2_ACKNOWLEDGEMENT.pdf	uploads/documents/PAYE_04-APR-24_-_2_ACKNOWLEDGEMENT.pdf	2025-11-17 13:07:28.021626	04	2024	13	0	2025-11-17 13:07:28.021626	\N
709	2	60	6	\N	VML_-_NSSF_(03)_Mar_2024_-_3_POP.pdf	uploads/documents/VML_-_NSSF_(03)_Mar_2024_-_3_POP.pdf	2025-11-17 13:58:40.244059	03	2024	13	0	2025-11-17 13:58:40.244059	\N
721	2	60	6	\N	VML_-_NSSF_(06)_June_2024_-3_POP.pdf	uploads/documents/VML_-_NSSF_(06)_June_2024_-3_POP.pdf	2025-11-17 14:00:47.507637	06	2024	13	0	2025-11-17 14:00:47.507637	\N
733	2	60	6	\N	VML_-_NSSF_(09)_Sep_2024_-3_POP.pdf	uploads/documents/VML_-_NSSF_(09)_Sep_2024_-3_POP.pdf	2025-11-17 14:04:21.710731	09	2024	13	0	2025-11-17 14:04:21.710731	\N
753	2	64	6	\N	HESLB_Payment_for_03-Mar-2024_-3_POP.pdf	uploads/documents/HESLB_Payment_for_03-Mar-2024_-3_POP.pdf	2025-11-17 16:03:10.768037	03	2024	13	0	2025-11-17 16:03:10.768037	\N
765	2	64	6	\N	HESLB_Payment_for_06-June-2024_-3_POP.pdf	uploads/documents/HESLB_Payment_for_06-June-2024_-3_POP.pdf	2025-11-17 16:06:34.497156	06	2024	13	0	2025-11-17 16:06:34.497156	\N
789	2	64	28	\N	HESLB_Payment_for_09-Sep-2024_-5_PAYROL_AS_PER_VML.pdf	uploads/documents/HESLB_Payment_for_09-Sep-2024_-5_PAYROL_AS_PER_VML.pdf	2025-11-18 09:32:11.492525	09	2024	13	0	2025-11-18 09:32:11.492525	\N
810	2	65	12	\N	VML_-_City_Service_Levy_(07-09)_Jul-Sep-24_-2_GOVERNMENT_BILL.pdf	uploads/documents/VML_-_City_Service_Levy_(07-09)_Jul-Sep-24_-2_GOVERNMENT_BILL.pdf	2025-11-18 10:17:19.925865	09	2024	13	0	2025-11-18 10:17:19.925865	\N
582	2	59	9	\N	VML_-_VAT_Return_11_2024_-_1_RETURN.pdf	uploads/documents/VML_-_VAT_Return_11_2024_-_1_RETURN.pdf	2025-11-14 15:29:44.935064	11	2024	13	0	2025-11-14 15:29:44.935064	\N
583	2	59	10	\N	VML_-_VAT_Return_11_2024_-_2_ACKNOWLEDGEMENT.pdf	uploads/documents/VML_-_VAT_Return_11_2024_-_2_ACKNOWLEDGEMENT.pdf	2025-11-14 15:29:50.511187	11	2024	13	0	2025-11-14 15:29:50.511187	\N
584	2	59	11	\N	VML_-_VAT_Return_11_2024_-_3_ASSESMENT.pdf	uploads/documents/VML_-_VAT_Return_11_2024_-_3_ASSESMENT.pdf	2025-11-14 15:30:09.005419	11	2024	13	0	2025-11-14 15:30:09.005419	\N
585	2	59	12	\N	VML_-_VAT_Return_11_2024_-_4_CONTROL_FORM.pdf	uploads/documents/VML_-_VAT_Return_11_2024_-_4_CONTROL_FORM.pdf	2025-11-14 15:30:27.251156	11	2024	13	0	2025-11-14 15:30:27.251156	\N
586	2	59	6	\N	VML_-_VAT_Return_11_2024_-_5_POP.pdf	uploads/documents/VML_-_VAT_Return_11_2024_-_5_POP.pdf	2025-11-14 15:30:35.770817	11	2024	13	0	2025-11-14 15:30:35.770817	\N
587	2	59	19	\N	VML_-_VAT_Return_11_2024_-_6_SALES_(OUTPUT)_SUMMARY.pdf	uploads/documents/VML_-_VAT_Return_11_2024_-_6_SALES_(OUTPUT)_SUMMARY.pdf	2025-11-14 15:30:46.555615	11	2024	13	0	2025-11-14 15:30:46.555615	\N
588	2	59	9	\N	VML_-_VAT_Return_10_2024_-_1_RETURN.pdf	uploads/documents/VML_-_VAT_Return_10_2024_-_1_RETURN.pdf	2025-11-14 15:31:16.63169	10	2024	13	0	2025-11-14 15:31:16.63169	\N
589	2	59	10	\N	VML_-_VAT_Return_10_2024_-_2_ACKNOWLEDGMENT.pdf	uploads/documents/VML_-_VAT_Return_10_2024_-_2_ACKNOWLEDGMENT.pdf	2025-11-14 15:31:21.239722	10	2024	13	0	2025-11-14 15:31:21.239722	\N
590	2	59	11	\N	VML_-_VAT_Return_10_2024_-_3_ASSESMENT.pdf	uploads/documents/VML_-_VAT_Return_10_2024_-_3_ASSESMENT.pdf	2025-11-14 15:31:32.042775	10	2024	13	0	2025-11-14 15:31:32.042775	\N
591	2	59	12	\N	VML_-_VAT_Return_10_2024_-_4_CONTROL_FORM.pdf	uploads/documents/VML_-_VAT_Return_10_2024_-_4_CONTROL_FORM.pdf	2025-11-14 15:31:42.814593	10	2024	13	0	2025-11-14 15:31:42.814593	\N
592	2	59	6	\N	VML_-_VAT_Return_10_2024_-_5_POP.pdf	uploads/documents/VML_-_VAT_Return_10_2024_-_5_POP.pdf	2025-11-14 15:31:53.383493	10	2024	13	0	2025-11-14 15:31:53.383493	\N
593	2	59	14	\N	VML_-_VAT_Return_10_2024_-_6_TRA_RECEIPT.pdf	uploads/documents/VML_-_VAT_Return_10_2024_-_6_TRA_RECEIPT.pdf	2025-11-14 15:32:03.357032	10	2024	13	0	2025-11-14 15:32:03.357032	\N
594	2	59	19	\N	VML_-_VAT_Return_10_2024_-_7_SALES_(OUTPUT)_SUMMARY.pdf	uploads/documents/VML_-_VAT_Return_10_2024_-_7_SALES_(OUTPUT)_SUMMARY.pdf	2025-11-14 15:32:09.253168	10	2024	13	0	2025-11-14 15:32:09.253168	\N
595	2	59	9	\N	VML_-_VAT_Return_09_2024_-_1_RETURN.pdf	uploads/documents/VML_-_VAT_Return_09_2024_-_1_RETURN.pdf	2025-11-14 15:33:16.387343	09	2024	13	0	2025-11-14 15:33:16.387343	\N
596	2	59	10	\N	VML_-_VAT_Return_09_2024_-_2_ACKNOWLEDGEMENT.pdf	uploads/documents/VML_-_VAT_Return_09_2024_-_2_ACKNOWLEDGEMENT.pdf	2025-11-14 15:33:24.497319	09	2024	13	0	2025-11-14 15:33:24.497319	\N
597	2	59	11	\N	VML_-_VAT_Return_09_2024_-_3_ASSESMENT.pdf	uploads/documents/VML_-_VAT_Return_09_2024_-_3_ASSESMENT.pdf	2025-11-14 15:33:32.350663	09	2024	13	0	2025-11-14 15:33:32.350663	\N
598	2	59	19	\N	VML_-_VAT_Return_09_2024_-_4_SALES_(OUTPUT)_SUMMARY.pdf	uploads/documents/VML_-_VAT_Return_09_2024_-_4_SALES_(OUTPUT)_SUMMARY.pdf	2025-11-14 15:33:44.205785	09	2024	13	0	2025-11-14 15:33:44.205785	\N
599	2	59	9	\N	VML_-_VAT_Return_08_2024_-_1_RETURN.pdf	uploads/documents/VML_-_VAT_Return_08_2024_-_1_RETURN.pdf	2025-11-14 15:34:22.790927	08	2024	13	0	2025-11-14 15:34:22.790927	\N
600	2	59	10	\N	VML_-_VAT_Return_08_2024_-_2_ACKNOWLEDGEMENT.pdf	uploads/documents/VML_-_VAT_Return_08_2024_-_2_ACKNOWLEDGEMENT.pdf	2025-11-14 15:34:31.073524	08	2024	13	0	2025-11-14 15:34:31.073524	\N
601	2	59	11	\N	VML_-_VAT_Return_08_2024_-_3_ASSESMENT.pdf	uploads/documents/VML_-_VAT_Return_08_2024_-_3_ASSESMENT.pdf	2025-11-14 15:34:44.999213	08	2024	13	0	2025-11-14 15:34:44.999213	\N
602	2	59	12	\N	VML_-_VAT_Return_08_2024_-_4_CONTROL_FORM.pdf	uploads/documents/VML_-_VAT_Return_08_2024_-_4_CONTROL_FORM.pdf	2025-11-14 15:34:52.238559	08	2024	13	0	2025-11-14 15:34:52.238559	\N
603	2	59	6	\N	VML_-_VAT_Return_08_2024_-_5_POP.pdf	uploads/documents/VML_-_VAT_Return_08_2024_-_5_POP.pdf	2025-11-14 15:35:00.81695	08	2024	13	0	2025-11-14 15:35:00.81695	\N
604	2	59	14	\N	VML_-_VAT_Return_08_2024_-_6_TRA_RECEIPT.pdf	uploads/documents/VML_-_VAT_Return_08_2024_-_6_TRA_RECEIPT.pdf	2025-11-14 15:35:17.702435	08	2024	13	0	2025-11-14 15:35:17.702435	\N
605	2	59	19	\N	VML_-_VAT_Return_08_2024_-_7_SALES_(OUTPUT)_SUMMARY.pdf	uploads/documents/VML_-_VAT_Return_08_2024_-_7_SALES_(OUTPUT)_SUMMARY.pdf	2025-11-14 15:35:27.919301	08	2024	13	0	2025-11-14 15:35:27.919301	\N
606	2	59	9	\N	VML_-_VAT_Return_07_2024_-_1_RETURN.pdf	uploads/documents/VML_-_VAT_Return_07_2024_-_1_RETURN.pdf	2025-11-14 15:36:02.968704	07	2024	13	0	2025-11-14 15:36:02.968704	\N
607	2	59	10	\N	VML_-_VAT_Return_07_2024_-_2_ACKNOWLEDGEMENT.pdf	uploads/documents/VML_-_VAT_Return_07_2024_-_2_ACKNOWLEDGEMENT.pdf	2025-11-14 15:36:07.877035	07	2024	13	0	2025-11-14 15:36:07.877035	\N
608	2	59	11	\N	VML_-_VAT_Return_07_2024_-_3_ASSESMENT.pdf	uploads/documents/VML_-_VAT_Return_07_2024_-_3_ASSESMENT.pdf	2025-11-14 15:36:13.002451	07	2024	13	0	2025-11-14 15:36:13.002451	\N
609	2	59	14	\N	VML_-_VAT_Return_07_2024_-_6_TRA_RECEIPT.pdf	uploads/documents/VML_-_VAT_Return_07_2024_-_6_TRA_RECEIPT.pdf	2025-11-14 15:36:21.071008	07	2024	13	0	2025-11-14 15:36:21.071008	\N
610	2	59	12	\N	VML_-_VAT_Return_07_2024_-_4_CONTROL_FORM.pdf	uploads/documents/VML_-_VAT_Return_07_2024_-_4_CONTROL_FORM.pdf	2025-11-14 15:36:31.089549	07	2024	13	0	2025-11-14 15:36:31.089549	\N
611	2	59	6	\N	VML_-_VAT_Return_07_2024_-_5_POP.pdf	uploads/documents/VML_-_VAT_Return_07_2024_-_5_POP.pdf	2025-11-14 15:36:42.639782	07	2024	13	0	2025-11-14 15:36:42.639782	\N
612	2	59	19	\N	VML_-_VAT_Return_07_2024_-_7_SALES_(OUTPUT)_SUMMARY.pdf	uploads/documents/VML_-_VAT_Return_07_2024_-_7_SALES_(OUTPUT)_SUMMARY.pdf	2025-11-14 15:37:18.754831	07	2024	13	0	2025-11-14 15:37:18.754831	\N
613	2	59	9	\N	VML_-_VAT_Return_06_2024_-_1_RETURN.pdf	uploads/documents/VML_-_VAT_Return_06_2024_-_1_RETURN.pdf	2025-11-14 15:38:03.823872	06	2024	13	0	2025-11-14 15:38:03.823872	\N
614	2	59	10	\N	VML_-_VAT_Return_06_2024_-_2_ACKNOWLEDGEMENT.pdf	uploads/documents/VML_-_VAT_Return_06_2024_-_2_ACKNOWLEDGEMENT.pdf	2025-11-14 15:38:10.622793	06	2024	13	0	2025-11-14 15:38:10.622793	\N
615	2	59	11	\N	VML_-_VAT_Return_06_2024_-_3_ASSESMENT.pdf	uploads/documents/VML_-_VAT_Return_06_2024_-_3_ASSESMENT.pdf	2025-11-14 15:38:18.786661	06	2024	13	0	2025-11-14 15:38:18.786661	\N
616	2	59	12	\N	VML_-_VAT_Return_06_2024_-_4_CONTROL_FORM.pdf	uploads/documents/VML_-_VAT_Return_06_2024_-_4_CONTROL_FORM.pdf	2025-11-14 15:38:30.177759	06	2024	13	0	2025-11-14 15:38:30.177759	\N
617	2	59	6	\N	VML_-_VAT_Return_06_2024_-_5_POP.pdf	uploads/documents/VML_-_VAT_Return_06_2024_-_5_POP.pdf	2025-11-14 15:38:38.382583	06	2024	13	0	2025-11-14 15:38:38.382583	\N
618	2	59	14	\N	VML_-_VAT_Return_06_2024_-_6_TRA_RECEIPT.pdf	uploads/documents/VML_-_VAT_Return_06_2024_-_6_TRA_RECEIPT.pdf	2025-11-14 15:38:45.424099	06	2024	13	0	2025-11-14 15:38:45.424099	\N
619	2	59	19	\N	VML_-_VAT_Return_06_2024_-_7_SALES_(OUTPUT)_SUMMARY.pdf	uploads/documents/VML_-_VAT_Return_06_2024_-_7_SALES_(OUTPUT)_SUMMARY.pdf	2025-11-14 15:38:51.088091	06	2024	13	0	2025-11-14 15:38:51.088091	\N
620	2	59	9	\N	VML_-_VAT_Return_05_2024_-_1_RETURN.pdf	uploads/documents/VML_-_VAT_Return_05_2024_-_1_RETURN.pdf	2025-11-14 15:39:30.11535	05	2024	13	0	2025-11-14 15:39:30.11535	\N
621	2	59	10	\N	VML_-_VAT_Return_05_2024_-_2_ACKNOWLEDGEMENT.pdf	uploads/documents/VML_-_VAT_Return_05_2024_-_2_ACKNOWLEDGEMENT.pdf	2025-11-14 15:39:36.07753	05	2024	13	0	2025-11-14 15:39:36.07753	\N
622	2	59	11	\N	VML_-_VAT_Return_05_2024_-_3_ASSESMENT.pdf	uploads/documents/VML_-_VAT_Return_05_2024_-_3_ASSESMENT.pdf	2025-11-14 15:39:48.512996	05	2024	13	0	2025-11-14 15:39:48.512996	\N
623	2	59	12	\N	VML_-_VAT_Return_05_2024_-_4_CONTROL_FORM.pdf	uploads/documents/VML_-_VAT_Return_05_2024_-_4_CONTROL_FORM.pdf	2025-11-14 15:39:59.851343	05	2024	13	0	2025-11-14 15:39:59.851343	\N
624	2	59	6	\N	VML_-_VAT_Return_05_2024_-_5_POP.pdf	uploads/documents/VML_-_VAT_Return_05_2024_-_5_POP.pdf	2025-11-14 15:40:13.911339	05	2024	13	0	2025-11-14 15:40:13.911339	\N
625	2	59	14	\N	VML_-_VAT_Return_05_2024_-_6_TRA_RECEIPT.pdf	uploads/documents/VML_-_VAT_Return_05_2024_-_6_TRA_RECEIPT.pdf	2025-11-14 15:40:25.865057	05	2024	13	0	2025-11-14 15:40:25.865057	\N
626	2	59	19	\N	VML_-_VAT_Return_05_2024_-_7_SALES_(OUTPUT)_SUMMARY.pdf	uploads/documents/VML_-_VAT_Return_05_2024_-_7_SALES_(OUTPUT)_SUMMARY.pdf	2025-11-14 15:40:33.449034	05	2024	13	0	2025-11-14 15:40:33.449034	\N
185	2	53	14	\N	PAYE_04-APR-25_-_6_TRA_RECEIPT.pdf	uploads/documents/PAYE_04-APR-25_-_6_TRA_RECEIPT.pdf	2025-11-12 20:45:41.392114	04	2025	15	0	2025-11-12 20:45:41.392114	\N
186	2	53	6	\N	PAYE_04-APR-25_-_5_BANK_RECEIPT.pdf	uploads/documents/PAYE_04-APR-25_-_5_BANK_RECEIPT.pdf	2025-11-12 20:46:02.645279	04	2025	15	0	2025-11-12 20:46:02.645279	\N
152	2	51	2	\N	Company_2_Type_1573.pdf	uploads/documents/Company_2_Type_1573.pdf	2025-11-08 18:26:22.974484	11	2025	15	1	2025-11-08 18:26:22.974484	2025-11-10 13:01:24
153	2	50	1	\N	_VML_-_Certificate_of_Incorporation_31749,_04-04-1997.pdf	uploads/documents/_VML_-_Certificate_of_Incorporation_31749,_04-04-1997.pdf	2025-11-11 17:03:44.195936	04	2025	15	0	2025-11-11 17:03:44.195936	\N
154	2	55	1	\N	_VML_-_TIN_100-188-430,_23-08-2016,_NEW.pdf	uploads/documents/_VML_-_TIN_100-188-430,_23-08-2016,_NEW.pdf	2025-11-11 17:04:12.958673	04	2025	15	0	2025-11-11 17:04:12.958673	\N
155	2	56	1	\N	_VML_-_VAT_10-005217-Y,_01-08-1998.pdf	uploads/documents/_VML_-_VAT_10-005217-Y,_01-08-1998.pdf	2025-11-11 17:04:53.753265	04	2025	15	0	2025-11-11 17:04:53.753265	\N
156	2	72	1	\N	_VML_-_NSSF_605859.pdf	uploads/documents/_VML_-_NSSF_605859.pdf	2025-11-11 17:13:57.695607	01	2024	15	0	2025-11-11 17:13:57.695607	\N
157	2	73	1	\N	_VML_-_WCF_000541,_02_09_2017.pdf	uploads/documents/_VML_-_WCF_000541,_02_09_2017.pdf	2025-11-11 17:14:23.326255	01	2024	15	0	2025-11-11 17:14:23.326255	\N
158	2	53	10	\N	PAYE_01-JAN-25_-2_ACKNOWLEDGEMENT_RECEIPT_OF_RETURN.pdf	uploads/documents/PAYE_01-JAN-25_-2_ACKNOWLEDGEMENT_RECEIPT_OF_RETURN.pdf	2025-11-11 19:27:46.227743	01	2025	15	0	2025-11-11 19:27:46.227743	\N
160	2	53	15	\N	PAYE_01-JAN-25_-_7_PAYROLL_OF_THE_MONTH.pdf	uploads/documents/PAYE_01-JAN-25_-_7_PAYROLL_OF_THE_MONTH.pdf	2025-11-11 19:28:59.611028	01	2025	15	0	2025-11-11 19:28:59.611028	\N
161	2	53	12	\N	PAYE_01-JAN-25_-_4_CONTROL_FORM.pdf	uploads/documents/PAYE_01-JAN-25_-_4_CONTROL_FORM.pdf	2025-11-11 19:29:04.597964	01	2025	15	0	2025-11-11 19:29:04.597964	\N
162	2	53	9	\N	PAYE_01-JAN-25_-_1_MONTHLY_RETURN.pdf	uploads/documents/PAYE_01-JAN-25_-_1_MONTHLY_RETURN.pdf	2025-11-11 19:30:24.388048	01	2025	15	0	2025-11-11 19:30:24.388048	\N
163	2	53	14	\N	PAYE_01-JAN-25_-_6_TRA_RECEIPT.pdf	uploads/documents/PAYE_01-JAN-25_-_6_TRA_RECEIPT.pdf	2025-11-11 19:30:42.912783	01	2025	15	0	2025-11-11 19:30:42.912783	\N
164	2	53	6	\N	PAYE_01-JAN-25_-_5_BANK_RECEIPT.pdf	uploads/documents/PAYE_01-JAN-25_-_5_BANK_RECEIPT.pdf	2025-11-11 19:30:54.757303	01	2025	15	0	2025-11-11 19:30:54.757303	\N
159	2	53	11	\N	PAYE_01-JAN-25_-_3_ASSESMENT1.pdf	uploads/documents/PAYE_01-JAN-25_-_3_ASSESMENT1.pdf	2025-11-11 19:27:59.352887	01	2025	15	0	2025-11-11 19:27:59.352887	\N
165	2	53	10	\N	PAYE_01-JAN-25_-2_ACKNOWLEDGEMENT_RECEIPT_OF_RETURN1.pdf	uploads/documents/PAYE_01-JAN-25_-2_ACKNOWLEDGEMENT_RECEIPT_OF_RETURN1.pdf	2025-11-12 17:34:07.613838	02	2025	15	0	2025-11-12 17:34:07.613838	\N
166	2	53	11	\N	PAYE_02-FEB-25_-_3_ASSESMENT.pdf	uploads/documents/PAYE_02-FEB-25_-_3_ASSESMENT.pdf	2025-11-12 17:34:33.564992	02	2025	15	0	2025-11-12 17:34:33.564992	\N
167	2	53	15	\N	PAYE_01-JAN-25_-_7_PAYROLL_OF_THE_MONTH1.pdf	uploads/documents/PAYE_01-JAN-25_-_7_PAYROLL_OF_THE_MONTH1.pdf	2025-11-12 17:35:19.453847	02	2025	15	0	2025-11-12 17:35:19.453847	\N
168	2	53	12	\N	PAYE_01-JAN-25_-_4_CONTROL_FORM1.pdf	uploads/documents/PAYE_01-JAN-25_-_4_CONTROL_FORM1.pdf	2025-11-12 17:35:33.95572	02	2025	15	0	2025-11-12 17:35:33.95572	\N
169	2	53	14	\N	PAYE_01-JAN-25_-_6_TRA_RECEIPT1.pdf	uploads/documents/PAYE_01-JAN-25_-_6_TRA_RECEIPT1.pdf	2025-11-12 17:35:41.624796	02	2025	15	0	2025-11-12 17:35:41.624796	\N
170	2	53	9	\N	PAYE_01-JAN-25_-_1_MONTHLY_RETURN1.pdf	uploads/documents/PAYE_01-JAN-25_-_1_MONTHLY_RETURN1.pdf	2025-11-12 17:35:56.365938	02	2025	15	0	2025-11-12 17:35:56.365938	\N
171	2	53	6	\N	PAYE_01-JAN-25_-_5_BANK_RECEIPT1.pdf	uploads/documents/PAYE_01-JAN-25_-_5_BANK_RECEIPT1.pdf	2025-11-12 17:37:57.919016	02	2025	15	0	2025-11-12 17:37:57.919016	\N
172	2	53	9	\N	PAYE_03-MAR-25_-_1_MONTHLY_RETURN.pdf	uploads/documents/PAYE_03-MAR-25_-_1_MONTHLY_RETURN.pdf	2025-11-12 17:38:43.238927	03	2025	15	0	2025-11-12 17:38:43.238927	\N
173	2	53	10	\N	PAYE_03-MAR-25_-_2_ACKNOWLEDGEMENT_OF_RETURN.pdf	uploads/documents/PAYE_03-MAR-25_-_2_ACKNOWLEDGEMENT_OF_RETURN.pdf	2025-11-12 17:38:56.487307	03	2025	15	0	2025-11-12 17:38:56.487307	\N
174	2	53	15	\N	PAYE_03-MAR-25_-_7_PAYROLL_OF_THE_MONTH.pdf	uploads/documents/PAYE_03-MAR-25_-_7_PAYROLL_OF_THE_MONTH.pdf	2025-11-12 17:39:10.653005	03	2025	15	0	2025-11-12 17:39:10.653005	\N
175	2	53	6	\N	PAYE_03-MAR-25_-_5_BANK_RECEIPT.pdf	uploads/documents/PAYE_03-MAR-25_-_5_BANK_RECEIPT.pdf	2025-11-12 17:39:19.312113	03	2025	15	0	2025-11-12 17:39:19.312113	\N
176	2	53	14	\N	PAYE_03-MAR-25_-_6_TRA_RECEIPT.pdf	uploads/documents/PAYE_03-MAR-25_-_6_TRA_RECEIPT.pdf	2025-11-12 17:40:18.275797	03	2025	15	0	2025-11-12 17:40:18.275797	\N
177	2	53	12	\N	PAYE_03-MAR-25_-_4_CONTROL_FORM.pdf	uploads/documents/PAYE_03-MAR-25_-_4_CONTROL_FORM.pdf	2025-11-12 17:40:25.010708	03	2025	15	0	2025-11-12 17:40:25.010708	\N
178	2	53	11	\N	PAYE_03-MAR-25_-_3_ASSESMENT.pdf	uploads/documents/PAYE_03-MAR-25_-_3_ASSESMENT.pdf	2025-11-12 17:53:39.278634	03	2025	15	0	2025-11-12 17:53:39.278634	\N
179	2	74	1	\N	PAYE_01-JAN-25_-2_ACKNOWLEDGEMENT_RECEIPT_OF_RETURN2.pdf	uploads/documents/PAYE_01-JAN-25_-2_ACKNOWLEDGEMENT_RECEIPT_OF_RETURN2.pdf	2025-11-12 20:23:38.106721	01	2024	15	1	2025-11-12 20:23:38.106721	2025-11-12 20:37:11
180	2	74	1	\N	_VML_-_TIN_100-188-430,_01-07-1999.pdf	uploads/documents/_VML_-_TIN_100-188-430,_01-07-1999.pdf	2025-11-12 20:38:02.270985	01	2025	15	0	2025-11-12 20:38:02.270985	\N
181	2	53	9	\N	PAYE_04-APR-25_-_1_MONTHLY_RETURN.pdf	uploads/documents/PAYE_04-APR-25_-_1_MONTHLY_RETURN.pdf	2025-11-12 20:44:45.149597	04	2025	15	0	2025-11-12 20:44:45.149597	\N
182	2	53	10	\N	PAYE_04-APR-25_-_2_ACKNOWLEDGEMENT_OF_RETURN.pdf	uploads/documents/PAYE_04-APR-25_-_2_ACKNOWLEDGEMENT_OF_RETURN.pdf	2025-11-12 20:44:56.809088	04	2025	15	0	2025-11-12 20:44:56.809088	\N
183	2	53	11	\N	PAYE_04-APR-25_-_3_ASSESMENT.pdf	uploads/documents/PAYE_04-APR-25_-_3_ASSESMENT.pdf	2025-11-12 20:45:03.192172	04	2025	15	0	2025-11-12 20:45:03.192172	\N
187	2	53	15	\N	PAYE_04-APR-25_-_7_PAYROLL_OF_THE_MONTH.pdf	uploads/documents/PAYE_04-APR-25_-_7_PAYROLL_OF_THE_MONTH.pdf	2025-11-12 20:46:07.275692	04	2025	15	0	2025-11-12 20:46:07.275692	\N
188	2	57	9	\N	SDL_04-APR-25_-_1_MOTHLY_RETURN.pdf	uploads/documents/SDL_04-APR-25_-_1_MOTHLY_RETURN.pdf	2025-11-12 20:46:29.772913	04	2025	15	0	2025-11-12 20:46:29.772913	\N
189	2	57	10	\N	SDL_04-APR-25_-_2_ACKNOWLEDGEMENT_OF_RETURN.pdf	uploads/documents/SDL_04-APR-25_-_2_ACKNOWLEDGEMENT_OF_RETURN.pdf	2025-11-12 20:46:36.240565	04	2025	15	0	2025-11-12 20:46:36.240565	\N
190	2	57	11	\N	SDL_04-APR-25_-_3_ASSESMENT.pdf	uploads/documents/SDL_04-APR-25_-_3_ASSESMENT.pdf	2025-11-12 20:46:47.045625	04	2025	15	0	2025-11-12 20:46:47.045625	\N
191	2	57	12	\N	SDL_04-APR-25_-_4_CONTROL_FORM.pdf	uploads/documents/SDL_04-APR-25_-_4_CONTROL_FORM.pdf	2025-11-12 20:46:52.727147	04	2025	15	0	2025-11-12 20:46:52.727147	\N
193	2	57	6	\N	SDL_04-APR-25_-_5_BANK_RECEIPT.pdf	uploads/documents/SDL_04-APR-25_-_5_BANK_RECEIPT.pdf	2025-11-12 20:47:04.535983	04	2025	15	0	2025-11-12 20:47:04.535983	\N
194	2	57	14	\N	PAYE_04-APR-25_-_6_TRA_RECEIPT1.pdf	uploads/documents/PAYE_04-APR-25_-_6_TRA_RECEIPT1.pdf	2025-11-12 20:49:51.641607	04	2025	15	0	2025-11-12 20:49:51.641607	\N
195	2	57	9	\N	SDL_01-JAN-25_-_1_MONTHLY_RETURN.pdf	uploads/documents/SDL_01-JAN-25_-_1_MONTHLY_RETURN.pdf	2025-11-12 20:51:14.578217	01	2025	15	0	2025-11-12 20:51:14.578217	\N
196	2	57	10	\N	SDL_01-JAN-25_-_2_ACKNOWLEDGEMENT_RECEIPT_OF_RETURN.pdf	uploads/documents/SDL_01-JAN-25_-_2_ACKNOWLEDGEMENT_RECEIPT_OF_RETURN.pdf	2025-11-12 20:51:19.675243	01	2025	15	0	2025-11-12 20:51:19.675243	\N
197	2	57	11	\N	SDL_01-JAN-25_-_3_ASSESMENT.pdf	uploads/documents/SDL_01-JAN-25_-_3_ASSESMENT.pdf	2025-11-12 20:51:25.066279	01	2025	15	0	2025-11-12 20:51:25.066279	\N
198	2	57	12	\N	SDL_01-JAN-25-_5_CONTROL_FORM.pdf	uploads/documents/SDL_01-JAN-25-_5_CONTROL_FORM.pdf	2025-11-12 20:51:41.550769	01	2025	15	0	2025-11-12 20:51:41.550769	\N
199	2	57	6	\N	SDL_01-JAN-25_-_5_BANK_RECEIPT.pdf	uploads/documents/SDL_01-JAN-25_-_5_BANK_RECEIPT.pdf	2025-11-12 20:51:51.20718	01	2025	15	0	2025-11-12 20:51:51.20718	\N
200	2	57	14	\N	SDL_01-JAN-25_-_6_TRA_RECEIPT.pdf	uploads/documents/SDL_01-JAN-25_-_6_TRA_RECEIPT.pdf	2025-11-12 20:51:59.099809	01	2025	15	0	2025-11-12 20:51:59.099809	\N
201	2	57	6	\N	SDL_03-MAR-25_-_5_BANK_RECEIPT.pdf	uploads/documents/SDL_03-MAR-25_-_5_BANK_RECEIPT.pdf	2025-11-12 20:53:53.136346	03	2025	15	0	2025-11-12 20:53:53.136346	\N
202	2	57	12	\N	SDL_03-MAR-25_-_4_CONTROL_FORM.pdf	uploads/documents/SDL_03-MAR-25_-_4_CONTROL_FORM.pdf	2025-11-12 20:54:02.249293	03	2025	15	0	2025-11-12 20:54:02.249293	\N
203	2	57	11	\N	SDL_03-MAR-25_-_3_ASSESMENT.pdf	uploads/documents/SDL_03-MAR-25_-_3_ASSESMENT.pdf	2025-11-12 20:54:08.250515	03	2025	15	0	2025-11-12 20:54:08.250515	\N
204	2	57	10	\N	SDL_03-MAR-25_-_2_ACKNOWLDGEMENT_OF_RETURN.pdf	uploads/documents/SDL_03-MAR-25_-_2_ACKNOWLDGEMENT_OF_RETURN.pdf	2025-11-12 20:54:14.673207	03	2025	15	0	2025-11-12 20:54:14.673207	\N
205	2	57	9	\N	SDL_03-MAR-25_-_1_MONTHLY_RETURN.pdf	uploads/documents/SDL_03-MAR-25_-_1_MONTHLY_RETURN.pdf	2025-11-12 20:54:29.576548	03	2025	15	0	2025-11-12 20:54:29.576548	\N
206	2	57	14	\N	SDL_03-MAR-25_-_6_TRA_RECEIPT.pdf	uploads/documents/SDL_03-MAR-25_-_6_TRA_RECEIPT.pdf	2025-11-12 20:54:35.766581	03	2025	15	0	2025-11-12 20:54:35.766581	\N
207	2	57	6	\N	SDL_02-FEB-25_-_5_BANK_RECEIPT.pdf	uploads/documents/SDL_02-FEB-25_-_5_BANK_RECEIPT.pdf	2025-11-12 20:55:16.595	02	2025	15	0	2025-11-12 20:55:16.595	\N
208	2	57	14	\N	SDL_02-FEB-25_-_6_TRA_RECEIPT.pdf	uploads/documents/SDL_02-FEB-25_-_6_TRA_RECEIPT.pdf	2025-11-12 20:55:27.620686	02	2025	15	0	2025-11-12 20:55:27.620686	\N
209	2	57	12	\N	SDL_02-FEB-25_-_4_CONTROL_FORM.pdf	uploads/documents/SDL_02-FEB-25_-_4_CONTROL_FORM.pdf	2025-11-12 20:55:33.135597	02	2025	15	0	2025-11-12 20:55:33.135597	\N
210	2	57	11	\N	SDL_02-FEB-25_-_3_ASSESMENT.pdf	uploads/documents/SDL_02-FEB-25_-_3_ASSESMENT.pdf	2025-11-12 20:55:39.761601	02	2025	15	0	2025-11-12 20:55:39.761601	\N
211	2	57	9	\N	SDL_02-FEB-25_-_1_MONTHLY_RETURN.pdf	uploads/documents/SDL_02-FEB-25_-_1_MONTHLY_RETURN.pdf	2025-11-12 20:55:48.45972	02	2025	15	0	2025-11-12 20:55:48.45972	\N
212	2	57	10	\N	SDL_02-FEB-25_-_2_ACKNOWLEDGEMENT_OF_RETURN.pdf	uploads/documents/SDL_02-FEB-25_-_2_ACKNOWLEDGEMENT_OF_RETURN.pdf	2025-11-12 20:55:55.917521	02	2025	15	0	2025-11-12 20:55:55.917521	\N
213	2	71	24	\N	sample-41.pdf	uploads/documents/sample-41.pdf	2025-11-13 08:50:39.496799	11	2025	15	0	2025-11-13 08:50:39.496799	\N
214	2	51	2	\N	_VML_-_Memorandum_of_Assiciation.PDF	uploads/documents/_VML_-_Memorandum_of_Assiciation.PDF	2025-11-13 10:17:36.125359	01	2024	15	0	2025-11-13 10:17:36.125359	\N
215	2	53	10	\N	PAYE_05_2025_-_2_ACKNOWLDGEMENT_OF_RETURN.pdf	uploads/documents/PAYE_05_2025_-_2_ACKNOWLDGEMENT_OF_RETURN.pdf	2025-11-13 10:53:36.237553	05	2025	15	0	2025-11-13 10:53:36.237553	\N
216	2	53	9	\N	PAYE_05_2025_-_1_MONTHLY_RETURN1.pdf	uploads/documents/PAYE_05_2025_-_1_MONTHLY_RETURN1.pdf	2025-11-13 10:53:54.517238	05	2025	15	0	2025-11-13 10:53:54.517238	\N
217	2	53	11	\N	PAYE_05_2025_-_3_ASSESMENT.pdf	uploads/documents/PAYE_05_2025_-_3_ASSESMENT.pdf	2025-11-13 10:54:27.486111	05	2025	15	0	2025-11-13 10:54:27.486111	\N
218	2	53	12	\N	PAYE_05_2025_-_4_CONTROL_FORM.pdf	uploads/documents/PAYE_05_2025_-_4_CONTROL_FORM.pdf	2025-11-13 10:55:01.050186	05	2025	15	0	2025-11-13 10:55:01.050186	\N
219	2	53	6	\N	PAYE_05_2025_-_5_BANK_RECEIPT.pdf	uploads/documents/PAYE_05_2025_-_5_BANK_RECEIPT.pdf	2025-11-13 10:55:15.706102	05	2025	15	0	2025-11-13 10:55:15.706102	\N
220	2	53	14	\N	PAYE_05_2025_-_6_TRA_RECIPT.pdf	uploads/documents/PAYE_05_2025_-_6_TRA_RECIPT.pdf	2025-11-13 10:55:24.410335	05	2025	15	0	2025-11-13 10:55:24.410335	\N
221	2	53	15	\N	PAYE_05_2025_-_7_PAYROLL_OF_THE_MONTH.pdf	uploads/documents/PAYE_05_2025_-_7_PAYROLL_OF_THE_MONTH.pdf	2025-11-13 10:55:32.705398	05	2025	15	0	2025-11-13 10:55:32.705398	\N
222	2	57	9	\N	SDL_05_2025_-_1_MONTHLY_RETURN.pdf	uploads/documents/SDL_05_2025_-_1_MONTHLY_RETURN.pdf	2025-11-13 10:56:01.435422	05	2025	15	0	2025-11-13 10:56:01.435422	\N
223	2	57	10	\N	SDL_05_2025_-_2_ACKNOWLEDGEMENT_OF_RETURN.pdf	uploads/documents/SDL_05_2025_-_2_ACKNOWLEDGEMENT_OF_RETURN.pdf	2025-11-13 10:56:04.752748	05	2025	15	0	2025-11-13 10:56:04.752748	\N
224	2	57	11	\N	SDL_05_2025_-_3_ASSESMENT.pdf	uploads/documents/SDL_05_2025_-_3_ASSESMENT.pdf	2025-11-13 10:56:40.602846	05	2025	15	0	2025-11-13 10:56:40.602846	\N
225	2	57	12	\N	SDL_05_2025_-_4_CONTROL_FORM.pdf	uploads/documents/SDL_05_2025_-_4_CONTROL_FORM.pdf	2025-11-13 10:56:44.431094	05	2025	15	0	2025-11-13 10:56:44.431094	\N
226	2	57	6	\N	SDL_05_2025_-_5_BANK_RECEIPT.pdf	uploads/documents/SDL_05_2025_-_5_BANK_RECEIPT.pdf	2025-11-13 10:56:48.446585	05	2025	15	0	2025-11-13 10:56:48.446585	\N
227	2	57	14	\N	SDL_05_2025_-_6_TRA_RECEIPT.pdf	uploads/documents/SDL_05_2025_-_6_TRA_RECEIPT.pdf	2025-11-13 10:56:52.605825	05	2025	15	0	2025-11-13 10:56:52.605825	\N
228	2	53	9	\N	PAYE_06_2025_-_1_MONTHLY_RETURN.pdf	uploads/documents/PAYE_06_2025_-_1_MONTHLY_RETURN.pdf	2025-11-13 10:57:17.427933	06	2025	15	0	2025-11-13 10:57:17.427933	\N
230	2	60	21	\N	VML_-_NSSF_(01)_Jan_2025_-_Online_-_1_STANDARD_RECEIPT.pdf	uploads/documents/VML_-_NSSF_(01)_Jan_2025_-_Online_-_1_STANDARD_RECEIPT.pdf	2025-11-13 11:08:14.404848	01	2025	15	0	2025-11-13 11:08:14.404848	\N
231	2	60	12	\N	VML_-_NSSF_(01)_Jan_2025_-_Online_-_2_PAYMENT_ORDER.pdf	uploads/documents/VML_-_NSSF_(01)_Jan_2025_-_Online_-_2_PAYMENT_ORDER.pdf	2025-11-13 11:08:28.704434	01	2025	15	0	2025-11-13 11:08:28.704434	\N
233	2	60	15	\N	VML_-_NSSF_(01)_Jan_2025_-_Online_-_4_EMPLOYEE_LIST_AS_PER_VML.pdf	uploads/documents/VML_-_NSSF_(01)_Jan_2025_-_Online_-_4_EMPLOYEE_LIST_AS_PER_VML.pdf	2025-11-13 11:08:47.377502	01	2025	15	0	2025-11-13 11:08:47.377502	\N
234	2	60	26	\N	VML_-_NSSF_(01)_Jan_2025_-_Online_-_5_EMPLOYEE_LIST_AS_PER_NSSF.pdf	uploads/documents/VML_-_NSSF_(01)_Jan_2025_-_Online_-_5_EMPLOYEE_LIST_AS_PER_NSSF.pdf	2025-11-13 11:08:55.08756	01	2025	15	0	2025-11-13 11:08:55.08756	\N
235	2	63	6	\N	WCF_(01)_Jan-2025_-_1-002_PAYMENT_PROOF1.pdf	uploads/documents/WCF_(01)_Jan-2025_-_1-002_PAYMENT_PROOF1.pdf	2025-11-13 11:09:50.84128	01	2025	15	0	2025-11-13 11:09:50.84128	\N
232	2	60	6	\N	VML_-_NSSF_(01)_Jan_2025_-_Online_-_3_PROOF_OF_PAYMENT1.pdf	uploads/documents/VML_-_NSSF_(01)_Jan_2025_-_Online_-_3_PROOF_OF_PAYMENT1.pdf	2025-11-13 11:08:37.895283	01	2025	15	0	2025-11-13 11:08:37.895283	\N
229	2	53	10	\N	PAYE_06_2025_-_2_ACKNOWLEDGEMENT_OF_RETURN.pdf	uploads/documents/PAYE_06_2025_-_2_ACKNOWLEDGEMENT_OF_RETURN.pdf	2025-11-13 10:57:21.340733	06	2025	15	1	2025-11-13 10:57:21.340733	2025-11-13 17:27:03
237	2	63	12	\N	WCF_(01)_Jan-2025_-_1-001_CONTROL_FORM.pdf	uploads/documents/WCF_(01)_Jan-2025_-_1-001_CONTROL_FORM.pdf	2025-11-13 11:11:36.565661	01	2025	15	0	2025-11-13 11:11:36.565661	\N
238	2	63	27	\N	WCF_(01)_Jan-2025_-_1-003_LIST_OF_EMPLOYEES.pdf	uploads/documents/WCF_(01)_Jan-2025_-_1-003_LIST_OF_EMPLOYEES.pdf	2025-11-13 11:12:01.464408	01	2025	15	0	2025-11-13 11:12:01.464408	\N
239	2	63	22	\N	WCF_(02)_Feb-2025_-_2-001_RECEIPT1.pdf	uploads/documents/WCF_(02)_Feb-2025_-_2-001_RECEIPT1.pdf	2025-11-13 11:13:09.973557	02	2025	15	0	2025-11-13 11:13:09.973557	\N
240	2	63	12	\N	WCF_(02)_Feb-2025_-_2-002_CONTROL_FORM.pdf	uploads/documents/WCF_(02)_Feb-2025_-_2-002_CONTROL_FORM.pdf	2025-11-13 11:13:14.685377	02	2025	15	0	2025-11-13 11:13:14.685377	\N
241	2	63	6	\N	WCF_(02)_Feb-2025_-_2-003_PAYMENT_PROOF.pdf	uploads/documents/WCF_(02)_Feb-2025_-_2-003_PAYMENT_PROOF.pdf	2025-11-13 11:13:17.954644	02	2025	15	0	2025-11-13 11:13:17.954644	\N
242	2	63	27	\N	WCF_(02)_Feb-2025_-_2-004_LIST_OF_EMPLOEES.pdf	uploads/documents/WCF_(02)_Feb-2025_-_2-004_LIST_OF_EMPLOEES.pdf	2025-11-13 11:13:22.331005	02	2025	15	0	2025-11-13 11:13:22.331005	\N
243	2	64	12	\N	HESLB_Payment_for_01-Jan-2025_-_330000_-_GOVERNMENT_BILL.pdf	uploads/documents/HESLB_Payment_for_01-Jan-2025_-_330000_-_GOVERNMENT_BILL.pdf	2025-11-13 11:15:02.04445	01	2025	15	0	2025-11-13 11:15:02.04445	\N
244	2	64	23	\N	HESLB_Payment_for_01-Jan-2025_-_330000_-_EXCHEQUER_RECEIPT.pdf	uploads/documents/HESLB_Payment_for_01-Jan-2025_-_330000_-_EXCHEQUER_RECEIPT.pdf	2025-11-13 11:15:29.229913	01	2025	15	0	2025-11-13 11:15:29.229913	\N
245	2	64	6	\N	HESLB_Payment_for_01-Jan-2025_-_330000_-_PAYMENT_PROOF.pdf	uploads/documents/HESLB_Payment_for_01-Jan-2025_-_330000_-_PAYMENT_PROOF.pdf	2025-11-13 11:15:38.461713	01	2025	15	0	2025-11-13 11:15:38.461713	\N
246	2	64	28	\N	HESLB_Payment_for_01-Jan-2025_-_330000_-_VML_EMPLOYEE_LIST_AS_PER_VML.pdf	uploads/documents/HESLB_Payment_for_01-Jan-2025_-_330000_-_VML_EMPLOYEE_LIST_AS_PER_VML.pdf	2025-11-13 11:16:28.688724	01	2025	15	0	2025-11-13 11:16:28.688724	\N
247	2	64	29	\N	HESLB_Payment_for_01-Jan-2025_-_330000_-_SCHEDULE_OF_EMPLOYEES_AS_PER_HESLB.pdf	uploads/documents/HESLB_Payment_for_01-Jan-2025_-_330000_-_SCHEDULE_OF_EMPLOYEES_AS_PER_HESLB.pdf	2025-11-13 11:16:31.990184	01	2025	15	0	2025-11-13 11:16:31.990184	\N
248	2	59	9	\N	VML_-_VAT_Return_01_2025_-_1_MONTHLY_RETURN.pdf	uploads/documents/VML_-_VAT_Return_01_2025_-_1_MONTHLY_RETURN.pdf	2025-11-13 11:28:31.74974	01	2025	15	0	2025-11-13 11:28:31.74974	\N
249	2	59	10	\N	VML_-_VAT_Return_01_2025_-_2_ACKNOWLEDGEMENT_OF_RETURN.pdf	uploads/documents/VML_-_VAT_Return_01_2025_-_2_ACKNOWLEDGEMENT_OF_RETURN.pdf	2025-11-13 11:28:40.92448	01	2025	15	0	2025-11-13 11:28:40.92448	\N
250	2	59	11	\N	VML_-_VAT_Return_01_2025_-_3_ASSESMENT.pdf	uploads/documents/VML_-_VAT_Return_01_2025_-_3_ASSESMENT.pdf	2025-11-13 11:28:44.432149	01	2025	15	0	2025-11-13 11:28:44.432149	\N
251	2	59	12	\N	VML_-_VAT_Return_01_2025_-_4_CONTROL_FORM.pdf	uploads/documents/VML_-_VAT_Return_01_2025_-_4_CONTROL_FORM.pdf	2025-11-13 11:28:49.468189	01	2025	15	0	2025-11-13 11:28:49.468189	\N
252	2	59	6	\N	VML_-_VAT_Return_01_2025_-_5_BANK_RECEIPT.pdf	uploads/documents/VML_-_VAT_Return_01_2025_-_5_BANK_RECEIPT.pdf	2025-11-13 11:28:53.247456	01	2025	15	0	2025-11-13 11:28:53.247456	\N
253	2	59	14	\N	VML_-_VAT_Return_01_2025_-_6_TRA_RECEIPT.pdf	uploads/documents/VML_-_VAT_Return_01_2025_-_6_TRA_RECEIPT.pdf	2025-11-13 11:29:01.48266	01	2025	15	0	2025-11-13 11:29:01.48266	\N
255	2	65	11	\N	VML_-_City_Service_Levy_(01-03)_Jan-Mar-25_-_ASSESSMENT_FORM.pdf	uploads/documents/VML_-_City_Service_Levy_(01-03)_Jan-Mar-25_-_ASSESSMENT_FORM.pdf	2025-11-13 11:31:56.981553	03	2025	15	0	2025-11-13 11:31:56.981553	\N
256	2	65	12	\N	VML_-_City_Service_Levy_(01-03)_Jan-Mar-25_-_CONTROL_FORM.pdf	uploads/documents/VML_-_City_Service_Levy_(01-03)_Jan-Mar-25_-_CONTROL_FORM.pdf	2025-11-13 11:32:00.403597	03	2025	15	0	2025-11-13 11:32:00.403597	\N
257	2	65	30	\N	VML_-_City_Service_Levy_(01-03)_Jan-Mar-25_-_GEPG_RECEIPT.pdf	uploads/documents/VML_-_City_Service_Levy_(01-03)_Jan-Mar-25_-_GEPG_RECEIPT.pdf	2025-11-13 11:32:05.725727	03	2025	15	0	2025-11-13 11:32:05.725727	\N
258	2	65	6	\N	VML_-_City_Service_Levy_(01-03)_Jan-Mar-25_-_PAYMENT_PROOF.pdf	uploads/documents/VML_-_City_Service_Levy_(01-03)_Jan-Mar-25_-_PAYMENT_PROOF.pdf	2025-11-13 11:32:14.71176	03	2025	15	0	2025-11-13 11:32:14.71176	\N
259	2	66	12	\N	VML_-_Estimated_Tax_Q1_2025_-_PAID_-_1_CONTROL_FORM.pdf	uploads/documents/VML_-_Estimated_Tax_Q1_2025_-_PAID_-_1_CONTROL_FORM.pdf	2025-11-13 11:36:31.971608	03	2025	15	0	2025-11-13 11:36:31.971608	\N
260	2	66	6	\N	VML_-_Estimated_Tax_Q1_2025_-_PAID_-_2_BANK_RECEIPT.pdf	uploads/documents/VML_-_Estimated_Tax_Q1_2025_-_PAID_-_2_BANK_RECEIPT.pdf	2025-11-13 11:36:35.349425	03	2025	15	0	2025-11-13 11:36:35.349425	\N
261	2	66	14	\N	VML_-_Estimated_Tax_Q1_2025_-_PAID_-_3_TRA_RECEIPT.pdf	uploads/documents/VML_-_Estimated_Tax_Q1_2025_-_PAID_-_3_TRA_RECEIPT.pdf	2025-11-13 11:36:38.890734	03	2025	15	0	2025-11-13 11:36:38.890734	\N
263	2	66	10	\N	VML_-_Estimated_Tax_Q1_2025_-_PAID_-_1_ACK.pdf	uploads/documents/VML_-_Estimated_Tax_Q1_2025_-_PAID_-_1_ACK.pdf	2025-11-13 11:39:34.247333	03	2025	15	0	2025-11-13 11:39:34.247333	\N
262	2	66	9	\N	VML_-_Estimated_Tax_Q1_2025_-_PAID_-_1_RETURN.pdf	uploads/documents/VML_-_Estimated_Tax_Q1_2025_-_PAID_-_1_RETURN.pdf	2025-11-13 11:37:09.883289	03	2025	15	0	2025-11-13 11:37:09.883289	\N
264	2	66	11	\N	VML_-_Estimated_Tax_Q1_2025_-_PAID_-_1_ASSESSMENT.pdf	uploads/documents/VML_-_Estimated_Tax_Q1_2025_-_PAID_-_1_ASSESSMENT.pdf	2025-11-13 11:39:47.085496	03	2025	15	0	2025-11-13 11:39:47.085496	\N
265	2	66	10	\N	VML_-_Estimated_Tax_Q1_2025_-_PAID_-_1_ACK1.pdf	uploads/documents/VML_-_Estimated_Tax_Q1_2025_-_PAID_-_1_ACK1.pdf	2025-11-13 11:42:02.640623	06	2025	15	0	2025-11-13 11:42:02.640623	\N
266	2	66	11	\N	VML_-_Estimated_Tax_Q1_2025_-_PAID_-_1_ASSESSMENT1.pdf	uploads/documents/VML_-_Estimated_Tax_Q1_2025_-_PAID_-_1_ASSESSMENT1.pdf	2025-11-13 11:42:05.334398	06	2025	15	0	2025-11-13 11:42:05.334398	\N
267	2	66	9	\N	VML_-_Estimated_Tax_Q1_2025_-_PAID_-_1_RETURN1.pdf	uploads/documents/VML_-_Estimated_Tax_Q1_2025_-_PAID_-_1_RETURN1.pdf	2025-11-13 11:42:22.940364	06	2025	15	0	2025-11-13 11:42:22.940364	\N
269	2	66	12	\N	VML_-_Estimated_Tax_Q2_2025_-_PAID_-_1_CONTROL_FORM.pdf	uploads/documents/VML_-_Estimated_Tax_Q2_2025_-_PAID_-_1_CONTROL_FORM.pdf	2025-11-13 11:42:54.298997	06	2025	15	0	2025-11-13 11:42:54.298997	\N
268	2	66	6	\N	VML_-_Estimated_Tax_Q2_2025_-_PAID_-_2_BANK_RECEIPT.pdf	uploads/documents/VML_-_Estimated_Tax_Q2_2025_-_PAID_-_2_BANK_RECEIPT.pdf	2025-11-13 11:42:31.022275	06	2025	15	0	2025-11-13 11:42:31.022275	\N
270	2	66	14	\N	VML_-_Estimated_Tax_Q2_2025_-_PAID_-_3_TRA_RECEIPT.pdf	uploads/documents/VML_-_Estimated_Tax_Q2_2025_-_PAID_-_3_TRA_RECEIPT.pdf	2025-11-13 11:43:11.298831	06	2025	15	0	2025-11-13 11:43:11.298831	\N
271	2	66	10	\N	VML_-_Estimated_Tax_Q1_2025_-_PAID_-_1_ACK2.pdf	uploads/documents/VML_-_Estimated_Tax_Q1_2025_-_PAID_-_1_ACK2.pdf	2025-11-13 11:43:29.241198	09	2025	15	0	2025-11-13 11:43:29.241198	\N
272	2	66	11	\N	VML_-_Estimated_Tax_Q1_2025_-_PAID_-_1_ASSESSMENT2.pdf	uploads/documents/VML_-_Estimated_Tax_Q1_2025_-_PAID_-_1_ASSESSMENT2.pdf	2025-11-13 11:43:32.447346	09	2025	15	0	2025-11-13 11:43:32.447346	\N
273	2	66	9	\N	VML_-_Estimated_Tax_Q1_2025_-_PAID_-_1_RETURN2.pdf	uploads/documents/VML_-_Estimated_Tax_Q1_2025_-_PAID_-_1_RETURN2.pdf	2025-11-13 11:43:42.230213	09	2025	15	0	2025-11-13 11:43:42.230213	\N
274	2	66	12	\N	VML_-_Estimated_Tax_Q3_2025_-_PAID_-_1_CONTROL_FORM.pdf	uploads/documents/VML_-_Estimated_Tax_Q3_2025_-_PAID_-_1_CONTROL_FORM.pdf	2025-11-13 11:43:50.902294	09	2025	15	0	2025-11-13 11:43:50.902294	\N
275	2	66	6	\N	VML_-_Estimated_Tax_Q3_2025_-_PAID_-_2_BANK_RECEIPT.pdf	uploads/documents/VML_-_Estimated_Tax_Q3_2025_-_PAID_-_2_BANK_RECEIPT.pdf	2025-11-13 11:43:58.817232	09	2025	15	0	2025-11-13 11:43:58.817232	\N
276	2	66	14	\N	VML_-_Estimated_Tax_Q3_2025_-_PAID_-_3_TRA_RECEIPT.pdf	uploads/documents/VML_-_Estimated_Tax_Q3_2025_-_PAID_-_3_TRA_RECEIPT.pdf	2025-11-13 11:44:05.825324	09	2025	15	0	2025-11-13 11:44:05.825324	\N
277	2	60	6	\N	VML_-_NSSF_(02)_Feb_2025_-_Online_-_3_PROOF_OF_PAYMENT.pdf	uploads/documents/VML_-_NSSF_(02)_Feb_2025_-_Online_-_3_PROOF_OF_PAYMENT.pdf	2025-11-13 12:36:19.181387	02	2025	15	0	2025-11-13 12:36:19.181387	\N
279	2	60	12	\N	VML_-_NSSF_(02)_Feb_2025_-_Online_-_2_PAYMENT_ORDER.pdf	uploads/documents/VML_-_NSSF_(02)_Feb_2025_-_Online_-_2_PAYMENT_ORDER.pdf	2025-11-13 12:39:55.901141	02	2025	15	0	2025-11-13 12:39:55.901141	\N
280	2	60	26	\N	VML_-_NSSF_(02)_Feb_2025_-_Online_-_5_EMPLOYEE_LIST_AS_PER_NSSF.pdf	uploads/documents/VML_-_NSSF_(02)_Feb_2025_-_Online_-_5_EMPLOYEE_LIST_AS_PER_NSSF.pdf	2025-11-13 12:40:19.020403	02	2025	15	0	2025-11-13 12:40:19.020403	\N
281	2	60	21	\N	VML_-_NSSF_(02)_Feb_2025_-_Online_-_1_STANDARD_RECEIPT.pdf	uploads/documents/VML_-_NSSF_(02)_Feb_2025_-_Online_-_1_STANDARD_RECEIPT.pdf	2025-11-13 12:40:40.458973	02	2025	15	0	2025-11-13 12:40:40.458973	\N
282	2	60	21	\N	VML_-_NSSF_(03)_Mar_2025_-_Online_-_1_STANDARD_RECEIPT.pdf	uploads/documents/VML_-_NSSF_(03)_Mar_2025_-_Online_-_1_STANDARD_RECEIPT.pdf	2025-11-13 12:45:53.01952	03	2025	15	0	2025-11-13 12:45:53.01952	\N
283	2	60	26	\N	VML_-_NSSF_(03)_Mar_2025_-_Online_-_5_EMPLOYEE_LIST_AS_PER_NSSF.pdf	uploads/documents/VML_-_NSSF_(03)_Mar_2025_-_Online_-_5_EMPLOYEE_LIST_AS_PER_NSSF.pdf	2025-11-13 12:46:07.161666	03	2025	15	0	2025-11-13 12:46:07.161666	\N
284	2	60	12	\N	VML_-_NSSF_(03)_Mar_2025_-_Online_-_2_PAYMENT_ORDER.pdf	uploads/documents/VML_-_NSSF_(03)_Mar_2025_-_Online_-_2_PAYMENT_ORDER.pdf	2025-11-13 12:46:35.490993	03	2025	15	0	2025-11-13 12:46:35.490993	\N
285	2	60	15	\N	VML_-_NSSF_(03)_Mar_2025_-_Online_-_4_EMPLOYEE_LIST_AS_PER_VML.pdf	uploads/documents/VML_-_NSSF_(03)_Mar_2025_-_Online_-_4_EMPLOYEE_LIST_AS_PER_VML.pdf	2025-11-13 12:47:39.90988	03	2025	15	0	2025-11-13 12:47:39.90988	\N
286	2	60	6	\N	VML_-_NSSF_(03)_Mar_2025_-_Online_-_3_PROOF_OF_PAYMENT.pdf	uploads/documents/VML_-_NSSF_(03)_Mar_2025_-_Online_-_3_PROOF_OF_PAYMENT.pdf	2025-11-13 12:47:49.225298	03	2025	15	0	2025-11-13 12:47:49.225298	\N
287	2	60	21	\N	VML_-_NSSF_(04)_Apr_2025_-_Online_-_1_STANDARD_RECEIPT.pdf	uploads/documents/VML_-_NSSF_(04)_Apr_2025_-_Online_-_1_STANDARD_RECEIPT.pdf	2025-11-13 12:49:18.657884	04	2025	15	0	2025-11-13 12:49:18.657884	\N
288	2	60	6	\N	VML_-_NSSF_(04)_Apr_2025_-_Online_-_3_PROOF_OF_PAYMENT.pdf	uploads/documents/VML_-_NSSF_(04)_Apr_2025_-_Online_-_3_PROOF_OF_PAYMENT.pdf	2025-11-13 12:49:24.787439	04	2025	15	0	2025-11-13 12:49:24.787439	\N
289	2	60	15	\N	VML_-_NSSF_(04)_Apr_2025_-_Online_-_4_EMPLOYEE_LIST_AS_PER_VML.pdf	uploads/documents/VML_-_NSSF_(04)_Apr_2025_-_Online_-_4_EMPLOYEE_LIST_AS_PER_VML.pdf	2025-11-13 12:49:38.042802	04	2025	15	0	2025-11-13 12:49:38.042802	\N
290	2	60	26	\N	VML_-_NSSF_(04)_Apr_2025_-_Online_-_5_EMPLOYEE_LIST_AS_PER_NSSF.pdf	uploads/documents/VML_-_NSSF_(04)_Apr_2025_-_Online_-_5_EMPLOYEE_LIST_AS_PER_NSSF.pdf	2025-11-13 12:50:00.548234	04	2025	15	0	2025-11-13 12:50:00.548234	\N
291	2	60	12	\N	VML_-_NSSF_(04)_Apr_2025_-_Online_-_2_PAYMENT_ORDER.pdf	uploads/documents/VML_-_NSSF_(04)_Apr_2025_-_Online_-_2_PAYMENT_ORDER.pdf	2025-11-13 12:50:22.060584	04	2025	15	0	2025-11-13 12:50:22.060584	\N
292	2	60	21	\N	VML_-_NSSF_(05)_May_2025_-_Online_-_1_STANDARD_RECEIPT.pdf	uploads/documents/VML_-_NSSF_(05)_May_2025_-_Online_-_1_STANDARD_RECEIPT.pdf	2025-11-13 12:53:11.806296	05	2025	15	0	2025-11-13 12:53:11.806296	\N
293	2	60	26	\N	VML_-_NSSF_(05)_May_2025_-_Online_-_5_EMPLOYEE_LIS_AS_PER_NSSF.pdf	uploads/documents/VML_-_NSSF_(05)_May_2025_-_Online_-_5_EMPLOYEE_LIS_AS_PER_NSSF.pdf	2025-11-13 12:53:21.225933	05	2025	15	0	2025-11-13 12:53:21.225933	\N
294	2	60	12	\N	VML_-_NSSF_(05)_May_2025_-_Online_-_2_PAYMENT_ORDER.pdf	uploads/documents/VML_-_NSSF_(05)_May_2025_-_Online_-_2_PAYMENT_ORDER.pdf	2025-11-13 12:53:38.346731	05	2025	15	0	2025-11-13 12:53:38.346731	\N
295	2	60	15	\N	VML_-_NSSF_(05)_May_2025_-_Online_-_4_EMPLOYEE_LIST_AS_PER_VML.pdf	uploads/documents/VML_-_NSSF_(05)_May_2025_-_Online_-_4_EMPLOYEE_LIST_AS_PER_VML.pdf	2025-11-13 12:54:12.905477	05	2025	15	0	2025-11-13 12:54:12.905477	\N
296	2	60	6	\N	VML_-_NSSF_(05)_May_2025_-_Online_-_3_PROOF_OF_PAYMENT.pdf	uploads/documents/VML_-_NSSF_(05)_May_2025_-_Online_-_3_PROOF_OF_PAYMENT.pdf	2025-11-13 12:54:29.440966	05	2025	15	0	2025-11-13 12:54:29.440966	\N
297	2	60	21	\N	VML_-_NSSF_(06)_June_2025_-_Online_-_1_STANDARD_RECEIPT.pdf	uploads/documents/VML_-_NSSF_(06)_June_2025_-_Online_-_1_STANDARD_RECEIPT.pdf	2025-11-13 12:55:31.45127	06	2025	15	0	2025-11-13 12:55:31.45127	\N
298	2	60	15	\N	VML_-_NSSF_(06)_June_2025_-_Online_-_4_EMPLOYEE_LIST_AS_PER_VML.pdf	uploads/documents/VML_-_NSSF_(06)_June_2025_-_Online_-_4_EMPLOYEE_LIST_AS_PER_VML.pdf	2025-11-13 12:55:59.206239	06	2025	15	0	2025-11-13 12:55:59.206239	\N
299	2	60	6	\N	VML_-_NSSF_(06)_June_2025_-_Online_-_3_PROOF_OF_PAYMENT.pdf	uploads/documents/VML_-_NSSF_(06)_June_2025_-_Online_-_3_PROOF_OF_PAYMENT.pdf	2025-11-13 12:56:22.651581	06	2025	15	0	2025-11-13 12:56:22.651581	\N
300	2	60	26	\N	VML_-_NSSF_(06)_June_2025_-_Online_-_5_EMPLOYEE_LIST_AS_PER_NSSF.pdf	uploads/documents/VML_-_NSSF_(06)_June_2025_-_Online_-_5_EMPLOYEE_LIST_AS_PER_NSSF.pdf	2025-11-13 12:56:45.8718	06	2025	15	0	2025-11-13 12:56:45.8718	\N
301	2	60	12	\N	VML_-_NSSF_(06)_June_2025_-_Online_-_2_PAYMENT_ORDER.pdf	uploads/documents/VML_-_NSSF_(06)_June_2025_-_Online_-_2_PAYMENT_ORDER.pdf	2025-11-13 12:56:57.004448	06	2025	15	0	2025-11-13 12:56:57.004448	\N
302	2	60	21	\N	VML_-_NSSF_(07)_July_2025_-_Online_-_1_STANDARD_RECEIPT.pdf	uploads/documents/VML_-_NSSF_(07)_July_2025_-_Online_-_1_STANDARD_RECEIPT.pdf	2025-11-13 12:57:54.365549	07	2025	15	0	2025-11-13 12:57:54.365549	\N
303	2	60	12	\N	VML_-_NSSF_(07)_July_2025_-_Online_-_2_PAYMENT_ORDER.pdf	uploads/documents/VML_-_NSSF_(07)_July_2025_-_Online_-_2_PAYMENT_ORDER.pdf	2025-11-13 12:58:17.307564	07	2025	15	0	2025-11-13 12:58:17.307564	\N
304	2	60	26	\N	VML_-_NSSF_(07)_July_2025_-_Online_-_5_EMPLOYEE_LIST_AS_PER_NSSF.pdf	uploads/documents/VML_-_NSSF_(07)_July_2025_-_Online_-_5_EMPLOYEE_LIST_AS_PER_NSSF.pdf	2025-11-13 12:58:38.672098	07	2025	15	0	2025-11-13 12:58:38.672098	\N
305	2	60	15	\N	VML_-_NSSF_(07)_July_2025_-_Online_-_4_EMPLOYEE_LIST_AS_PER_VML.pdf	uploads/documents/VML_-_NSSF_(07)_July_2025_-_Online_-_4_EMPLOYEE_LIST_AS_PER_VML.pdf	2025-11-13 12:58:51.802679	07	2025	15	0	2025-11-13 12:58:51.802679	\N
306	2	60	6	\N	VML_-_NSSF_(07)_July_2025_-_Online_-_3_PROOF_OF_PAYMENT.pdf	uploads/documents/VML_-_NSSF_(07)_July_2025_-_Online_-_3_PROOF_OF_PAYMENT.pdf	2025-11-13 12:59:02.175188	07	2025	15	0	2025-11-13 12:59:02.175188	\N
307	2	60	21	\N	VML_-_NSSF_(08)_Aug_2025_-_Online_-_1_STANDARD_RECEIPT.pdf	uploads/documents/VML_-_NSSF_(08)_Aug_2025_-_Online_-_1_STANDARD_RECEIPT.pdf	2025-11-13 13:01:08.62411	08	2025	15	0	2025-11-13 13:01:08.62411	\N
308	2	60	12	\N	VML_-_NSSF_(08)_Aug_2025_-_Online_-_2_PAYMENT_ORDER.pdf	uploads/documents/VML_-_NSSF_(08)_Aug_2025_-_Online_-_2_PAYMENT_ORDER.pdf	2025-11-13 13:01:50.601327	08	2025	15	0	2025-11-13 13:01:50.601327	\N
420	2	59	11	\N	VML_-_VAT_Return_10_2025_-_3_ASSESMENT.pdf	uploads/documents/VML_-_VAT_Return_10_2025_-_3_ASSESMENT.pdf	2025-11-14 08:18:09.442948	10	2025	15	0	2025-11-14 08:18:09.442948	\N
310	2	60	15	\N	VML_-_NSSF_(08)_Aug_2025_-_Online_-_4_EMPLOYEE_LIST_AS_PER_VML.pdf	uploads/documents/VML_-_NSSF_(08)_Aug_2025_-_Online_-_4_EMPLOYEE_LIST_AS_PER_VML.pdf	2025-11-13 13:02:15.634647	08	2025	15	0	2025-11-13 13:02:15.634647	\N
311	2	60	26	\N	VML_-_NSSF_(08)_Aug_2025_-_Online_-_5_EMPLOYEE_LIST_AS_PER_NSSF.pdf	uploads/documents/VML_-_NSSF_(08)_Aug_2025_-_Online_-_5_EMPLOYEE_LIST_AS_PER_NSSF.pdf	2025-11-13 13:02:30.896362	08	2025	15	0	2025-11-13 13:02:30.896362	\N
312	2	60	21	\N	VML_-_NSSF_(09)_Sep_2025_-_Online_-_1_STANDARD_RECEIPT.pdf	uploads/documents/VML_-_NSSF_(09)_Sep_2025_-_Online_-_1_STANDARD_RECEIPT.pdf	2025-11-13 13:05:05.651666	09	2025	15	0	2025-11-13 13:05:05.651666	\N
313	2	60	12	\N	VML_-_NSSF_(09)_Sep_2025_-_Online_-_2_PAYMENT_ORDER.pdf	uploads/documents/VML_-_NSSF_(09)_Sep_2025_-_Online_-_2_PAYMENT_ORDER.pdf	2025-11-13 13:05:19.34632	09	2025	15	0	2025-11-13 13:05:19.34632	\N
314	2	60	6	\N	VML_-_NSSF_(09)_Sep_2025_-_Online_-_3_PROOF_OF_PAYMENT.pdf	uploads/documents/VML_-_NSSF_(09)_Sep_2025_-_Online_-_3_PROOF_OF_PAYMENT.pdf	2025-11-13 13:05:32.960326	09	2025	15	0	2025-11-13 13:05:32.960326	\N
315	2	60	15	\N	VML_-_NSSF_(09)_Sep_2025_-_Online_-_4_EMPLOYEE_LIST_AS_PER_VML.pdf	uploads/documents/VML_-_NSSF_(09)_Sep_2025_-_Online_-_4_EMPLOYEE_LIST_AS_PER_VML.pdf	2025-11-13 13:05:45.687292	09	2025	15	0	2025-11-13 13:05:45.687292	\N
316	2	60	26	\N	VML_-_NSSF_(09)_Sep_2025_-_Online_-_5_EMPLOYEE_LIST_AS_PER_NSSF.pdf	uploads/documents/VML_-_NSSF_(09)_Sep_2025_-_Online_-_5_EMPLOYEE_LIST_AS_PER_NSSF.pdf	2025-11-13 13:06:02.639165	09	2025	15	0	2025-11-13 13:06:02.639165	\N
651	2	53	6	\N	PAYE_01-JAN-24_-_5_POP.pdf	uploads/documents/PAYE_01-JAN-24_-_5_POP.pdf	2025-11-17 12:40:51.088008	01	2024	13	0	2025-11-17 12:40:51.088008	\N
317	2	60	21	\N	VML_-_NSSF_(10)_Oct_2025_-_Online_-_1_STANDARD_RECEIPT.pdf	uploads/documents/VML_-_NSSF_(10)_Oct_2025_-_Online_-_1_STANDARD_RECEIPT.pdf	2025-11-13 13:09:42.669411	10	2025	15	0	2025-11-13 13:09:42.669411	\N
319	2	60	6	\N	VML_-_NSSF_(10)_Oct_2025_-_Online_-3_PROOF_OF_PAYMENT.pdf	uploads/documents/VML_-_NSSF_(10)_Oct_2025_-_Online_-3_PROOF_OF_PAYMENT.pdf	2025-11-13 13:10:13.000362	10	2025	15	0	2025-11-13 13:10:13.000362	\N
320	2	60	15	\N	VML_-_NSSF_(10)_Oct_2025_-_Online_-4_EMPLOYEE_LIST_AS_PER_VML.pdf	uploads/documents/VML_-_NSSF_(10)_Oct_2025_-_Online_-4_EMPLOYEE_LIST_AS_PER_VML.pdf	2025-11-13 13:10:27.083393	10	2025	15	0	2025-11-13 13:10:27.083393	\N
321	2	53	11	\N	PAYE_06_2025_-_3_ASSESMENT.pdf	uploads/documents/PAYE_06_2025_-_3_ASSESMENT.pdf	2025-11-13 17:24:10.747685	06	2025	15	0	2025-11-13 17:24:10.747685	\N
322	2	53	12	\N	PAYE_06_2025_-_4_CONTROL_FORM.pdf	uploads/documents/PAYE_06_2025_-_4_CONTROL_FORM.pdf	2025-11-13 17:24:15.490292	06	2025	15	0	2025-11-13 17:24:15.490292	\N
323	2	53	6	\N	PAYE_06_2025_-_5_BANK_RECEIPT.pdf	uploads/documents/PAYE_06_2025_-_5_BANK_RECEIPT.pdf	2025-11-13 17:24:24.722813	06	2025	15	0	2025-11-13 17:24:24.722813	\N
324	2	53	14	\N	PAYE_06_2025_-_6_TRA_RECEIPT.pdf	uploads/documents/PAYE_06_2025_-_6_TRA_RECEIPT.pdf	2025-11-13 17:24:28.713152	06	2025	15	0	2025-11-13 17:24:28.713152	\N
325	2	53	15	\N	PAYE_06_2025_-_7_PAYROLL_OF_THE_MONTH.pdf	uploads/documents/PAYE_06_2025_-_7_PAYROLL_OF_THE_MONTH.pdf	2025-11-13 17:24:35.073881	06	2025	15	0	2025-11-13 17:24:35.073881	\N
326	2	57	9	\N	SDL_06_2025_-_1_MONTHLY_RETURN.pdf	uploads/documents/SDL_06_2025_-_1_MONTHLY_RETURN.pdf	2025-11-13 17:24:55.642132	06	2025	15	0	2025-11-13 17:24:55.642132	\N
328	2	57	12	\N	SDL_06_2025_-_4_CONTROL_FORM.pdf	uploads/documents/SDL_06_2025_-_4_CONTROL_FORM.pdf	2025-11-13 17:25:06.6823	06	2025	15	0	2025-11-13 17:25:06.6823	\N
329	2	57	6	\N	SDL_06_2025_-_5_BANK_RECEIPT.pdf	uploads/documents/SDL_06_2025_-_5_BANK_RECEIPT.pdf	2025-11-13 17:25:11.921502	06	2025	15	0	2025-11-13 17:25:11.921502	\N
330	2	57	14	\N	SDL_06_2025_-_6_TRA_RECEIPT.pdf	uploads/documents/SDL_06_2025_-_6_TRA_RECEIPT.pdf	2025-11-13 17:25:20.106792	06	2025	15	0	2025-11-13 17:25:20.106792	\N
327	2	57	11	\N	SDL_06_2025_-_3_ASSESMENT.pdf	uploads/documents/SDL_06_2025_-_3_ASSESMENT.pdf	2025-11-13 17:24:59.489833	06	2025	15	0	2025-11-13 17:24:59.489833	\N
331	2	57	10	\N	SDL_06_2025_-_2_ACKNOWLEDGEMENT_OF_RETURN2.pdf	uploads/documents/SDL_06_2025_-_2_ACKNOWLEDGEMENT_OF_RETURN2.pdf	2025-11-13 17:25:24.93001	06	2025	15	0	2025-11-13 17:25:24.93001	\N
332	2	53	10	\N	PAYE_06_2025_-_2_ACKNOWLEDGEMENT_OF_RETURN1.pdf	uploads/documents/PAYE_06_2025_-_2_ACKNOWLEDGEMENT_OF_RETURN1.pdf	2025-11-13 17:27:38.302286	06	2025	15	0	2025-11-13 17:27:38.302286	\N
254	2	59	19	\N	VML_-_VAT_Return_01_2025_-_7_SALES_(OUTPUT)_SUMMARY.pdf	uploads/documents/VML_-_VAT_Return_01_2025_-_7_SALES_(OUTPUT)_SUMMARY.pdf	2025-11-13 11:30:24.138828	01	2025	15	0	2025-11-13 11:30:24.138828	\N
341	2	64	23	\N	HESLB_Payment_for_10-Oct-2025_-_136,983_-_EXCHEQUER_RECEIPT.pdf	uploads/documents/HESLB_Payment_for_10-Oct-2025_-_136,983_-_EXCHEQUER_RECEIPT.pdf	2025-11-14 07:05:55.979582	10	2025	15	0	2025-11-14 07:05:55.979582	\N
342	2	64	6	\N	HESLB_Payment_for_10-Oct-2025_-_136,983_-_PAYMENT_PROOF.pdf	uploads/documents/HESLB_Payment_for_10-Oct-2025_-_136,983_-_PAYMENT_PROOF.pdf	2025-11-14 07:06:36.205285	10	2025	15	0	2025-11-14 07:06:36.205285	\N
343	2	64	12	\N	HESLB_Payment_for_10-Oct-2025_-_136,983_-_GOVERNMENT_BILL.pdf	uploads/documents/HESLB_Payment_for_10-Oct-2025_-_136,983_-_GOVERNMENT_BILL.pdf	2025-11-14 07:06:44.673186	10	2025	15	0	2025-11-14 07:06:44.673186	\N
344	2	64	28	\N	HESLB_Payment_for_10-Oct-2025_-_136,983_-_VML_EMPLOYEE_LIST_AS_PER_VML.pdf	uploads/documents/HESLB_Payment_for_10-Oct-2025_-_136,983_-_VML_EMPLOYEE_LIST_AS_PER_VML.pdf	2025-11-14 07:06:53.565336	10	2025	15	0	2025-11-14 07:06:53.565336	\N
345	2	64	29	\N	HESLB_Payment_for_10-Oct-2025_-_136,983_-_SCHEDULE_OF_EMPLOYEES_AS_PER_HESLB.pdf	uploads/documents/HESLB_Payment_for_10-Oct-2025_-_136,983_-_SCHEDULE_OF_EMPLOYEES_AS_PER_HESLB.pdf	2025-11-14 07:07:06.573652	10	2025	15	0	2025-11-14 07:07:06.573652	\N
346	2	64	23	\N	HESLB_Payment_for_09-Sep-2025_-_180,000_-_EXCHEQUER_RECEIPT.pdf	uploads/documents/HESLB_Payment_for_09-Sep-2025_-_180,000_-_EXCHEQUER_RECEIPT.pdf	2025-11-14 07:07:31.533538	09	2025	15	0	2025-11-14 07:07:31.533538	\N
335	2	59	11	\N	VML_-_VAT_Return_02_2025_-3_ASSESMENT.pdf	uploads/documents/VML_-_VAT_Return_02_2025_-3_ASSESMENT.pdf	2025-11-14 06:49:22.161673	02	2025	15	0	2025-11-14 06:49:22.161673	\N
333	2	59	9	\N	VML_-_VAT_Return_02_2025_-_1_MONTHLY_RETURN2.pdf	uploads/documents/VML_-_VAT_Return_02_2025_-_1_MONTHLY_RETURN2.pdf	2025-11-14 06:49:08.53582	02	2025	15	0	2025-11-14 06:49:08.53582	\N
337	2	59	19	\N	VML-VAT_Return_02_2025_-_4_SALES_(OUTPUT)_SUMMARY.pdf	uploads/documents/VML-VAT_Return_02_2025_-_4_SALES_(OUTPUT)_SUMMARY.pdf	2025-11-14 06:57:08.773802	02	2025	15	0	2025-11-14 06:57:08.773802	\N
347	2	64	29	\N	HESLB_Payment_for_09-Sep-2025_-_180,000_-_SCHEDULE_OF_EMPLOYEES_AS_PER_HESLB.pdf	uploads/documents/HESLB_Payment_for_09-Sep-2025_-_180,000_-_SCHEDULE_OF_EMPLOYEES_AS_PER_HESLB.pdf	2025-11-14 07:07:42.48025	09	2025	15	0	2025-11-14 07:07:42.48025	\N
348	2	64	28	\N	HESLB_Payment_for_09-Sep-2025_-_180,000_-_VML_EMPLOYEE_LIST_AS_PER_VML.pdf	uploads/documents/HESLB_Payment_for_09-Sep-2025_-_180,000_-_VML_EMPLOYEE_LIST_AS_PER_VML.pdf	2025-11-14 07:07:55.386162	09	2025	15	0	2025-11-14 07:07:55.386162	\N
349	2	64	6	\N	HESLB_Payment_for_09-Sep-2025_-_180,000_-_PAYMENT_PROOF.pdf	uploads/documents/HESLB_Payment_for_09-Sep-2025_-_180,000_-_PAYMENT_PROOF.pdf	2025-11-14 07:08:02.193293	09	2025	15	0	2025-11-14 07:08:02.193293	\N
350	2	64	12	\N	HESLB_Payment_for_09-Sep-2025_-_180,000_-_GOVERNMENT_BILL.pdf	uploads/documents/HESLB_Payment_for_09-Sep-2025_-_180,000_-_GOVERNMENT_BILL.pdf	2025-11-14 07:08:11.02876	09	2025	15	0	2025-11-14 07:08:11.02876	\N
351	2	64	12	\N	HESLB_Payment_for_08-Aug-2025_-_180,000_-_GOVERNMENT_BILL.pdf	uploads/documents/HESLB_Payment_for_08-Aug-2025_-_180,000_-_GOVERNMENT_BILL.pdf	2025-11-14 07:08:39.430727	08	2025	15	0	2025-11-14 07:08:39.430727	\N
352	2	64	6	\N	HESLB_Payment_for_08-Aug-2025_-_180,000_-_PAYMENT_PROOF.pdf	uploads/documents/HESLB_Payment_for_08-Aug-2025_-_180,000_-_PAYMENT_PROOF.pdf	2025-11-14 07:08:48.394376	08	2025	15	0	2025-11-14 07:08:48.394376	\N
353	2	64	28	\N	HESLB_Payment_for_08-Aug-2025_-_180,000_-_VML_EMPLOEE_LIST_AS_PER_VML.pdf	uploads/documents/HESLB_Payment_for_08-Aug-2025_-_180,000_-_VML_EMPLOEE_LIST_AS_PER_VML.pdf	2025-11-14 07:08:56.01865	08	2025	15	0	2025-11-14 07:08:56.01865	\N
354	2	64	29	\N	HESLB_Payment_for_08-Aug-2025_-_180,000_-_SCHEDULE_OF_EMPLOYEES_AS_PER_HESLB.pdf	uploads/documents/HESLB_Payment_for_08-Aug-2025_-_180,000_-_SCHEDULE_OF_EMPLOYEES_AS_PER_HESLB.pdf	2025-11-14 07:09:05.425096	08	2025	15	0	2025-11-14 07:09:05.425096	\N
355	2	64	23	\N	HESLB_Payment_for_08-Aug-2025_-_180,000_-_EXCHEQUER_RECEIPT.pdf	uploads/documents/HESLB_Payment_for_08-Aug-2025_-_180,000_-_EXCHEQUER_RECEIPT.pdf	2025-11-14 07:09:17.626062	08	2025	15	0	2025-11-14 07:09:17.626062	\N
356	2	64	23	\N	HESLB_Payment_for_07-July-2025_-_180,000_-_EXCHEQUER_RECEIPT.pdf	uploads/documents/HESLB_Payment_for_07-July-2025_-_180,000_-_EXCHEQUER_RECEIPT.pdf	2025-11-14 07:09:44.270092	07	2025	15	0	2025-11-14 07:09:44.270092	\N
340	2	58	10	\N	01_2025_WITHHOLDING_TAX_-_2_ACKNOWLEDGEMENT_OF_RETURN.pdf	uploads/documents/01_2025_WITHHOLDING_TAX_-_2_ACKNOWLEDGEMENT_OF_RETURN.pdf	2025-11-14 07:03:14.780463	01	2025	15	1	2025-11-14 07:03:14.780463	2025-11-24 08:33:10
339	2	58	11	\N	01_2025_WITHHOLDING_TAX_-_3_ASSESMENT.pdf	uploads/documents/01_2025_WITHHOLDING_TAX_-_3_ASSESMENT.pdf	2025-11-14 07:03:05.400414	01	2025	15	1	2025-11-14 07:03:05.400414	2025-11-24 08:33:12
357	2	64	29	\N	HESLB_Payment_for_07-July-2025_-_180,000_-_SCHEDULE_OF_EMPLOYEES_AS_PER_HESLB.pdf	uploads/documents/HESLB_Payment_for_07-July-2025_-_180,000_-_SCHEDULE_OF_EMPLOYEES_AS_PER_HESLB.pdf	2025-11-14 07:09:53.523142	07	2025	15	0	2025-11-14 07:09:53.523142	\N
358	2	64	28	\N	HESLB_Payment_for_07-July-2025_-_180,000_-_VML_EMPLOYEE_LIST_AS_PER_VML.pdf	uploads/documents/HESLB_Payment_for_07-July-2025_-_180,000_-_VML_EMPLOYEE_LIST_AS_PER_VML.pdf	2025-11-14 07:10:01.812673	07	2025	15	0	2025-11-14 07:10:01.812673	\N
359	2	64	12	\N	HESLB_Payment_for_07-July-2025_-_180,000_-_GOVERNMENT_BILL.pdf	uploads/documents/HESLB_Payment_for_07-July-2025_-_180,000_-_GOVERNMENT_BILL.pdf	2025-11-14 07:10:09.393627	07	2025	15	0	2025-11-14 07:10:09.393627	\N
360	2	64	6	\N	HESLB_Payment_for_07-July-2025_-_180,000_-_PAYMENT_PROOF.pdf	uploads/documents/HESLB_Payment_for_07-July-2025_-_180,000_-_PAYMENT_PROOF.pdf	2025-11-14 07:10:14.299888	07	2025	15	0	2025-11-14 07:10:14.299888	\N
361	2	64	28	\N	HESLB_Payment_for_06-June-2025_-_184,294_95_VML_EMPLOYEE_LIST_AS_PER_VML.pdf	uploads/documents/HESLB_Payment_for_06-June-2025_-_184,294_95_VML_EMPLOYEE_LIST_AS_PER_VML.pdf	2025-11-14 07:10:34.745231	06	2025	15	0	2025-11-14 07:10:34.745231	\N
362	2	64	29	\N	HESLB_Payment_for_06-June-2025_-_184,294_95_-_SCHEDULE_OF_EMPLOYEES_AS_PER_HESLB.pdf	uploads/documents/HESLB_Payment_for_06-June-2025_-_184,294_95_-_SCHEDULE_OF_EMPLOYEES_AS_PER_HESLB.pdf	2025-11-14 07:10:42.400629	06	2025	15	0	2025-11-14 07:10:42.400629	\N
363	2	64	6	\N	HESLB_Payment_for_06-June-2025_-_184,294_95_-_PAYMENT_PROOF.pdf	uploads/documents/HESLB_Payment_for_06-June-2025_-_184,294_95_-_PAYMENT_PROOF.pdf	2025-11-14 07:10:47.757164	06	2025	15	0	2025-11-14 07:10:47.757164	\N
364	2	64	23	\N	HESLB_Payment_for_06-June-2025_-_184,294_95_-_EXCHEQUER_RECEIPT.pdf	uploads/documents/HESLB_Payment_for_06-June-2025_-_184,294_95_-_EXCHEQUER_RECEIPT.pdf	2025-11-14 07:10:58.287946	06	2025	15	0	2025-11-14 07:10:58.287946	\N
365	2	64	12	\N	HESLB_Payment_for_06-June-2025_-_184,294_95_-_GOVERNMENT_BILL.pdf	uploads/documents/HESLB_Payment_for_06-June-2025_-_184,294_95_-_GOVERNMENT_BILL.pdf	2025-11-14 07:11:07.064536	06	2025	15	0	2025-11-14 07:11:07.064536	\N
366	2	64	28	\N	HESLB_Payment_for_05-May-2025_-_390000_-_VML_EMPLOYEE_LIST_AS_PER_VML.pdf	uploads/documents/HESLB_Payment_for_05-May-2025_-_390000_-_VML_EMPLOYEE_LIST_AS_PER_VML.pdf	2025-11-14 07:11:26.895661	05	2025	15	0	2025-11-14 07:11:26.895661	\N
367	2	64	12	\N	HESLB_Payment_for_05-May-2025_-_390000_-_GOVERNMENT_BILL.pdf	uploads/documents/HESLB_Payment_for_05-May-2025_-_390000_-_GOVERNMENT_BILL.pdf	2025-11-14 07:11:46.399357	05	2025	15	0	2025-11-14 07:11:46.399357	\N
368	2	64	6	\N	HESLB_Payment_for_05-May-2025_-_390000_-_PAYMENT_PROOF.pdf	uploads/documents/HESLB_Payment_for_05-May-2025_-_390000_-_PAYMENT_PROOF.pdf	2025-11-14 07:11:54.130532	05	2025	15	0	2025-11-14 07:11:54.130532	\N
369	2	64	23	\N	HESLB_Payment_for_05-May-2025_-_390000_-_EXCHEQUER_RECEIPT.pdf	uploads/documents/HESLB_Payment_for_05-May-2025_-_390000_-_EXCHEQUER_RECEIPT.pdf	2025-11-14 07:12:00.520213	05	2025	15	0	2025-11-14 07:12:00.520213	\N
370	2	64	29	\N	HESLB_Payment_for_05-May-2025_-_390000_-_SCHEDULE_OF_EMPLOYEES_AS_PER_HESLB.pdf	uploads/documents/HESLB_Payment_for_05-May-2025_-_390000_-_SCHEDULE_OF_EMPLOYEES_AS_PER_HESLB.pdf	2025-11-14 07:12:11.351931	05	2025	15	0	2025-11-14 07:12:11.351931	\N
371	2	64	23	\N	HESLB_Payment_for_04-Apr-2025_-_390000_-_EXCHEQUEE_RECEIPT.pdf	uploads/documents/HESLB_Payment_for_04-Apr-2025_-_390000_-_EXCHEQUEE_RECEIPT.pdf	2025-11-14 07:12:34.908569	04	2025	15	0	2025-11-14 07:12:34.908569	\N
372	2	64	12	\N	HESLB_Payment_for_04-Apr-2025_-_390000_-_GOVERNMENT_BILL.pdf	uploads/documents/HESLB_Payment_for_04-Apr-2025_-_390000_-_GOVERNMENT_BILL.pdf	2025-11-14 07:13:10.692738	04	2025	15	0	2025-11-14 07:13:10.692738	\N
373	2	64	6	\N	HESLB_Payment_for_04-Apr-2025_-_390000_-_PAYMENT_PROOF.pdf	uploads/documents/HESLB_Payment_for_04-Apr-2025_-_390000_-_PAYMENT_PROOF.pdf	2025-11-14 07:13:17.243943	04	2025	15	0	2025-11-14 07:13:17.243943	\N
374	2	64	28	\N	HESLB_Payment_for_04-Apr-2025_-_390000_-_VML_EMPLOYEE_LIST_AS_PER_VML.pdf	uploads/documents/HESLB_Payment_for_04-Apr-2025_-_390000_-_VML_EMPLOYEE_LIST_AS_PER_VML.pdf	2025-11-14 07:13:27.304908	04	2025	15	0	2025-11-14 07:13:27.304908	\N
375	2	64	29	\N	HESLB_Payment_for_04-Apr-2025_-_390000_-_SCHEDULE_OF_EMPLOYEES_AS_PER_HESLB.pdf	uploads/documents/HESLB_Payment_for_04-Apr-2025_-_390000_-_SCHEDULE_OF_EMPLOYEES_AS_PER_HESLB.pdf	2025-11-14 07:13:37.196368	04	2025	15	0	2025-11-14 07:13:37.196368	\N
377	2	64	23	\N	HESLB_Payment_for_03-Mar-2025_-_390000_-_EXCHEQUER_RECEIPT1.pdf	uploads/documents/HESLB_Payment_for_03-Mar-2025_-_390000_-_EXCHEQUER_RECEIPT1.pdf	2025-11-14 07:14:16.581958	03	2025	15	0	2025-11-14 07:14:16.581958	\N
376	2	64	29	\N	HESLB_Payment_for_03-Mar-2025_-_390000_-_SCHEDULE_OF_EMPLOYEES_AS_PER_HESLB.pdf	uploads/documents/HESLB_Payment_for_03-Mar-2025_-_390000_-_SCHEDULE_OF_EMPLOYEES_AS_PER_HESLB.pdf	2025-11-14 07:13:59.968595	03	2025	15	0	2025-11-14 07:13:59.968595	\N
378	2	64	6	\N	HESLB_Payment_for_03-Mar-2025_-_390000_-_PAYMENT_PROOF.pdf	uploads/documents/HESLB_Payment_for_03-Mar-2025_-_390000_-_PAYMENT_PROOF.pdf	2025-11-14 07:14:40.033594	03	2025	15	0	2025-11-14 07:14:40.033594	\N
379	2	64	12	\N	HESLB_Payment_for_03-Mar-2025_-_390000_-_GOVERNMENT_BILL.pdf	uploads/documents/HESLB_Payment_for_03-Mar-2025_-_390000_-_GOVERNMENT_BILL.pdf	2025-11-14 07:14:49.578543	03	2025	15	0	2025-11-14 07:14:49.578543	\N
380	2	64	28	\N	HESLB_Payment_for_03-Mar-2025_-_390000_-_VML_EMPLOYEE_LIST_AS_PER_VML.pdf	uploads/documents/HESLB_Payment_for_03-Mar-2025_-_390000_-_VML_EMPLOYEE_LIST_AS_PER_VML.pdf	2025-11-14 07:15:03.543647	03	2025	15	0	2025-11-14 07:15:03.543647	\N
381	2	64	23	\N	HESLB_Payment_for_02-Feb-2025_-_330000_-_EXCHEQUER_RECEIPT.pdf	uploads/documents/HESLB_Payment_for_02-Feb-2025_-_330000_-_EXCHEQUER_RECEIPT.pdf	2025-11-14 07:15:33.381151	02	2025	15	0	2025-11-14 07:15:33.381151	\N
382	2	64	12	\N	HESLB_Payment_for_02-Feb-2025_-_330000_-_GOVERNMENT_BILL.pdf	uploads/documents/HESLB_Payment_for_02-Feb-2025_-_330000_-_GOVERNMENT_BILL.pdf	2025-11-14 07:15:47.319386	02	2025	15	0	2025-11-14 07:15:47.319386	\N
383	2	64	6	\N	HESLB_Payment_for_02-Feb-2025_-_330000_-_PAYMENT_PRO0F.pdf	uploads/documents/HESLB_Payment_for_02-Feb-2025_-_330000_-_PAYMENT_PRO0F.pdf	2025-11-14 07:15:54.180732	02	2025	15	0	2025-11-14 07:15:54.180732	\N
384	2	64	28	\N	HESLB_Payment_for_02-Feb-2025_-_330000_-_VML_EMPLOYEE_LIST_AS_PER_VML.pdf	uploads/documents/HESLB_Payment_for_02-Feb-2025_-_330000_-_VML_EMPLOYEE_LIST_AS_PER_VML.pdf	2025-11-14 07:16:03.502292	02	2025	15	0	2025-11-14 07:16:03.502292	\N
385	2	64	29	\N	HESLB_Payment_for_02-Feb-2025_-_330000_-_SCHEDULE_OF_EMPLOYEES_AS_PER_HESLB.pdf	uploads/documents/HESLB_Payment_for_02-Feb-2025_-_330000_-_SCHEDULE_OF_EMPLOYEES_AS_PER_HESLB.pdf	2025-11-14 07:16:13.535301	02	2025	15	0	2025-11-14 07:16:13.535301	\N
386	2	63	12	\N	WCF_(03)_Mar-2025_-_3-002_CONTROL_FORM.pdf	uploads/documents/WCF_(03)_Mar-2025_-_3-002_CONTROL_FORM.pdf	2025-11-14 07:22:08.365679	03	2025	15	0	2025-11-14 07:22:08.365679	\N
387	2	63	6	\N	WCF_(03)_Mar-2025_-_3-003_PAYMENT_PROOF.pdf	uploads/documents/WCF_(03)_Mar-2025_-_3-003_PAYMENT_PROOF.pdf	2025-11-14 07:22:13.866832	03	2025	15	0	2025-11-14 07:22:13.866832	\N
388	2	63	27	\N	WCF_(03)_Mar-2025_-_3-004_LIST_OF_EMPLOYEES.pdf	uploads/documents/WCF_(03)_Mar-2025_-_3-004_LIST_OF_EMPLOYEES.pdf	2025-11-14 07:22:25.549433	03	2025	15	0	2025-11-14 07:22:25.549433	\N
389	2	63	22	\N	WCF_(03)_Mar-2025_-_3-001_RECEIPT.pdf	uploads/documents/WCF_(03)_Mar-2025_-_3-001_RECEIPT.pdf	2025-11-14 07:22:39.676167	03	2025	15	0	2025-11-14 07:22:39.676167	\N
390	2	63	12	\N	WCF_(04)_Apr-2025_-_4-002_CONTROL_FORM.pdf	uploads/documents/WCF_(04)_Apr-2025_-_4-002_CONTROL_FORM.pdf	2025-11-14 07:23:13.47403	04	2025	15	0	2025-11-14 07:23:13.47403	\N
391	2	63	6	\N	WCF_(04)_Apr-2025_-_4-003_PAYMENT_PROOF.pdf	uploads/documents/WCF_(04)_Apr-2025_-_4-003_PAYMENT_PROOF.pdf	2025-11-14 07:23:19.189608	04	2025	15	0	2025-11-14 07:23:19.189608	\N
392	2	63	27	\N	WCF_(04)_Apr-2025_-_4-004_LIST_OF_EMPLOYEES.pdf	uploads/documents/WCF_(04)_Apr-2025_-_4-004_LIST_OF_EMPLOYEES.pdf	2025-11-14 07:23:26.065004	04	2025	15	0	2025-11-14 07:23:26.065004	\N
393	2	63	22	\N	WCF_(04)_Apr-2025_-_4-001_RECEIPT.pdf	uploads/documents/WCF_(04)_Apr-2025_-_4-001_RECEIPT.pdf	2025-11-14 07:23:45.045218	04	2025	15	0	2025-11-14 07:23:45.045218	\N
394	2	63	12	\N	WCF_(05)_MAY-2025_-_5-002_CONTROL_FORM.pdf	uploads/documents/WCF_(05)_MAY-2025_-_5-002_CONTROL_FORM.pdf	2025-11-14 07:24:16.431183	05	2025	15	0	2025-11-14 07:24:16.431183	\N
395	2	63	6	\N	WCF_(05)_MAY_-2025_-_5-003_PAYMENT_PROOF.pdf	uploads/documents/WCF_(05)_MAY_-2025_-_5-003_PAYMENT_PROOF.pdf	2025-11-14 07:24:34.727108	05	2025	15	0	2025-11-14 07:24:34.727108	\N
396	2	63	27	\N	WCF_(05)_MAY-2025_-_5-004_LIST_OF_EMPLOYEES.pdf	uploads/documents/WCF_(05)_MAY-2025_-_5-004_LIST_OF_EMPLOYEES.pdf	2025-11-14 07:24:57.302765	05	2025	15	0	2025-11-14 07:24:57.302765	\N
397	2	63	22	\N	WCF_(05)_MAY-2025_-_5-001_RECEIPT.pdf	uploads/documents/WCF_(05)_MAY-2025_-_5-001_RECEIPT.pdf	2025-11-14 07:25:19.428118	05	2025	15	0	2025-11-14 07:25:19.428118	\N
398	2	63	12	\N	WCF_(06)_JUNE-2025_-_6-002_CONTROL_FORM.pdf	uploads/documents/WCF_(06)_JUNE-2025_-_6-002_CONTROL_FORM.pdf	2025-11-14 07:26:23.615045	06	2025	15	0	2025-11-14 07:26:23.615045	\N
399	2	63	6	\N	WCF_(06)_JUNE-2025_-_6-003_PAYMENT_PROOF.pdf	uploads/documents/WCF_(06)_JUNE-2025_-_6-003_PAYMENT_PROOF.pdf	2025-11-14 07:26:47.246585	06	2025	15	0	2025-11-14 07:26:47.246585	\N
400	2	63	27	\N	WCF_(06)_JUNE-2025_-_6-004_LIST_OF_EMPLOYEES.pdf	uploads/documents/WCF_(06)_JUNE-2025_-_6-004_LIST_OF_EMPLOYEES.pdf	2025-11-14 07:27:04.462966	06	2025	15	0	2025-11-14 07:27:04.462966	\N
401	2	63	22	\N	WCF_(06)_JUNE-2025_-_6-001_RECEIPT.pdf	uploads/documents/WCF_(06)_JUNE-2025_-_6-001_RECEIPT.pdf	2025-11-14 07:27:11.972643	06	2025	15	0	2025-11-14 07:27:11.972643	\N
402	2	63	12	\N	WCF_(07)_JULY-2025_-_7-002_CONTROL_FORM.pdf	uploads/documents/WCF_(07)_JULY-2025_-_7-002_CONTROL_FORM.pdf	2025-11-14 07:29:37.149614	07	2025	15	0	2025-11-14 07:29:37.149614	\N
403	2	63	6	\N	WCF_(07)_JULY-2025_-_7-003_PAYMENT_PROOF.pdf	uploads/documents/WCF_(07)_JULY-2025_-_7-003_PAYMENT_PROOF.pdf	2025-11-14 07:30:08.692799	07	2025	15	0	2025-11-14 07:30:08.692799	\N
404	2	63	27	\N	WCF_(07)_JULY-2025_-_7-004_LIST_OF_EMPLOYEES.pdf	uploads/documents/WCF_(07)_JULY-2025_-_7-004_LIST_OF_EMPLOYEES.pdf	2025-11-14 07:30:19.721717	07	2025	15	0	2025-11-14 07:30:19.721717	\N
405	2	63	22	\N	WCF_(07)_JULY-2025_-_7-001_RECEIPT.pdf	uploads/documents/WCF_(07)_JULY-2025_-_7-001_RECEIPT.pdf	2025-11-14 07:30:36.310601	07	2025	15	0	2025-11-14 07:30:36.310601	\N
406	2	63	12	\N	WCF_(08)_AUG-2025_-_8-002_CONTROL_FORM.pdf	uploads/documents/WCF_(08)_AUG-2025_-_8-002_CONTROL_FORM.pdf	2025-11-14 07:32:02.623334	08	2025	15	0	2025-11-14 07:32:02.623334	\N
407	2	63	6	\N	WCF_(08)_AUG-2025_-_8-003_PAYMENT_PROOF.pdf	uploads/documents/WCF_(08)_AUG-2025_-_8-003_PAYMENT_PROOF.pdf	2025-11-14 07:32:15.038549	08	2025	15	0	2025-11-14 07:32:15.038549	\N
408	2	63	27	\N	WCF_(08)_AUG-2025_-8-004_LIST_OF_EMPLOYEES.pdf	uploads/documents/WCF_(08)_AUG-2025_-8-004_LIST_OF_EMPLOYEES.pdf	2025-11-14 07:32:21.254048	08	2025	15	0	2025-11-14 07:32:21.254048	\N
409	2	63	22	\N	WCF_(08)_AUG-2025_-_8-001_RECEIPT.pdf	uploads/documents/WCF_(08)_AUG-2025_-_8-001_RECEIPT.pdf	2025-11-14 07:32:33.501147	08	2025	15	0	2025-11-14 07:32:33.501147	\N
410	2	63	12	\N	WCF_(09)_SEP-2025_-_9-002_CONTROL_FORM.pdf	uploads/documents/WCF_(09)_SEP-2025_-_9-002_CONTROL_FORM.pdf	2025-11-14 07:32:51.361065	09	2025	15	0	2025-11-14 07:32:51.361065	\N
411	2	63	6	\N	WCF_(09)_SEP-2025_-_9-003_PAYMENT_PROOF.pdf	uploads/documents/WCF_(09)_SEP-2025_-_9-003_PAYMENT_PROOF.pdf	2025-11-14 07:32:57.379494	09	2025	15	0	2025-11-14 07:32:57.379494	\N
412	2	63	27	\N	WCF_(09)_SEP-2025_-_9-004_LIST_OF_EMPLOYEES.pdf	uploads/documents/WCF_(09)_SEP-2025_-_9-004_LIST_OF_EMPLOYEES.pdf	2025-11-14 07:33:02.554328	09	2025	15	0	2025-11-14 07:33:02.554328	\N
413	2	63	22	\N	WCF_(09)_SEP-2025_-_9-001_RECEIPT.pdf	uploads/documents/WCF_(09)_SEP-2025_-_9-001_RECEIPT.pdf	2025-11-14 07:33:13.557049	09	2025	15	0	2025-11-14 07:33:13.557049	\N
414	2	63	12	\N	WCF_(10)_OCT-2025_-_10-002_CONTROL_FORM.pdf	uploads/documents/WCF_(10)_OCT-2025_-_10-002_CONTROL_FORM.pdf	2025-11-14 07:37:56.132016	10	2025	15	0	2025-11-14 07:37:56.132016	\N
415	2	63	6	\N	WCF_(10)_OCT-2025_-_10-003_PAYMENT_PROOF.pdf	uploads/documents/WCF_(10)_OCT-2025_-_10-003_PAYMENT_PROOF.pdf	2025-11-14 07:38:01.777372	10	2025	15	0	2025-11-14 07:38:01.777372	\N
416	2	63	27	\N	WCF_(10)_OCT-2025_-_10-004_LIST_OF_EMPLOYEES.pdf	uploads/documents/WCF_(10)_OCT-2025_-_10-004_LIST_OF_EMPLOYEES.pdf	2025-11-14 07:38:09.146774	10	2025	15	0	2025-11-14 07:38:09.146774	\N
417	2	63	22	\N	WCF_(10)_OCT-2025_-_10-001_RECEIPT.pdf	uploads/documents/WCF_(10)_OCT-2025_-_10-001_RECEIPT.pdf	2025-11-14 07:38:16.398034	10	2025	15	0	2025-11-14 07:38:16.398034	\N
418	2	59	9	\N	VML_-_VAT_Return_10_2025_-_1_MONTHLY_RETURN.pdf	uploads/documents/VML_-_VAT_Return_10_2025_-_1_MONTHLY_RETURN.pdf	2025-11-14 08:17:51.822627	10	2025	15	0	2025-11-14 08:17:51.822627	\N
419	2	59	10	\N	VML_-_VAT_Return_10_2025_-_2_ACKNOWLEDGMENT_OF_RETURN.pdf	uploads/documents/VML_-_VAT_Return_10_2025_-_2_ACKNOWLEDGMENT_OF_RETURN.pdf	2025-11-14 08:17:59.401385	10	2025	15	0	2025-11-14 08:17:59.401385	\N
421	2	59	12	\N	VML_-_VAT_Return_10_2025_-_4_CONTROL_FORM.pdf	uploads/documents/VML_-_VAT_Return_10_2025_-_4_CONTROL_FORM.pdf	2025-11-14 08:18:22.848828	10	2025	15	0	2025-11-14 08:18:22.848828	\N
422	2	59	6	\N	VML_-_VAT_Return_10_2025_-_5_BANK_RECEIPT.pdf	uploads/documents/VML_-_VAT_Return_10_2025_-_5_BANK_RECEIPT.pdf	2025-11-14 08:18:39.125236	10	2025	15	0	2025-11-14 08:18:39.125236	\N
423	2	59	14	\N	VML_-_VAT_Return_10_2025_-_6_TRA_RECEIPT_OF_PAYMENT.pdf	uploads/documents/VML_-_VAT_Return_10_2025_-_6_TRA_RECEIPT_OF_PAYMENT.pdf	2025-11-14 08:19:12.458515	10	2025	15	0	2025-11-14 08:19:12.458515	\N
424	2	59	19	\N	VML_-_VAT_Return_10_2025_-_7_SALES_(OUTPUT)_SUMMARY.pdf	uploads/documents/VML_-_VAT_Return_10_2025_-_7_SALES_(OUTPUT)_SUMMARY.pdf	2025-11-14 08:19:30.531572	10	2025	15	0	2025-11-14 08:19:30.531572	\N
425	2	59	9	\N	VML_-_VAT_Return_09_2025_-_1_MONTHLY_RETURN.pdf	uploads/documents/VML_-_VAT_Return_09_2025_-_1_MONTHLY_RETURN.pdf	2025-11-14 08:20:13.55177	09	2025	15	0	2025-11-14 08:20:13.55177	\N
426	2	59	10	\N	VML_-_VAT_Return_09_2025_-_2_ACKNOWLEDGMENT_OF_RETURN.pdf	uploads/documents/VML_-_VAT_Return_09_2025_-_2_ACKNOWLEDGMENT_OF_RETURN.pdf	2025-11-14 08:20:18.751722	09	2025	15	0	2025-11-14 08:20:18.751722	\N
427	2	59	11	\N	VML_-_VAT_Return_09_2025_-_3_ASSESMENT.pdf	uploads/documents/VML_-_VAT_Return_09_2025_-_3_ASSESMENT.pdf	2025-11-14 08:20:25.658855	09	2025	15	0	2025-11-14 08:20:25.658855	\N
428	2	59	12	\N	VML_-_VAT_Return_09_2025_-_4_CONTROL_FORM.pdf	uploads/documents/VML_-_VAT_Return_09_2025_-_4_CONTROL_FORM.pdf	2025-11-14 08:20:33.716823	09	2025	15	0	2025-11-14 08:20:33.716823	\N
429	2	59	6	\N	VML_-_VAT_Return_09_2025_-_5_BANK_RECEIPT.pdf	uploads/documents/VML_-_VAT_Return_09_2025_-_5_BANK_RECEIPT.pdf	2025-11-14 08:20:54.273377	09	2025	15	0	2025-11-14 08:20:54.273377	\N
430	2	59	14	\N	VML_-_VAT_Return_09_2025_-_6_TRA_RECEIPT_OF_PAYMENT.pdf	uploads/documents/VML_-_VAT_Return_09_2025_-_6_TRA_RECEIPT_OF_PAYMENT.pdf	2025-11-14 08:21:02.949382	09	2025	15	0	2025-11-14 08:21:02.949382	\N
431	2	59	19	\N	VML_-_VAT_Return_09_2025_-_7_SALES_(OUTPUT)_SUMMARY.pdf	uploads/documents/VML_-_VAT_Return_09_2025_-_7_SALES_(OUTPUT)_SUMMARY.pdf	2025-11-14 08:21:10.068009	09	2025	15	0	2025-11-14 08:21:10.068009	\N
432	2	59	9	\N	VML_-_VAT_Return_08_2025_-_1_MONTHLY_RETURN.pdf	uploads/documents/VML_-_VAT_Return_08_2025_-_1_MONTHLY_RETURN.pdf	2025-11-14 08:21:43.752046	08	2025	15	0	2025-11-14 08:21:43.752046	\N
433	2	59	10	\N	VML_-_VAT_Return_08_2025_-_2_ACKNOWLEDGEMENT_OF_RETURN.pdf	uploads/documents/VML_-_VAT_Return_08_2025_-_2_ACKNOWLEDGEMENT_OF_RETURN.pdf	2025-11-14 08:21:53.928703	08	2025	15	0	2025-11-14 08:21:53.928703	\N
434	2	59	11	\N	VML_-_VAT_Return_08_2025_-_3_ASSESMENT.pdf	uploads/documents/VML_-_VAT_Return_08_2025_-_3_ASSESMENT.pdf	2025-11-14 08:22:27.757313	08	2025	15	0	2025-11-14 08:22:27.757313	\N
435	2	59	12	\N	VML_-_VAT_Return_08_2025_-_4_CONTROL_FORM.pdf	uploads/documents/VML_-_VAT_Return_08_2025_-_4_CONTROL_FORM.pdf	2025-11-14 08:22:44.433867	08	2025	15	0	2025-11-14 08:22:44.433867	\N
436	2	59	6	\N	VML_-_VAT_Return_08_2025_-_5_BANK_RECEIPT.pdf	uploads/documents/VML_-_VAT_Return_08_2025_-_5_BANK_RECEIPT.pdf	2025-11-14 08:22:52.61054	08	2025	15	0	2025-11-14 08:22:52.61054	\N
437	2	59	14	\N	VML_-_VAT_Return_08_2025_-_6_TRA_RECEIPT_PAYMENT.pdf	uploads/documents/VML_-_VAT_Return_08_2025_-_6_TRA_RECEIPT_PAYMENT.pdf	2025-11-14 08:23:04.094425	08	2025	15	0	2025-11-14 08:23:04.094425	\N
438	2	59	19	\N	VML_-_VAT_Return_08_2025_-7_SALES_(OUTPUT)_SUMMARY.pdf	uploads/documents/VML_-_VAT_Return_08_2025_-7_SALES_(OUTPUT)_SUMMARY.pdf	2025-11-14 08:23:14.764334	08	2025	15	0	2025-11-14 08:23:14.764334	\N
439	2	59	9	\N	VML_-_VAT_Return_07_2025_-_1_MONTHLY_RETURN.pdf	uploads/documents/VML_-_VAT_Return_07_2025_-_1_MONTHLY_RETURN.pdf	2025-11-14 08:24:22.475302	07	2025	15	0	2025-11-14 08:24:22.475302	\N
440	2	59	10	\N	VML_-_VAT_Return_07_2025_-_2_ACKNOWLEDGEMENT_OF_RETURN.pdf	uploads/documents/VML_-_VAT_Return_07_2025_-_2_ACKNOWLEDGEMENT_OF_RETURN.pdf	2025-11-14 08:24:27.819117	07	2025	15	0	2025-11-14 08:24:27.819117	\N
441	2	59	11	\N	VML_-_VAT_Return_07_2025_-_3_ASSESMENT.pdf	uploads/documents/VML_-_VAT_Return_07_2025_-_3_ASSESMENT.pdf	2025-11-14 08:24:31.856274	07	2025	15	0	2025-11-14 08:24:31.856274	\N
442	2	59	12	\N	VML_-_VAT_Return_07_2025_-_4_CONTROL_FORM.pdf	uploads/documents/VML_-_VAT_Return_07_2025_-_4_CONTROL_FORM.pdf	2025-11-14 08:24:41.18103	07	2025	15	0	2025-11-14 08:24:41.18103	\N
443	2	59	6	\N	VML_-_VAT_Return_07_2025_-_5_BANK_RECEIPT.pdf	uploads/documents/VML_-_VAT_Return_07_2025_-_5_BANK_RECEIPT.pdf	2025-11-14 08:24:48.526641	07	2025	15	0	2025-11-14 08:24:48.526641	\N
444	2	59	14	\N	VML_-_VAT_Return_07_2025_-_6_TRA_PAYMENT_RECEIPT.pdf	uploads/documents/VML_-_VAT_Return_07_2025_-_6_TRA_PAYMENT_RECEIPT.pdf	2025-11-14 08:24:58.696942	07	2025	15	0	2025-11-14 08:24:58.696942	\N
445	2	59	19	\N	VML_-_VAT_Return_07_2025_-_7_SALES_(OUTPUT)_SUMMARY.pdf	uploads/documents/VML_-_VAT_Return_07_2025_-_7_SALES_(OUTPUT)_SUMMARY.pdf	2025-11-14 08:25:05.510275	07	2025	15	0	2025-11-14 08:25:05.510275	\N
446	2	59	9	\N	VML_-_VAT_Return_06_2025_-_1_MONTHLY_RETURN.pdf	uploads/documents/VML_-_VAT_Return_06_2025_-_1_MONTHLY_RETURN.pdf	2025-11-14 08:26:03.793832	06	2025	15	0	2025-11-14 08:26:03.793832	\N
447	2	59	10	\N	VML_-_VAT_Return_06_2025_-_2_ACKNOWLEDGEMENT_OF_RETURN.pdf	uploads/documents/VML_-_VAT_Return_06_2025_-_2_ACKNOWLEDGEMENT_OF_RETURN.pdf	2025-11-14 08:26:27.335846	06	2025	15	0	2025-11-14 08:26:27.335846	\N
448	2	59	11	\N	VML_-_VAT_Return_06_2025_-_3_ASSESMENT.pdf	uploads/documents/VML_-_VAT_Return_06_2025_-_3_ASSESMENT.pdf	2025-11-14 08:26:44.824998	06	2025	15	0	2025-11-14 08:26:44.824998	\N
449	2	59	12	\N	VML_-_VAT_Return_06_2025_-_4_CONTROL_FORM.pdf	uploads/documents/VML_-_VAT_Return_06_2025_-_4_CONTROL_FORM.pdf	2025-11-14 08:26:54.402217	06	2025	15	0	2025-11-14 08:26:54.402217	\N
450	2	59	6	\N	VML_-_VAT_Return_06_2025_-_5_BANK_RECEIPT.pdf	uploads/documents/VML_-_VAT_Return_06_2025_-_5_BANK_RECEIPT.pdf	2025-11-14 08:27:04.203183	06	2025	15	0	2025-11-14 08:27:04.203183	\N
451	2	59	14	\N	VML_-_VAT_Return_06_2025_-_6_TRA_RECEIPT_OF_PAYMENT.pdf	uploads/documents/VML_-_VAT_Return_06_2025_-_6_TRA_RECEIPT_OF_PAYMENT.pdf	2025-11-14 08:27:12.425095	06	2025	15	0	2025-11-14 08:27:12.425095	\N
452	2	59	19	\N	VML_-_VAT_Return_06_2025_-_7_SALES_(OUTPUT)_SUMMARY.pdf	uploads/documents/VML_-_VAT_Return_06_2025_-_7_SALES_(OUTPUT)_SUMMARY.pdf	2025-11-14 08:27:28.404962	06	2025	15	0	2025-11-14 08:27:28.404962	\N
453	2	59	9	\N	VML_-_VAT_Return_05_2025_-_1_MONTHLY_RETURN.pdf	uploads/documents/VML_-_VAT_Return_05_2025_-_1_MONTHLY_RETURN.pdf	2025-11-14 08:27:59.145905	05	2025	15	0	2025-11-14 08:27:59.145905	\N
454	2	59	10	\N	VML_-_VAT_Return_05_2025_-_2_ACKNOWLEDGEMNT_OF_RETURN.pdf	uploads/documents/VML_-_VAT_Return_05_2025_-_2_ACKNOWLEDGEMNT_OF_RETURN.pdf	2025-11-14 08:28:07.395828	05	2025	15	0	2025-11-14 08:28:07.395828	\N
455	2	59	11	\N	VML_-_VAT_Return_05_2025_-_3_ASSESMENT.pdf	uploads/documents/VML_-_VAT_Return_05_2025_-_3_ASSESMENT.pdf	2025-11-14 08:28:16.529212	05	2025	15	0	2025-11-14 08:28:16.529212	\N
456	2	59	12	\N	VML_-_VAT_Return_05_2025_-_4_CONTROL_FORM.pdf	uploads/documents/VML_-_VAT_Return_05_2025_-_4_CONTROL_FORM.pdf	2025-11-14 08:28:52.943334	05	2025	15	0	2025-11-14 08:28:52.943334	\N
457	2	59	6	\N	VML_-_VAT_Return_05_2025_-_5_BANK_RECEIPT.pdf	uploads/documents/VML_-_VAT_Return_05_2025_-_5_BANK_RECEIPT.pdf	2025-11-14 08:28:59.561494	05	2025	15	0	2025-11-14 08:28:59.561494	\N
458	2	59	14	\N	VML_-_VAT_Return_05_2025_-_6_TRA_RECEIPT.pdf	uploads/documents/VML_-_VAT_Return_05_2025_-_6_TRA_RECEIPT.pdf	2025-11-14 08:29:05.015105	05	2025	15	0	2025-11-14 08:29:05.015105	\N
459	2	59	19	\N	VML_-_VAT_Return_05_2025_-_7_SALES_(OUTPUT)_SUMMARY.pdf	uploads/documents/VML_-_VAT_Return_05_2025_-_7_SALES_(OUTPUT)_SUMMARY.pdf	2025-11-14 08:29:18.044468	05	2025	15	0	2025-11-14 08:29:18.044468	\N
460	2	59	9	\N	VML_-_VAT_Return_04_2025_-_1_MONTHLY_RETURN.pdf	uploads/documents/VML_-_VAT_Return_04_2025_-_1_MONTHLY_RETURN.pdf	2025-11-14 08:29:59.4448	04	2025	15	0	2025-11-14 08:29:59.4448	\N
461	2	59	10	\N	VML_-_VAT_Return_04_2025_-_2_ACKNOWLEDGEMENT_OF_RETURN.pdf	uploads/documents/VML_-_VAT_Return_04_2025_-_2_ACKNOWLEDGEMENT_OF_RETURN.pdf	2025-11-14 08:30:15.896549	04	2025	15	0	2025-11-14 08:30:15.896549	\N
462	2	59	11	\N	VML_-_VAT_Return_04_2025_-_3_ASSESMENT.pdf	uploads/documents/VML_-_VAT_Return_04_2025_-_3_ASSESMENT.pdf	2025-11-14 08:30:21.902747	04	2025	15	0	2025-11-14 08:30:21.902747	\N
463	2	59	12	\N	VML_-_VAT_Return_04_2025_-_4_CONTROL_FORM.pdf	uploads/documents/VML_-_VAT_Return_04_2025_-_4_CONTROL_FORM.pdf	2025-11-14 08:30:33.66204	04	2025	15	0	2025-11-14 08:30:33.66204	\N
464	2	59	6	\N	VML_-_VAT_Return_04_2025_-_5_BANK_RECEIPT.pdf	uploads/documents/VML_-_VAT_Return_04_2025_-_5_BANK_RECEIPT.pdf	2025-11-14 08:30:48.433763	04	2025	15	0	2025-11-14 08:30:48.433763	\N
465	2	59	14	\N	VML_-_VAT_Return_04_2025_-_6_TRA_RECEIPT.pdf	uploads/documents/VML_-_VAT_Return_04_2025_-_6_TRA_RECEIPT.pdf	2025-11-14 08:30:54.401236	04	2025	15	0	2025-11-14 08:30:54.401236	\N
466	2	59	19	\N	VML_-_VAT_Return_04_2025_-_7_SALES_(OUTPUT)_SUMMARY.pdf	uploads/documents/VML_-_VAT_Return_04_2025_-_7_SALES_(OUTPUT)_SUMMARY.pdf	2025-11-14 08:31:04.98402	04	2025	15	0	2025-11-14 08:31:04.98402	\N
487	2	53	11	\N	PAYE_09_2025_-_3_ASSESMENT.pdf	uploads/documents/PAYE_09_2025_-_3_ASSESMENT.pdf	2025-11-14 09:22:03.088018	09	2025	15	0	2025-11-14 09:22:03.088018	\N
469	2	59	12	\N	VML_-_VAT_Return_03_2025_-_4_CONTROL_FORM.pdf	uploads/documents/VML_-_VAT_Return_03_2025_-_4_CONTROL_FORM.pdf	2025-11-14 08:35:45.640844	03	2025	15	0	2025-11-14 08:35:45.640844	\N
467	2	59	9	\N	VML_-_VAT_Return_03_2025_-_1_MONTHLY_RETURN1.pdf	uploads/documents/VML_-_VAT_Return_03_2025_-_1_MONTHLY_RETURN1.pdf	2025-11-14 08:35:09.671848	03	2025	15	0	2025-11-14 08:35:09.671848	\N
472	2	59	10	\N	VML_-_VAT_Return_03_2025_-_2_ACKNOWLEDGEMENT_OF_RETURN2.pdf	uploads/documents/VML_-_VAT_Return_03_2025_-_2_ACKNOWLEDGEMENT_OF_RETURN2.pdf	2025-11-14 08:36:28.458369	03	2025	15	0	2025-11-14 08:36:28.458369	\N
468	2	59	11	\N	VML_-_VAT_Return_03_2025_-_3_ASSESMENT1.pdf	uploads/documents/VML_-_VAT_Return_03_2025_-_3_ASSESMENT1.pdf	2025-11-14 08:35:36.86565	03	2025	15	0	2025-11-14 08:35:36.86565	\N
488	2	53	12	\N	PAYE_09_2025_-_4_CONTROL_FORM.pdf	uploads/documents/PAYE_09_2025_-_4_CONTROL_FORM.pdf	2025-11-14 09:22:13.229983	09	2025	15	0	2025-11-14 09:22:13.229983	\N
470	2	59	6	\N	VML_-_VAT_Return_03_2025_-_5_BANK_RECEIPT1.pdf	uploads/documents/VML_-_VAT_Return_03_2025_-_5_BANK_RECEIPT1.pdf	2025-11-14 08:35:51.038471	03	2025	15	0	2025-11-14 08:35:51.038471	\N
471	2	59	14	\N	VML_-_VAT_Return_03_2025_-_6_TRA_RECEIPT1.pdf	uploads/documents/VML_-_VAT_Return_03_2025_-_6_TRA_RECEIPT1.pdf	2025-11-14 08:35:58.507332	03	2025	15	0	2025-11-14 08:35:58.507332	\N
336	2	59	19	\N	VML_-_VAT_Return_03_2025_-_7_SALES_(OUTPUT)_SUMMARY1.pdf	uploads/documents/VML_-_VAT_Return_03_2025_-_7_SALES_(OUTPUT)_SUMMARY1.pdf	2025-11-14 06:56:15.010252	03	2025	15	0	2025-11-14 06:56:15.010252	\N
334	2	59	10	\N	VML_-_VAT_Return_02_2025_-_2_ACKNOWLEDGEMENT_OF_RETURN1.pdf	uploads/documents/VML_-_VAT_Return_02_2025_-_2_ACKNOWLEDGEMENT_OF_RETURN1.pdf	2025-11-14 06:49:13.645533	02	2025	15	0	2025-11-14 06:49:13.645533	\N
473	2	53	9	\N	PAYE_10_2025_-_1_MONTHLY_RETURN.pdf	uploads/documents/PAYE_10_2025_-_1_MONTHLY_RETURN.pdf	2025-11-14 09:18:33.841227	10	2025	15	0	2025-11-14 09:18:33.841227	\N
474	2	53	10	\N	PAYE_10_2025_-_2_ACKNOWLEDGEMENT_OR_RETURN.pdf	uploads/documents/PAYE_10_2025_-_2_ACKNOWLEDGEMENT_OR_RETURN.pdf	2025-11-14 09:18:41.122924	10	2025	15	0	2025-11-14 09:18:41.122924	\N
475	2	53	11	\N	PAYE_10_2025_-_3_ASSESMENT.pdf	uploads/documents/PAYE_10_2025_-_3_ASSESMENT.pdf	2025-11-14 09:18:56.168931	10	2025	15	0	2025-11-14 09:18:56.168931	\N
476	2	53	12	\N	PAYE_10_2025_-_4_CONTROL_FORM.pdf	uploads/documents/PAYE_10_2025_-_4_CONTROL_FORM.pdf	2025-11-14 09:19:24.119353	10	2025	15	0	2025-11-14 09:19:24.119353	\N
478	2	53	14	\N	PAYE_10_2025_-_6_TRA_RECEIPT.pdf	uploads/documents/PAYE_10_2025_-_6_TRA_RECEIPT.pdf	2025-11-14 09:19:39.400219	10	2025	15	0	2025-11-14 09:19:39.400219	\N
477	2	53	6	\N	PAYE_10_2025_-_7_PAYROLL_OF_THE_MONTH.pdf	uploads/documents/PAYE_10_2025_-_7_PAYROLL_OF_THE_MONTH.pdf	2025-11-14 09:19:33.202703	10	2025	15	0	2025-11-14 09:19:33.202703	\N
479	2	57	9	\N	SDL_10_2025_-_1_MONTHLY_RETURN.pdf	uploads/documents/SDL_10_2025_-_1_MONTHLY_RETURN.pdf	2025-11-14 09:20:10.219977	10	2025	15	0	2025-11-14 09:20:10.219977	\N
480	2	57	10	\N	SDL_10_2025_-_2_ACKNOWLEDGEMENT_OF_RETURN.pdf	uploads/documents/SDL_10_2025_-_2_ACKNOWLEDGEMENT_OF_RETURN.pdf	2025-11-14 09:20:38.218113	10	2025	15	0	2025-11-14 09:20:38.218113	\N
481	2	57	11	\N	SDL_10_2025_-_3_ASSESMENT.pdf	uploads/documents/SDL_10_2025_-_3_ASSESMENT.pdf	2025-11-14 09:20:48.089532	10	2025	15	0	2025-11-14 09:20:48.089532	\N
482	2	57	12	\N	SDL_10_2025_-_4_CONTROL_FORM.pdf	uploads/documents/SDL_10_2025_-_4_CONTROL_FORM.pdf	2025-11-14 09:21:01.082269	10	2025	15	0	2025-11-14 09:21:01.082269	\N
483	2	57	6	\N	SDL_10_2025_-_5_BANK_RECEIPT.pdf	uploads/documents/SDL_10_2025_-_5_BANK_RECEIPT.pdf	2025-11-14 09:21:06.2732	10	2025	15	0	2025-11-14 09:21:06.2732	\N
484	2	57	14	\N	SDL_10_2025_-_6_TRA_RECEIPT.pdf	uploads/documents/SDL_10_2025_-_6_TRA_RECEIPT.pdf	2025-11-14 09:21:14.215481	10	2025	15	0	2025-11-14 09:21:14.215481	\N
485	2	53	9	\N	PAYE_09_2025_-_1_MONTHLY_RETURN.pdf	uploads/documents/PAYE_09_2025_-_1_MONTHLY_RETURN.pdf	2025-11-14 09:21:49.200454	09	2025	15	0	2025-11-14 09:21:49.200454	\N
486	2	53	10	\N	PAYE_09_2025_-_2_ACKNOWLDGEMENT_OF_RETURN.pdf	uploads/documents/PAYE_09_2025_-_2_ACKNOWLDGEMENT_OF_RETURN.pdf	2025-11-14 09:21:58.628595	09	2025	15	0	2025-11-14 09:21:58.628595	\N
489	2	53	6	\N	PAYE_09_2025_-_5_BANK_RECEIPT.pdf	uploads/documents/PAYE_09_2025_-_5_BANK_RECEIPT.pdf	2025-11-14 09:22:30.118645	09	2025	15	0	2025-11-14 09:22:30.118645	\N
490	2	53	14	\N	PAYE_09_2025_-_6_TRA_RECEIPT.pdf	uploads/documents/PAYE_09_2025_-_6_TRA_RECEIPT.pdf	2025-11-14 09:22:34.404407	09	2025	15	0	2025-11-14 09:22:34.404407	\N
491	2	53	15	\N	PAYE_09_2025_-_7_PAYROLL_OF_THE_MONTH.pdf	uploads/documents/PAYE_09_2025_-_7_PAYROLL_OF_THE_MONTH.pdf	2025-11-14 09:22:50.300776	09	2025	15	0	2025-11-14 09:22:50.300776	\N
492	2	57	9	\N	SDL_09_2025_-_1_MONTHLY_RETURN.pdf	uploads/documents/SDL_09_2025_-_1_MONTHLY_RETURN.pdf	2025-11-14 09:23:14.165285	09	2025	15	0	2025-11-14 09:23:14.165285	\N
493	2	57	10	\N	SDL_09_2025_-_2_ACKNOWLDGEMENT_OF_RETURN.pdf	uploads/documents/SDL_09_2025_-_2_ACKNOWLDGEMENT_OF_RETURN.pdf	2025-11-14 09:23:25.140468	09	2025	15	0	2025-11-14 09:23:25.140468	\N
494	2	57	11	\N	SDL_09_2025_-_3_ASSESMENT.pdf	uploads/documents/SDL_09_2025_-_3_ASSESMENT.pdf	2025-11-14 09:23:35.737024	09	2025	15	0	2025-11-14 09:23:35.737024	\N
495	2	57	12	\N	SDL_09_2025_-_4_CONTROL_FORM.pdf	uploads/documents/SDL_09_2025_-_4_CONTROL_FORM.pdf	2025-11-14 09:23:43.78312	09	2025	15	0	2025-11-14 09:23:43.78312	\N
496	2	57	6	\N	SDL_09_2025_-_5_BANK_RECEIPT.pdf	uploads/documents/SDL_09_2025_-_5_BANK_RECEIPT.pdf	2025-11-14 09:23:49.276588	09	2025	15	0	2025-11-14 09:23:49.276588	\N
497	2	57	14	\N	SDL_09_2025_-_6_TRA_RECEIPT.pdf	uploads/documents/SDL_09_2025_-_6_TRA_RECEIPT.pdf	2025-11-14 09:23:56.297908	09	2025	15	0	2025-11-14 09:23:56.297908	\N
498	2	53	9	\N	PAYE_08_2025_-_1_MONTHLY_RETURN.pdf	uploads/documents/PAYE_08_2025_-_1_MONTHLY_RETURN.pdf	2025-11-14 09:24:21.166488	08	2025	15	0	2025-11-14 09:24:21.166488	\N
499	2	53	10	\N	PAYE_08_2025_-_2_ACKNOWLEDGEMENT_RECEIPT.pdf	uploads/documents/PAYE_08_2025_-_2_ACKNOWLEDGEMENT_RECEIPT.pdf	2025-11-14 09:24:35.397297	08	2025	15	0	2025-11-14 09:24:35.397297	\N
500	2	53	11	\N	PAYE_08_2025_-_3_ASSESMENT.pdf	uploads/documents/PAYE_08_2025_-_3_ASSESMENT.pdf	2025-11-14 09:24:40.456536	08	2025	15	0	2025-11-14 09:24:40.456536	\N
501	2	53	12	\N	PAYE_08_2025_-_4_CONTROL_FORM.pdf	uploads/documents/PAYE_08_2025_-_4_CONTROL_FORM.pdf	2025-11-14 09:24:55.091093	08	2025	15	0	2025-11-14 09:24:55.091093	\N
502	2	53	6	\N	PAYE_08_2025_-_5_BANK_RECEIPT.pdf	uploads/documents/PAYE_08_2025_-_5_BANK_RECEIPT.pdf	2025-11-14 09:25:03.422146	08	2025	15	0	2025-11-14 09:25:03.422146	\N
503	2	53	14	\N	PAYE_08_2025_-_6_TRA_RECEIPT.pdf	uploads/documents/PAYE_08_2025_-_6_TRA_RECEIPT.pdf	2025-11-14 09:25:10.933877	08	2025	15	0	2025-11-14 09:25:10.933877	\N
504	2	53	15	\N	PAYE_08_2025_-_7_PAYROLL_OF_THE_MONTH.pdf	uploads/documents/PAYE_08_2025_-_7_PAYROLL_OF_THE_MONTH.pdf	2025-11-14 09:25:17.663813	08	2025	15	0	2025-11-14 09:25:17.663813	\N
505	2	57	9	\N	SDL_08_2025_-_1_MONTHLY_RETURN.pdf	uploads/documents/SDL_08_2025_-_1_MONTHLY_RETURN.pdf	2025-11-14 09:25:50.544407	08	2025	15	0	2025-11-14 09:25:50.544407	\N
506	2	57	10	\N	SDL_08_2025_-_2_ACKNOWLEDGEMENT_RECEIPT.pdf	uploads/documents/SDL_08_2025_-_2_ACKNOWLEDGEMENT_RECEIPT.pdf	2025-11-14 09:25:56.199214	08	2025	15	0	2025-11-14 09:25:56.199214	\N
507	2	57	11	\N	SDL_08_2025_-_3_ASSESMENT.pdf	uploads/documents/SDL_08_2025_-_3_ASSESMENT.pdf	2025-11-14 09:26:17.396128	08	2025	15	0	2025-11-14 09:26:17.396128	\N
508	2	57	12	\N	SDL_08_2025_-_4_CONTROL_FORM.pdf	uploads/documents/SDL_08_2025_-_4_CONTROL_FORM.pdf	2025-11-14 09:26:32.842378	08	2025	15	0	2025-11-14 09:26:32.842378	\N
509	2	57	6	\N	SDL_08_2025_-_5_BANK_RECEIPT.pdf	uploads/documents/SDL_08_2025_-_5_BANK_RECEIPT.pdf	2025-11-14 09:26:38.763101	08	2025	15	0	2025-11-14 09:26:38.763101	\N
510	2	57	14	\N	SDL_08_2025_-_6_TRA_RECEIPT.pdf	uploads/documents/SDL_08_2025_-_6_TRA_RECEIPT.pdf	2025-11-14 09:26:44.452884	08	2025	15	0	2025-11-14 09:26:44.452884	\N
511	2	53	9	\N	PAYE_07_2025_-_1_MONTHLY_RETURN.pdf	uploads/documents/PAYE_07_2025_-_1_MONTHLY_RETURN.pdf	2025-11-14 09:27:04.991641	07	2025	15	0	2025-11-14 09:27:04.991641	\N
512	2	53	10	\N	PAYE_07_2025_-_2_ACKNOWLEDGEMENT_OF_RETURN.pdf	uploads/documents/PAYE_07_2025_-_2_ACKNOWLEDGEMENT_OF_RETURN.pdf	2025-11-14 09:27:11.131906	07	2025	15	0	2025-11-14 09:27:11.131906	\N
513	2	53	11	\N	PAYE_07_2025_-_3_ASSESMENT.pdf	uploads/documents/PAYE_07_2025_-_3_ASSESMENT.pdf	2025-11-14 09:27:15.268962	07	2025	15	0	2025-11-14 09:27:15.268962	\N
514	2	53	12	\N	PAYE_07_2025_-_4_CONTROL_FORM.pdf	uploads/documents/PAYE_07_2025_-_4_CONTROL_FORM.pdf	2025-11-14 09:27:20.810789	07	2025	15	0	2025-11-14 09:27:20.810789	\N
515	2	53	6	\N	PAYE_07_2025_-_5_BANK_RECEIPT.pdf	uploads/documents/PAYE_07_2025_-_5_BANK_RECEIPT.pdf	2025-11-14 09:27:31.251366	07	2025	15	0	2025-11-14 09:27:31.251366	\N
516	2	53	14	\N	PAYE_07_2025_-_6_TRA_RECEIPT.pdf	uploads/documents/PAYE_07_2025_-_6_TRA_RECEIPT.pdf	2025-11-14 09:27:35.513086	07	2025	15	0	2025-11-14 09:27:35.513086	\N
517	2	53	15	\N	PAYE_07_2025_-_7_PAYROLL_OF_THE_MONTH.pdf	uploads/documents/PAYE_07_2025_-_7_PAYROLL_OF_THE_MONTH.pdf	2025-11-14 09:27:41.695888	07	2025	15	0	2025-11-14 09:27:41.695888	\N
518	2	57	9	\N	SDL_07_2025_-_1_MONTHLY_RETURN.pdf	uploads/documents/SDL_07_2025_-_1_MONTHLY_RETURN.pdf	2025-11-14 09:28:09.013865	07	2025	15	0	2025-11-14 09:28:09.013865	\N
519	2	57	10	\N	SDL_07_2025_-_2_ACKNOWLDGEMENT_OF_RETURN.pdf	uploads/documents/SDL_07_2025_-_2_ACKNOWLDGEMENT_OF_RETURN.pdf	2025-11-14 09:28:14.537682	07	2025	15	0	2025-11-14 09:28:14.537682	\N
520	2	57	11	\N	SDL_07_2025_-_3_ASSESMENT.pdf	uploads/documents/SDL_07_2025_-_3_ASSESMENT.pdf	2025-11-14 09:28:27.481955	07	2025	15	0	2025-11-14 09:28:27.481955	\N
521	2	57	12	\N	SDL_07_2025_-_4_CONTROL_FORM.pdf	uploads/documents/SDL_07_2025_-_4_CONTROL_FORM.pdf	2025-11-14 09:28:34.785727	07	2025	15	0	2025-11-14 09:28:34.785727	\N
522	2	57	6	\N	SDL_07_2025_-_5_BANK_RECEIPT.pdf	uploads/documents/SDL_07_2025_-_5_BANK_RECEIPT.pdf	2025-11-14 09:28:39.391158	07	2025	15	0	2025-11-14 09:28:39.391158	\N
523	2	57	14	\N	SDL_07_2025_-_6_TRA_RECIPT.pdf	uploads/documents/SDL_07_2025_-_6_TRA_RECIPT.pdf	2025-11-14 09:28:45.579534	07	2025	15	0	2025-11-14 09:28:45.579534	\N
524	2	65	11	\N	VML_-_City_Service_Levy_(04-06)_Apr-Jun-25_-_ASSESSMENT_FORM.pdf	uploads/documents/VML_-_City_Service_Levy_(04-06)_Apr-Jun-25_-_ASSESSMENT_FORM.pdf	2025-11-14 09:35:12.835417	06	2025	15	0	2025-11-14 09:35:12.835417	\N
525	2	65	12	\N	VML_-_City_Service_Levy_(04-06)_Apr-Jun-25_-_CONTROL_FORM.pdf	uploads/documents/VML_-_City_Service_Levy_(04-06)_Apr-Jun-25_-_CONTROL_FORM.pdf	2025-11-14 09:35:32.730336	06	2025	15	0	2025-11-14 09:35:32.730336	\N
526	2	65	30	\N	VML_-_City_Service_Levy_(04-06)_Apr-Jun-25_-_GEPG_RECEIPT.pdf	uploads/documents/VML_-_City_Service_Levy_(04-06)_Apr-Jun-25_-_GEPG_RECEIPT.pdf	2025-11-14 09:35:46.849009	06	2025	15	0	2025-11-14 09:35:46.849009	\N
527	2	65	6	\N	VML_-_City_Service_Levy_(04-06)_Apr-Jun-25_-_PAYMENT_PROOF.pdf	uploads/documents/VML_-_City_Service_Levy_(04-06)_Apr-Jun-25_-_PAYMENT_PROOF.pdf	2025-11-14 09:36:09.149388	06	2025	15	0	2025-11-14 09:36:09.149388	\N
528	2	65	11	\N	VML_-_City_Service_Levy_(07-09)_Jul-Sep-25_-_ASSESSMENT_FORM.pdf	uploads/documents/VML_-_City_Service_Levy_(07-09)_Jul-Sep-25_-_ASSESSMENT_FORM.pdf	2025-11-14 09:37:03.177325	09	2025	15	0	2025-11-14 09:37:03.177325	\N
529	2	65	12	\N	VML_-_City_Service_Levy_(07-09)_Jul-Sep-25_-_CONTROL_FORM.pdf	uploads/documents/VML_-_City_Service_Levy_(07-09)_Jul-Sep-25_-_CONTROL_FORM.pdf	2025-11-14 09:37:09.276745	09	2025	15	0	2025-11-14 09:37:09.276745	\N
530	2	65	30	\N	VML_-_City_Service_Levy_(07-09)_Jul-Sep-25_-_GEPG_RECEIPT.pdf	uploads/documents/VML_-_City_Service_Levy_(07-09)_Jul-Sep-25_-_GEPG_RECEIPT.pdf	2025-11-14 09:37:13.161637	09	2025	15	0	2025-11-14 09:37:13.161637	\N
531	2	65	6	\N	VML_-_City_Service_Levy_(07-09)_Jul-Sep-25_-_PAYMENT_PROOF.pdf	uploads/documents/VML_-_City_Service_Levy_(07-09)_Jul-Sep-25_-_PAYMENT_PROOF.pdf	2025-11-14 09:37:18.234617	09	2025	15	0	2025-11-14 09:37:18.234617	\N
532	2	66	9	\N	VML_-_Estimated_Tax_Q1_2025_-_PAID_-_1_RETURN3.pdf	uploads/documents/VML_-_Estimated_Tax_Q1_2025_-_PAID_-_1_RETURN3.pdf	2025-11-14 09:48:07.493915	01	2025	15	0	2025-11-14 09:48:07.493915	\N
533	2	66	10	\N	VML_-_Estimated_Tax_Q1_2025_-_PAID_-_1_ACK3.pdf	uploads/documents/VML_-_Estimated_Tax_Q1_2025_-_PAID_-_1_ACK3.pdf	2025-11-14 09:48:24.495632	01	2025	15	0	2025-11-14 09:48:24.495632	\N
534	2	66	11	\N	VML_-_Estimated_Tax_Q1_2025_-_PAID_-_1_ASSESSMENT3.pdf	uploads/documents/VML_-_Estimated_Tax_Q1_2025_-_PAID_-_1_ASSESSMENT3.pdf	2025-11-14 09:48:32.854731	01	2025	15	0	2025-11-14 09:48:32.854731	\N
535	2	66	12	\N	VML_-_Estimated_Tax_Q1_2025_-_PAID_-_1_CONTROL_FORM1.pdf	uploads/documents/VML_-_Estimated_Tax_Q1_2025_-_PAID_-_1_CONTROL_FORM1.pdf	2025-11-14 09:48:44.66078	01	2025	15	0	2025-11-14 09:48:44.66078	\N
536	2	66	6	\N	VML_-_Estimated_Tax_Q1_2025_-_PAID_-_2_BANK_RECEIPT2.pdf	uploads/documents/VML_-_Estimated_Tax_Q1_2025_-_PAID_-_2_BANK_RECEIPT2.pdf	2025-11-14 09:49:04.173527	01	2025	15	0	2025-11-14 09:49:04.173527	\N
537	2	66	14	\N	VML_-_Estimated_Tax_Q1_2025_-_PAID_-_3_TRA_RECEIPT1.pdf	uploads/documents/VML_-_Estimated_Tax_Q1_2025_-_PAID_-_3_TRA_RECEIPT1.pdf	2025-11-14 09:49:22.664283	01	2025	15	0	2025-11-14 09:49:22.664283	\N
538	2	63	22	\N	WCF_(01)_Jan-2024_-_1_RECEIPT.pdf	uploads/documents/WCF_(01)_Jan-2024_-_1_RECEIPT.pdf	2025-11-14 10:36:28.832114	01	2024	15	0	2025-11-14 10:36:28.832114	\N
539	2	63	12	\N	WCF_(01)_Jan-2024_-_2_CONTROL_FORM.pdf	uploads/documents/WCF_(01)_Jan-2024_-_2_CONTROL_FORM.pdf	2025-11-14 10:36:45.997851	01	2024	15	0	2025-11-14 10:36:45.997851	\N
540	2	63	6	\N	WCF_(01)_Jan-2024_-_3_POP.pdf	uploads/documents/WCF_(01)_Jan-2024_-_3_POP.pdf	2025-11-14 10:36:56.413253	01	2024	15	0	2025-11-14 10:36:56.413253	\N
541	2	63	27	\N	WCF_(01)_Jan-2024_-_4_LIST_OF_EMPLOYEE.pdf	uploads/documents/WCF_(01)_Jan-2024_-_4_LIST_OF_EMPLOYEE.pdf	2025-11-14 10:37:04.098671	01	2024	15	0	2025-11-14 10:37:04.098671	\N
542	2	63	22	\N	WCF_(02)_Feb-2024_-_1_RECEIPT.pdf	uploads/documents/WCF_(02)_Feb-2024_-_1_RECEIPT.pdf	2025-11-14 10:37:24.664039	02	2024	15	0	2025-11-14 10:37:24.664039	\N
543	2	63	12	\N	WCF_(02)_Feb-2024_-_2_CONTROL_FORM.pdf	uploads/documents/WCF_(02)_Feb-2024_-_2_CONTROL_FORM.pdf	2025-11-14 10:37:28.831837	02	2024	15	0	2025-11-14 10:37:28.831837	\N
544	2	63	6	\N	WCF_(02)_Feb-2024_-_3_POP.pdf	uploads/documents/WCF_(02)_Feb-2024_-_3_POP.pdf	2025-11-14 10:37:41.888177	02	2024	15	0	2025-11-14 10:37:41.888177	\N
545	2	63	27	\N	WCF_(02)_Feb-2024_-_4_LIST_OF_EMPLOYEES.pdf	uploads/documents/WCF_(02)_Feb-2024_-_4_LIST_OF_EMPLOYEES.pdf	2025-11-14 10:37:46.368577	02	2024	15	0	2025-11-14 10:37:46.368577	\N
546	2	63	22	\N	WCF_(03)_Mar-2024_-_1_RECEIPT.pdf	uploads/documents/WCF_(03)_Mar-2024_-_1_RECEIPT.pdf	2025-11-14 10:38:22.226187	03	2024	15	0	2025-11-14 10:38:22.226187	\N
547	2	63	12	\N	WCF_(03)_Mar-2024_-_2_CONTROL_FORM.pdf	uploads/documents/WCF_(03)_Mar-2024_-_2_CONTROL_FORM.pdf	2025-11-14 10:38:27.046547	03	2024	15	0	2025-11-14 10:38:27.046547	\N
548	2	63	6	\N	WCF_(03)_Mar-2024_-_3_POP.pdf	uploads/documents/WCF_(03)_Mar-2024_-_3_POP.pdf	2025-11-14 10:38:34.489254	03	2024	15	0	2025-11-14 10:38:34.489254	\N
549	2	63	27	\N	WCF_(03)_Mar-2024_-_4_LIST_OF_EMPLOYEE.pdf	uploads/documents/WCF_(03)_Mar-2024_-_4_LIST_OF_EMPLOYEE.pdf	2025-11-14 10:38:42.756407	03	2024	15	0	2025-11-14 10:38:42.756407	\N
550	2	63	22	\N	WCF_(04)_Apr-2024_-_1_RECEIPT.pdf	uploads/documents/WCF_(04)_Apr-2024_-_1_RECEIPT.pdf	2025-11-14 10:39:06.855552	04	2024	15	0	2025-11-14 10:39:06.855552	\N
551	2	63	12	\N	WCF_(04)_Apr-2024_-_2_CONTROL_FORM.pdf	uploads/documents/WCF_(04)_Apr-2024_-_2_CONTROL_FORM.pdf	2025-11-14 10:39:10.589509	04	2024	15	0	2025-11-14 10:39:10.589509	\N
552	2	63	6	\N	WCF_(04)_Apr-2024_-_3_POP.pdf	uploads/documents/WCF_(04)_Apr-2024_-_3_POP.pdf	2025-11-14 10:39:14.68164	04	2024	15	0	2025-11-14 10:39:14.68164	\N
553	2	63	27	\N	WCF_(04)_Apr-2024_-_4_LIST_OF_EMPLOYEE.pdf	uploads/documents/WCF_(04)_Apr-2024_-_4_LIST_OF_EMPLOYEE.pdf	2025-11-14 10:39:19.187982	04	2024	15	0	2025-11-14 10:39:19.187982	\N
554	2	63	22	\N	WCF_(05)_May-2024_-_1_RECEIPT.pdf	uploads/documents/WCF_(05)_May-2024_-_1_RECEIPT.pdf	2025-11-14 10:39:46.003006	05	2024	15	0	2025-11-14 10:39:46.003006	\N
555	2	63	12	\N	WCF_(05)_May-2024_-_2_CONTROL_FORM.pdf	uploads/documents/WCF_(05)_May-2024_-_2_CONTROL_FORM.pdf	2025-11-14 10:39:50.262141	05	2024	15	0	2025-11-14 10:39:50.262141	\N
556	2	63	6	\N	WCF_(05)_May-2024_-_3_POP.pdf	uploads/documents/WCF_(05)_May-2024_-_3_POP.pdf	2025-11-14 10:40:01.034673	05	2024	15	0	2025-11-14 10:40:01.034673	\N
557	2	63	27	\N	WCF_(05)_May-2024_-_4_LIST_OF_EMPLOYEE.pdf	uploads/documents/WCF_(05)_May-2024_-_4_LIST_OF_EMPLOYEE.pdf	2025-11-14 10:40:08.040219	05	2024	15	0	2025-11-14 10:40:08.040219	\N
558	2	63	22	\N	WCF_(06)_June-2024_-_1_RECEIPT.pdf	uploads/documents/WCF_(06)_June-2024_-_1_RECEIPT.pdf	2025-11-14 10:40:29.504967	06	2024	15	0	2025-11-14 10:40:29.504967	\N
559	2	63	12	\N	WCF_(06)_June-2024_-_2_CONTROL_FORM.pdf	uploads/documents/WCF_(06)_June-2024_-_2_CONTROL_FORM.pdf	2025-11-14 10:40:34.569139	06	2024	15	0	2025-11-14 10:40:34.569139	\N
560	2	63	6	\N	WCF_(06)_June-2024_-_3_POP.pdf	uploads/documents/WCF_(06)_June-2024_-_3_POP.pdf	2025-11-14 10:40:41.60835	06	2024	15	0	2025-11-14 10:40:41.60835	\N
561	2	63	27	\N	WCF_(06)_June-2024_-_4_LIST_OF_EMPLOYEE.pdf	uploads/documents/WCF_(06)_June-2024_-_4_LIST_OF_EMPLOYEE.pdf	2025-11-14 10:40:54.785145	06	2024	15	0	2025-11-14 10:40:54.785145	\N
562	2	63	22	\N	WCF_(07)_July-2024_-_1_RECEIPT.pdf	uploads/documents/WCF_(07)_July-2024_-_1_RECEIPT.pdf	2025-11-14 10:41:21.638329	07	2024	15	0	2025-11-14 10:41:21.638329	\N
563	2	63	12	\N	WCF_(07)_July-2024_-_2_CONTROL_FORM.pdf	uploads/documents/WCF_(07)_July-2024_-_2_CONTROL_FORM.pdf	2025-11-14 10:41:25.367314	07	2024	15	0	2025-11-14 10:41:25.367314	\N
564	2	63	6	\N	WCF_(07)_July-2024_-_3_POP.pdf	uploads/documents/WCF_(07)_July-2024_-_3_POP.pdf	2025-11-14 10:41:31.321929	07	2024	15	0	2025-11-14 10:41:31.321929	\N
565	2	63	27	\N	WCF_(07)_July-2024_-_4_LIST_OF_EMPLOYEE.pdf	uploads/documents/WCF_(07)_July-2024_-_4_LIST_OF_EMPLOYEE.pdf	2025-11-14 10:41:39.306082	07	2024	15	0	2025-11-14 10:41:39.306082	\N
566	2	63	22	\N	WCF_(08)_Aug-2024_-_1_RECEIPT.pdf	uploads/documents/WCF_(08)_Aug-2024_-_1_RECEIPT.pdf	2025-11-14 10:42:08.310544	08	2024	15	0	2025-11-14 10:42:08.310544	\N
567	2	63	12	\N	WCF_(08)_Aug-2024_-_2_CONTROL_FORM.pdf	uploads/documents/WCF_(08)_Aug-2024_-_2_CONTROL_FORM.pdf	2025-11-14 10:42:12.704358	08	2024	15	0	2025-11-14 10:42:12.704358	\N
568	2	63	6	\N	WCF_(07)_July-2024_-_3_POP1.pdf	uploads/documents/WCF_(07)_July-2024_-_3_POP1.pdf	2025-11-14 10:42:35.484602	08	2024	15	0	2025-11-14 10:42:35.484602	\N
569	2	63	27	\N	WCF_(07)_July-2024_-_4_LIST_OF_EMPLOYEE1.pdf	uploads/documents/WCF_(07)_July-2024_-_4_LIST_OF_EMPLOYEE1.pdf	2025-11-14 10:42:41.654666	08	2024	15	0	2025-11-14 10:42:41.654666	\N
570	2	63	22	\N	WCF_(09)_Sep-2024_-_1_RECEIPT.pdf	uploads/documents/WCF_(09)_Sep-2024_-_1_RECEIPT.pdf	2025-11-14 10:43:23.600444	09	2024	15	0	2025-11-14 10:43:23.600444	\N
571	2	63	12	\N	WCF_(09)_Sep-2024_-_2_CONTROL_FORM.pdf	uploads/documents/WCF_(09)_Sep-2024_-_2_CONTROL_FORM.pdf	2025-11-14 10:43:28.565387	09	2024	15	0	2025-11-14 10:43:28.565387	\N
572	2	63	6	\N	WCF_(09)_Sep-2024_-_3_POP.pdf	uploads/documents/WCF_(09)_Sep-2024_-_3_POP.pdf	2025-11-14 10:43:34.696979	09	2024	15	0	2025-11-14 10:43:34.696979	\N
573	2	63	27	\N	WCF_(09)_Sep-2024_-_4_LIST_OF_EMPLOYEE.pdf	uploads/documents/WCF_(09)_Sep-2024_-_4_LIST_OF_EMPLOYEE.pdf	2025-11-14 10:43:40.22153	09	2024	15	0	2025-11-14 10:43:40.22153	\N
574	2	63	22	\N	WCF_(10)_Oct-2024_-_1_RECEIPT.pdf	uploads/documents/WCF_(10)_Oct-2024_-_1_RECEIPT.pdf	2025-11-14 10:44:24.88883	10	2024	15	0	2025-11-14 10:44:24.88883	\N
575	2	63	12	\N	WCF_(10)_Oct-2024_-_2_CONTROL_FORM.pdf	uploads/documents/WCF_(10)_Oct-2024_-_2_CONTROL_FORM.pdf	2025-11-14 10:44:30.582266	10	2024	15	0	2025-11-14 10:44:30.582266	\N
576	2	63	6	\N	WCF_(10)_Oct-2024_-_3_POP.pdf	uploads/documents/WCF_(10)_Oct-2024_-_3_POP.pdf	2025-11-14 10:44:58.481961	10	2024	15	0	2025-11-14 10:44:58.481961	\N
577	2	63	27	\N	WCF_(10)_Oct-2024_-_4_LIST_OF_EMPLOYEE.pdf	uploads/documents/WCF_(10)_Oct-2024_-_4_LIST_OF_EMPLOYEE.pdf	2025-11-14 10:45:19.696777	10	2024	15	0	2025-11-14 10:45:19.696777	\N
578	2	63	27	\N	WCF_(11)_Nov-2024_-_4_LIST_OF_EMPLOYEE.pdf	uploads/documents/WCF_(11)_Nov-2024_-_4_LIST_OF_EMPLOYEE.pdf	2025-11-14 10:46:48.228289	11	2024	15	0	2025-11-14 10:46:48.228289	\N
579	2	63	6	\N	WCF_(11)_Nov-2024_-_3_POP.pdf	uploads/documents/WCF_(11)_Nov-2024_-_3_POP.pdf	2025-11-14 10:46:54.51204	11	2024	15	0	2025-11-14 10:46:54.51204	\N
580	2	63	12	\N	WCF_(11)_Nov-2024_-_2_CONTROL_FORM.pdf	uploads/documents/WCF_(11)_Nov-2024_-_2_CONTROL_FORM.pdf	2025-11-14 10:46:58.669944	11	2024	15	0	2025-11-14 10:46:58.669944	\N
581	2	63	22	\N	WCF_(11)_Nov-2024_-_1_RECEIPT.pdf	uploads/documents/WCF_(11)_Nov-2024_-_1_RECEIPT.pdf	2025-11-14 10:47:05.924748	11	2024	15	0	2025-11-14 10:47:05.924748	\N
639	2	59	19	\N	VML_-_VAT_Return_03_2024_-_4_SALES_(OUTPUT)_SUMMARY.pdf	uploads/documents/VML_-_VAT_Return_03_2024_-_4_SALES_(OUTPUT)_SUMMARY.pdf	2025-11-17 12:24:10.394229	03	2024	13	0	2025-11-17 12:24:10.394229	\N
652	2	53	14	\N	PAYE_01-JAN-24_-_6_TRA_RECEIPT.pdf	uploads/documents/PAYE_01-JAN-24_-_6_TRA_RECEIPT.pdf	2025-11-17 12:41:02.220632	01	2024	13	0	2025-11-17 12:41:02.220632	\N
664	2	53	12	\N	PAYE_02-FEB-24_-_4_CONTROL_FORM.pdf	uploads/documents/PAYE_02-FEB-24_-_4_CONTROL_FORM.pdf	2025-11-17 12:44:29.929736	02	2024	13	0	2025-11-17 12:44:29.929736	\N
676	2	53	15	\N	PAYE_03-MAR-24_-_4_CONTROL_FORM.pdf	uploads/documents/PAYE_03-MAR-24_-_4_CONTROL_FORM.pdf	2025-11-17 12:49:34.428233	03	2024	13	0	2025-11-17 12:49:34.428233	\N
688	2	53	11	\N	PAYE_04-APR-24_-_3_ASSESSMENT.pdf	uploads/documents/PAYE_04-APR-24_-_3_ASSESSMENT.pdf	2025-11-17 13:07:31.460111	04	2024	13	0	2025-11-17 13:07:31.460111	\N
710	2	60	15	\N	VML_-_NSSF_(03)_Mar_2024_-_4_PAYROLL_AS_PER_VML.pdf	uploads/documents/VML_-_NSSF_(03)_Mar_2024_-_4_PAYROLL_AS_PER_VML.pdf	2025-11-17 13:58:44.366347	03	2024	13	0	2025-11-17 13:58:44.366347	\N
722	2	60	15	\N	VML_-_NSSF_(06)_June_2024_-4_PAYROLL_AS_PER_VML.pdf	uploads/documents/VML_-_NSSF_(06)_June_2024_-4_PAYROLL_AS_PER_VML.pdf	2025-11-17 14:00:50.841763	06	2024	13	0	2025-11-17 14:00:50.841763	\N
734	2	60	15	\N	VML_-_NSSF_(09)_Sep_2024_-4_PAYROLL_AS_PER_VML.pdf	uploads/documents/VML_-_NSSF_(09)_Sep_2024_-4_PAYROLL_AS_PER_VML.pdf	2025-11-17 14:04:31.179169	09	2024	13	0	2025-11-17 14:04:31.179169	\N
754	2	64	29	\N	HESLB_Payment_for_03-Mar-2024_-4_PAYROLL_AS_PE_HESLB.pdf	uploads/documents/HESLB_Payment_for_03-Mar-2024_-4_PAYROLL_AS_PE_HESLB.pdf	2025-11-17 16:03:16.660944	03	2024	13	0	2025-11-17 16:03:16.660944	\N
766	2	64	28	\N	HESLB_Payment_for_07-July-2024_-4_PAYROLL_AS_PER_VML.pdf	uploads/documents/HESLB_Payment_for_07-July-2024_-4_PAYROLL_AS_PER_VML.pdf	2025-11-17 16:06:45.949131	06	2024	13	1	2025-11-17 16:06:45.949131	2025-11-17 16:08:47
790	2	64	23	\N	HESLB_Payment_for_10-Oct-2024_-1_RECEIPT.pdf	uploads/documents/HESLB_Payment_for_10-Oct-2024_-1_RECEIPT.pdf	2025-11-18 09:32:56.90987	10	2024	13	0	2025-11-18 09:32:56.90987	\N
811	2	65	6	\N	VML_-_City_Service_Levy_(07-09)_Jul-Sep-24-3_POP.pdf	uploads/documents/VML_-_City_Service_Levy_(07-09)_Jul-Sep-24-3_POP.pdf	2025-11-18 10:17:25.359858	09	2024	13	0	2025-11-18 10:17:25.359858	\N
\.


--
-- Data for Name: uploaded_documentsa; Type: TABLE DATA; Schema: public; Owner: postgres
--

COPY public.uploaded_documentsa (id, company_id, type_id, document_id, document_name, file_path, uploaded_at, document_month, document_year, file_name) FROM stdin;
61	2	44	2	\N	uploads/documents/zoho-projects-plan-comparison1.pdf	2025-09-06 19:24:28.621844	\N	\N	zoho-projects-plan-comparison1.pdf
62	2	44	2	\N	uploads/documents/zoho-projects-plan-comparison.pdf	2025-09-06 19:28:21.080935	\N	\N	zoho-projects-plan-comparison.pdf
\.


--
-- Data for Name: user_priviledges; Type: TABLE DATA; Schema: public; Owner: postgres
--

COPY public.user_priviledges (p_id, role_id, view, edit) FROM stdin;
1	21	Dashboard,Users,user_projects,sensors	Dashboard,Users,user_projects,sensors
5	19	Dashboard,user_projects	Users
6		authority	authority
7	1	authority,type_master,role_master,company_creation,email_templates,smtp,user_access	,authority,type_master,role_master,company_creation,user_access,smtp,email_templates
8	2	authority,role_master,user_access,email_templates	,type_master,company_creation,smtp
9	3	,company_creation,smtp	\N
\.



--
-- Name: authority authority_pkey; Type: CONSTRAINT; Schema: public; Owner: postgres
--

ALTER TABLE ONLY public.authority
    ADD CONSTRAINT authority_pkey PRIMARY KEY (id);


--
-- Name: company_files company_files_pkey; Type: CONSTRAINT; Schema: public; Owner: postgres
--

ALTER TABLE ONLY public.company_files
    ADD CONSTRAINT company_files_pkey PRIMARY KEY (id);


--
-- Name: company company_pkey; Type: CONSTRAINT; Schema: public; Owner: postgres
--

ALTER TABLE ONLY public.company
    ADD CONSTRAINT company_pkey PRIMARY KEY (id);


--
-- Name: document_groups document_groups_pkey; Type: CONSTRAINT; Schema: public; Owner: postgres
--

ALTER TABLE ONLY public.document_groups
    ADD CONSTRAINT document_groups_pkey PRIMARY KEY (id);


--
-- Name: documents documents_pkey; Type: CONSTRAINT; Schema: public; Owner: postgres
--

ALTER TABLE ONLY public.documents
    ADD CONSTRAINT documents_pkey PRIMARY KEY (id);


--
-- Name: email_templates email_templates_pkey; Type: CONSTRAINT; Schema: public; Owner: postgres
--

ALTER TABLE ONLY public.email_templates
    ADD CONSTRAINT email_templates_pkey PRIMARY KEY (id);


--
-- Name: holidays holidays_pkey; Type: CONSTRAINT; Schema: public; Owner: postgres
--

ALTER TABLE ONLY public.holidays
    ADD CONSTRAINT holidays_pkey PRIMARY KEY (id);


--
-- Name: log_table log_table_pkey; Type: CONSTRAINT; Schema: public; Owner: postgres
--

ALTER TABLE ONLY public.log_table
    ADD CONSTRAINT log_table_pkey PRIMARY KEY (id);


--
-- Name: mandatory_documentsa mandatory_documents_pkey; Type: CONSTRAINT; Schema: public; Owner: postgres
--

ALTER TABLE ONLY public.mandatory_documentsa
    ADD CONSTRAINT mandatory_documents_pkey PRIMARY KEY (id);


--
-- Name: mandatory_documents mandatory_documents_pkey1; Type: CONSTRAINT; Schema: public; Owner: postgres
--

ALTER TABLE ONLY public.mandatory_documents
    ADD CONSTRAINT mandatory_documents_pkey1 PRIMARY KEY (id);


--
-- Name: role role_pkey; Type: CONSTRAINT; Schema: public; Owner: postgres
--

ALTER TABLE ONLY public.role
    ADD CONSTRAINT role_pkey PRIMARY KEY (id);


--
-- Name: sub_type sub_type_pkey; Type: CONSTRAINT; Schema: public; Owner: postgres
--

ALTER TABLE ONLY public.sub_type
    ADD CONSTRAINT sub_type_pkey PRIMARY KEY (id);


--
-- Name: uploaded_documentsa uploaded_documents_pkey; Type: CONSTRAINT; Schema: public; Owner: postgres
--

ALTER TABLE ONLY public.uploaded_documentsa
    ADD CONSTRAINT uploaded_documents_pkey PRIMARY KEY (id);


--
-- Name: uploaded_documents uploaded_documents_pkey1; Type: CONSTRAINT; Schema: public; Owner: postgres
--

ALTER TABLE ONLY public.uploaded_documents
    ADD CONSTRAINT uploaded_documents_pkey1 PRIMARY KEY (id);


--
-- Name: user_priviledges user_priviledges_pkey; Type: CONSTRAINT; Schema: public; Owner: postgres
--

ALTER TABLE ONLY public.user_priviledges
    ADD CONSTRAINT user_priviledges_pkey PRIMARY KEY (p_id);


--
-- Name: mandatory_documents fk_mandatory_document; Type: FK CONSTRAINT; Schema: public; Owner: postgres
--

ALTER TABLE ONLY public.mandatory_documents
    ADD CONSTRAINT fk_mandatory_document FOREIGN KEY (document_id) REFERENCES public.documents(id) ON DELETE CASCADE;


--
-- Name: uploaded_documents fk_uploaded_document; Type: FK CONSTRAINT; Schema: public; Owner: postgres
--

ALTER TABLE ONLY public.uploaded_documents
    ADD CONSTRAINT fk_uploaded_document FOREIGN KEY (document_id) REFERENCES public.documents(id) ON DELETE CASCADE;


--
--

